45.12.221.42 - - [28/Aug/2026:08:43:30 -0500] "GET /wp-includes/js/jquery/ui/mouse.min.js?ver=1.14.2 HTTP/2.0" 200 1166 "https://www.nixgraphix.co.za/wp-admin/" "Mozilla/5.0 (Windows NT 10.0; Win64; x64) AppleWebKit/537.36 (KHTML, like Gecko) Chrome/149.0.0.0 Safari/537.36" www.nixgraphix.co.za 10.54.160.14
45.12.221.42 - - [28/Aug/2026:08:43:30 -0500] "GET /wp-includes/js/dist/preferences.min.js?ver=5a169e3fc0e657f74172 HTTP/2.0" 200 3512 "https://www.nixgraphix.co.za/wp-admin/" "Mozilla/5.0 (Windows NT 10.0; Win64; x64) AppleWebKit/537.36 (KHTML, like Gecko) Chrome/149.0.0.0 Safari/537.36" www.nixgraphix.co.za 10.54.160.14
45.12.221.42 - - [28/Aug/2026:08:43:30 -0500] "GET /wp-includes/js/dist/data.min.js?ver=14a216e0932d72c22976 HTTP/2.0" 200 11154 "https://www.nixgraphix.co.za/wp-admin/" "Mozilla/5.0 (Windows NT 10.0; Win64; x64) AppleWebKit/537.36 (KHTML, like Gecko) Chrome/149.0.0.0 Safari/537.36" www.nixgraphix.co.za 10.54.160.14
50.87.144.109 - - [28/Aug/2026:08:43:31 -0500] "POST /wp-cron.php?doing_wp_cron=1787924611.1287450790405273437500 HTTP/1.1" 200 - "-" "WordPress/7.1; https://www.nixgraphix.co.za" www.nixgraphix.co.za 10.54.160.14
45.12.221.42 - - [28/Aug/2026:08:43:30 -0500] "POST /xmlrpc.php HTTP/1.1" 200 131 "https://nixgraphix.co.za/" "Mozilla/5.0 (Windows NT 10.0; Win64; x64) AppleWebKit/537.36 (KHTML, like Gecko) Chrome/122.0.0.0 Safari/537.36" nixgraphix.co.za 10.54.160.14
74.7.241.55 - - [28/Aug/2026:08:43:30 -0500] "GET /pin/d389bb1921431 HTTP/2.0" 404 20434 "https://www.nixgraphix.co.za/sitemap.xml" "Mozilla/5.0 AppleWebKit/537.36 (KHTML, like Gecko; compatible; GPTBot/1.4; +https://openai.com/gptbot)" www.nixgraphix.co.za 10.54.160.14
45.12.221.42 - - [28/Aug/2026:08:43:30 -0500] "GET /wp-includes/js/dist/block-editor.min.js?ver=d3cbb2c45b145b27a5cf HTTP/2.0" 200 577782 "https://www.nixgraphix.co.za/wp-admin/" "Mozilla/5.0 (Windows NT 10.0; Win64; x64) AppleWebKit/537.36 (KHTML, like Gecko) Chrome/149.0.0.0 Safari/537.36" www.nixgraphix.co.za 10.54.160.14
45.12.221.42 - - [28/Aug/2026:08:43:31 -0500] "GET /wp-includes/js/wp-tooltip.js?ver=7.1 HTTP/2.0" 200 694 "https://www.nixgraphix.co.za/wp-admin/" "Mozilla/5.0 (Windows NT 10.0; Win64; x64) AppleWebKit/537.36 (KHTML, like Gecko) Chrome/149.0.0.0 Safari/537.36" www.nixgraphix.co.za 10.54.160.14
45.12.221.42 - - [28/Aug/2026:08:43:31 -0500] "GET /wp-includes/js/dist/core-commands.min.js?ver=426a33508599b7f31db3 HTTP/2.0" 200 5156 "https://www.nixgraphix.co.za/wp-admin/" "Mozilla/5.0 (Windows NT 10.0; Win64; x64) AppleWebKit/537.36 (KHTML, like Gecko) Chrome/149.0.0.0 Safari/537.36" www.nixgraphix.co.za 10.54.160.14
45.12.221.42 - - [28/Aug/2026:08:43:31 -0500] "GET /wp-admin/js/dashboard.min.js?ver=7.1 HTTP/2.0" 200 3398 "https://www.nixgraphix.co.za/wp-admin/" "Mozilla/5.0 (Windows NT 10.0; Win64; x64) AppleWebKit/537.36 (KHTML, like Gecko) Chrome/149.0.0.0 Safari/537.36" www.nixgraphix.co.za 10.54.160.14
45.12.221.42 - - [28/Aug/2026:08:43:31 -0500] "GET /wp-admin/js/postbox.min.js?ver=7.1 HTTP/2.0" 200 2616 "https://www.nixgraphix.co.za/wp-admin/" "Mozilla/5.0 (Windows NT 10.0; Win64; x64) AppleWebKit/537.36 (KHTML, like Gecko) Chrome/149.0.0.0 Safari/537.36" www.nixgraphix.co.za 10.54.160.14
45.12.221.42 - - [28/Aug/2026:08:43:31 -0500] "GET /wp-includes/js/dist/vendor/moment.min.js?ver=2.30.1 HTTP/2.0" 200 22553 "https://www.nixgraphix.co.za/wp-admin/" "Mozilla/5.0 (Windows NT 10.0; Win64; x64) AppleWebKit/537.36 (KHTML, like Gecko) Chrome/149.0.0.0 Safari/537.36" www.nixgraphix.co.za 10.54.160.14
45.12.221.42 - - [28/Aug/2026:08:43:31 -0500] "GET /wp-includes/js/dist/date.min.js?ver=8173fc0fc12b7bb7eaf0 HTTP/2.0" 200 31236 "https://www.nixgraphix.co.za/wp-admin/" "Mozilla/5.0 (Windows NT 10.0; Win64; x64) AppleWebKit/537.36 (KHTML, like Gecko) Chrome/149.0.0.0 Safari/537.36" www.nixgraphix.co.za 10.54.160.14
74.7.241.55 - - [28/Aug/2026:08:43:31 -0500] "GET /pin/edf9095226008 HTTP/2.0" 404 20434 "https://www.nixgraphix.co.za/sitemap.xml" "Mozilla/5.0 AppleWebKit/537.36 (KHTML, like Gecko; compatible; GPTBot/1.4; +https://openai.com/gptbot)" www.nixgraphix.co.za 10.54.160.14
74.7.241.55 - - [28/Aug/2026:08:43:32 -0500] "GET /pin/cb2f834837864 HTTP/2.0" 404 20434 "https://www.nixgraphix.co.za/sitemap.xml" "Mozilla/5.0 AppleWebKit/537.36 (KHTML, like Gecko; compatible; GPTBot/1.4; +https://openai.com/gptbot)" www.nixgraphix.co.za 10.54.160.14
74.7.241.55 - - [28/Aug/2026:08:43:32 -0500] "GET /pin/9aec513556310 HTTP/2.0" 404 20434 "https://www.nixgraphix.co.za/sitemap.xml" "Mozilla/5.0 AppleWebKit/537.36 (KHTML, like Gecko; compatible; GPTBot/1.4; +https://openai.com/gptbot)" www.nixgraphix.co.za 10.54.160.14
45.12.221.42 - - [28/Aug/2026:08:43:33 -0500] "GET /wp-includes/js/dist/shortcode.min.js?ver=f6273476300cc5fad4cd HTTP/2.0" 200 1634 "https://www.nixgraphix.co.za/wp-admin/" "Mozilla/5.0 (Windows NT 10.0; Win64; x64) AppleWebKit/537.36 (KHTML, like Gecko) Chrome/149.0.0.0 Safari/537.36" www.nixgraphix.co.za 10.54.160.14
45.12.221.42 - - [28/Aug/2026:08:43:33 -0500] "GET /wp-includes/js/dist/deprecated.min.js?ver=fe587bac92b7d0ef760e HTTP/2.0" 200 769 "https://www.nixgraphix.co.za/wp-admin/" "Mozilla/5.0 (Windows NT 10.0; Win64; x64) AppleWebKit/537.36 (KHTML, like Gecko) Chrome/149.0.0.0 Safari/537.36" www.nixgraphix.co.za 10.54.160.14
45.12.221.42 - - [28/Aug/2026:08:43:33 -0500] "GET /wp-includes/js/dist/rich-text.min.js?ver=3e5852e42cee1c239bae HTTP/2.0" 200 17926 "https://www.nixgraphix.co.za/wp-admin/" "Mozilla/5.0 (Windows NT 10.0; Win64; x64) AppleWebKit/537.36 (KHTML, like Gecko) Chrome/149.0.0.0 Safari/537.36" www.nixgraphix.co.za 10.54.160.14
45.12.221.42 - - [28/Aug/2026:08:43:33 -0500] "GET /wp-includes/js/thickbox/thickbox.js?ver=3.1-20121105 HTTP/2.0" 200 4932 "https://www.nixgraphix.co.za/wp-admin/" "Mozilla/5.0 (Windows NT 10.0; Win64; x64) AppleWebKit/537.36 (KHTML, like Gecko) Chrome/149.0.0.0 Safari/537.36" www.nixgraphix.co.za 10.54.160.14
45.12.221.42 - - [28/Aug/2026:08:43:33 -0500] "GET /wp-includes/js/dist/components.min.js?ver=9b751f17060211272a5c HTTP/2.0" 200 351194 "https://www.nixgraphix.co.za/wp-admin/" "Mozilla/5.0 (Windows NT 10.0; Win64; x64) AppleWebKit/537.36 (KHTML, like Gecko) Chrome/149.0.0.0 Safari/537.36" www.nixgraphix.co.za 10.54.160.14
45.12.221.42 - - [28/Aug/2026:08:43:33 -0500] "POST /xmlrpc.php HTTP/1.1" 200 5463 "https://nixgraphix.co.za/" "Mozilla/5.0 (Windows NT 10.0; Win64; x64) AppleWebKit/537.36 (KHTML, like Gecko) Chrome/122.0.0.0 Safari/537.36" nixgraphix.co.za 10.54.160.14
45.12.221.42 - - [28/Aug/2026:08:43:33 -0500] "GET /wp-includes/js/dist/vendor/react-jsx-runtime.min.js?ver=18.3.1 HTTP/2.0" 200 665 "https://www.nixgraphix.co.za/wp-admin/" "Mozilla/5.0 (Windows NT 10.0; Win64; x64) AppleWebKit/537.36 (KHTML, like Gecko) Chrome/149.0.0.0 Safari/537.36" www.nixgraphix.co.za 10.54.160.14
45.12.221.42 - - [28/Aug/2026:08:43:33 -0500] "GET /wp-includes/js/dist/theme.min.js?ver=56a75cc08ae66c1fcb7a HTTP/2.0" 200 26424 "https://www.nixgraphix.co.za/wp-admin/" "Mozilla/5.0 (Windows NT 10.0; Win64; x64) AppleWebKit/537.36 (KHTML, like Gecko) Chrome/149.0.0.0 Safari/537.36" www.nixgraphix.co.za 10.54.160.14
74.7.241.55 - - [28/Aug/2026:08:43:33 -0500] "GET /pin/d70e7c5520379 HTTP/2.0" 404 20434 "https://www.nixgraphix.co.za/sitemap.xml" "Mozilla/5.0 AppleWebKit/537.36 (KHTML, like Gecko; compatible; GPTBot/1.4; +https://openai.com/gptbot)" www.nixgraphix.co.za 10.54.160.14
45.12.221.42 - - [28/Aug/2026:08:43:34 -0500] "GET /wp-content/plugins/wp-file-manager/images/wp_file_manager.svg HTTP/2.0" 200 2648 "https://www.nixgraphix.co.za/wp-admin/" "Mozilla/5.0 (Windows NT 10.0; Win64; x64) AppleWebKit/537.36 (KHTML, like Gecko) Chrome/149.0.0.0 Safari/537.36" www.nixgraphix.co.za 10.54.160.14
45.12.221.42 - - [28/Aug/2026:08:43:34 -0500] "GET /wp-includes/js/dist/autop.min.js?ver=4e10a18cb6f21a043fc0 HTTP/2.0" 200 2371 "https://www.nixgraphix.co.za/wp-admin/" "Mozilla/5.0 (Windows NT 10.0; Win64; x64) AppleWebKit/537.36 (KHTML, like Gecko) Chrome/149.0.0.0 Safari/537.36" www.nixgraphix.co.za 10.54.160.14
74.7.241.55 - - [28/Aug/2026:08:43:33 -0500] "GET /pin/ccf3272341752 HTTP/2.0" 404 20434 "https://www.nixgraphix.co.za/sitemap.xml" "Mozilla/5.0 AppleWebKit/537.36 (KHTML, like Gecko; compatible; GPTBot/1.4; +https://openai.com/gptbot)" www.nixgraphix.co.za 10.54.160.14
192.178.4.130 - - [28/Aug/2026:08:43:34 -0500] "GET /pin/d34c0b5145682 HTTP/1.1" 200 40698 "-" "Mozilla/5.0 (Linux; Android 6.0.1; Nexus 5X Build/MMB29P) AppleWebKit/537.36 (KHTML, like Gecko) Chrome/151.0.7922.173 Mobile Safari/537.36 (compatible; GoogleOther)" www.nixgraphix.co.za 10.54.160.14
74.7.241.55 - - [28/Aug/2026:08:43:34 -0500] "GET /pin/a1af185470715 HTTP/2.0" 404 20434 "https://www.nixgraphix.co.za/sitemap.xml" "Mozilla/5.0 AppleWebKit/537.36 (KHTML, like Gecko; compatible; GPTBot/1.4; +https://openai.com/gptbot)" www.nixgraphix.co.za 10.54.160.14
74.7.241.55 - - [28/Aug/2026:08:43:34 -0500] "GET /pin/f300da1339377 HTTP/2.0" 404 20434 "https://www.nixgraphix.co.za/sitemap.xml" "Mozilla/5.0 AppleWebKit/537.36 (KHTML, like Gecko; compatible; GPTBot/1.4; +https://openai.com/gptbot)" www.nixgraphix.co.za 10.54.160.14
45.12.221.42 - - [28/Aug/2026:08:43:35 -0500] "GET /wp-json/wp/v2/users/me?context=edit&_locale=user HTTP/2.0" 200 864 "https://www.nixgraphix.co.za/wp-admin/" "Mozilla/5.0 (Windows NT 10.0; Win64; x64) AppleWebKit/537.36 (KHTML, like Gecko) Chrome/149.0.0.0 Safari/537.36" www.nixgraphix.co.za 10.54.160.14
74.7.241.55 - - [28/Aug/2026:08:43:35 -0500] "GET /pin/bb25f74009075 HTTP/2.0" 404 20434 "https://www.nixgraphix.co.za/sitemap.xml" "Mozilla/5.0 AppleWebKit/537.36 (KHTML, like Gecko; compatible; GPTBot/1.4; +https://openai.com/gptbot)" www.nixgraphix.co.za 10.54.160.14
74.7.241.55 - - [28/Aug/2026:08:43:36 -0500] "GET /pin/74cdb34457405 HTTP/2.0" 404 20434 "https://www.nixgraphix.co.za/sitemap.xml" "Mozilla/5.0 AppleWebKit/537.36 (KHTML, like Gecko; compatible; GPTBot/1.4; +https://openai.com/gptbot)" www.nixgraphix.co.za 10.54.160.14
45.12.221.42 - - [28/Aug/2026:08:43:36 -0500] "GET /wp-includes/js/thickbox/loadingAnimation.gif HTTP/2.0" 200 15238 "https://www.nixgraphix.co.za/wp-admin/" "Mozilla/5.0 (Windows NT 10.0; Win64; x64) AppleWebKit/537.36 (KHTML, like Gecko) Chrome/149.0.0.0 Safari/537.36" www.nixgraphix.co.za 10.54.160.14
45.12.221.42 - - [28/Aug/2026:08:43:36 -0500] "GET /wp-includes/js/wp-emoji-release.min.js?ver=7.1 HTTP/2.0" 200 5658 "https://www.nixgraphix.co.za/wp-admin/" "Mozilla/5.0 (Windows NT 10.0; Win64; x64) AppleWebKit/537.36 (KHTML, like Gecko) Chrome/149.0.0.0 Safari/537.36" www.nixgraphix.co.za 10.54.160.14
45.12.221.42 - - [28/Aug/2026:08:43:36 -0500] "GET /favicon.ico HTTP/2.0" 302 - "https://www.nixgraphix.co.za/wp-admin/" "Mozilla/5.0 (Windows NT 10.0; Win64; x64) AppleWebKit/537.36 (KHTML, like Gecko) Chrome/149.0.0.0 Safari/537.36" www.nixgraphix.co.za 10.54.160.14
45.12.221.42 - - [28/Aug/2026:08:43:36 -0500] "GET /wp-json/elementor-hello-elementor/v1/admin-settings?_locale=user HTTP/2.0" 200 421 "https://www.nixgraphix.co.za/wp-admin/" "Mozilla/5.0 (Windows NT 10.0; Win64; x64) AppleWebKit/537.36 (KHTML, like Gecko) Chrome/149.0.0.0 Safari/537.36" www.nixgraphix.co.za 10.54.160.14
45.12.221.42 - - [28/Aug/2026:08:43:36 -0500] "POST /wp-admin/admin-ajax.php HTTP/2.0" 200 555 "https://www.nixgraphix.co.za/wp-admin/" "Mozilla/5.0 (Windows NT 10.0; Win64; x64) AppleWebKit/537.36 (KHTML, like Gecko) Chrome/149.0.0.0 Safari/537.36" www.nixgraphix.co.za 10.54.160.14
74.7.241.55 - - [28/Aug/2026:08:43:36 -0500] "GET /pin/72aa5d5560702 HTTP/2.0" 404 20434 "https://www.nixgraphix.co.za/sitemap.xml" "Mozilla/5.0 AppleWebKit/537.36 (KHTML, like Gecko; compatible; GPTBot/1.4; +https://openai.com/gptbot)" www.nixgraphix.co.za 10.54.160.14
45.12.221.42 - - [28/Aug/2026:08:43:37 -0500] "GET /wp-includes/images/w-logo-gray-white-bg.png HTTP/2.0" 200 3241 "https://www.nixgraphix.co.za/wp-admin/" "Mozilla/5.0 (Windows NT 10.0; Win64; x64) AppleWebKit/537.36 (KHTML, like Gecko) Chrome/149.0.0.0 Safari/537.36" www.nixgraphix.co.za 10.54.160.14
45.12.221.42 - - [28/Aug/2026:08:43:37 -0500] "GET /wp-content/themes/hello-elementor/assets/images/install-elementor.png HTTP/2.0" 200 223712 "https://www.nixgraphix.co.za/wp-admin/" "Mozilla/5.0 (Windows NT 10.0; Win64; x64) AppleWebKit/537.36 (KHTML, like Gecko) Chrome/149.0.0.0 Safari/537.36" www.nixgraphix.co.za 10.54.160.14
74.7.241.55 - - [28/Aug/2026:08:43:37 -0500] "GET /pin/e24e2b3103462 HTTP/2.0" 404 20434 "https://www.nixgraphix.co.za/sitemap.xml" "Mozilla/5.0 AppleWebKit/537.36 (KHTML, like Gecko; compatible; GPTBot/1.4; +https://openai.com/gptbot)" www.nixgraphix.co.za 10.54.160.14
74.7.241.55 - - [28/Aug/2026:08:43:37 -0500] "GET /pin/02e7bb3720088 HTTP/2.0" 404 20434 "https://www.nixgraphix.co.za/sitemap.xml" "Mozilla/5.0 AppleWebKit/537.36 (KHTML, like Gecko; compatible; GPTBot/1.4; +https://openai.com/gptbot)" www.nixgraphix.co.za 10.54.160.14
74.7.241.55 - - [28/Aug/2026:08:43:38 -0500] "GET /pin/5b5f7e3432335 HTTP/2.0" 404 20434 "https://www.nixgraphix.co.za/sitemap.xml" "Mozilla/5.0 AppleWebKit/537.36 (KHTML, like Gecko; compatible; GPTBot/1.4; +https://openai.com/gptbot)" www.nixgraphix.co.za 10.54.160.14
45.12.221.42 - - [28/Aug/2026:08:43:39 -0500] "GET /?sc_3bbc34=1 HTTP/2.0" 200 50512 "https://www.nixgraphix.co.za/?sc_3bbc34=1" "Mozilla/5.0 (Windows NT 10.0; Win64; x64) AppleWebKit/537.36 (KHTML, like Gecko) Chrome/93.0.4577.82 Safari/537.36" www.nixgraphix.co.za 10.54.160.14
74.7.241.55 - - [28/Aug/2026:08:43:38 -0500] "GET /pin/bb81e65070870 HTTP/2.0" 404 20434 "https://www.nixgraphix.co.za/sitemap.xml" "Mozilla/5.0 AppleWebKit/537.36 (KHTML, like Gecko; compatible; GPTBot/1.4; +https://openai.com/gptbot)" www.nixgraphix.co.za 10.54.160.14
192.178.4.130 - - [28/Aug/2026:08:43:39 -0500] "GET /pin/d281761486932 HTTP/1.1" 200 46278 "-" "Mozilla/5.0 (Linux; Android 6.0.1; Nexus 5X Build/MMB29P) AppleWebKit/537.36 (KHTML, like Gecko) Chrome/151.0.7922.173 Mobile Safari/537.36 (compatible; GoogleOther)" www.nixgraphix.co.za 10.54.160.14
74.7.241.55 - - [28/Aug/2026:08:43:39 -0500] "GET /pin/a3e2e75307963 HTTP/2.0" 404 20434 "https://www.nixgraphix.co.za/sitemap.xml" "Mozilla/5.0 AppleWebKit/537.36 (KHTML, like Gecko; compatible; GPTBot/1.4; +https://openai.com/gptbot)" www.nixgraphix.co.za 10.54.160.14
74.7.241.55 - - [28/Aug/2026:08:43:40 -0500] "GET /pin/e84bb85388342 HTTP/2.0" 404 20434 "https://www.nixgraphix.co.za/sitemap.xml" "Mozilla/5.0 AppleWebKit/537.36 (KHTML, like Gecko; compatible; GPTBot/1.4; +https://openai.com/gptbot)" www.nixgraphix.co.za 10.54.160.14
74.7.241.55 - - [28/Aug/2026:08:43:40 -0500] "GET /pin/0e6c1d4120991 HTTP/2.0" 404 20434 "https://www.nixgraphix.co.za/sitemap.xml" "Mozilla/5.0 AppleWebKit/537.36 (KHTML, like Gecko; compatible; GPTBot/1.4; +https://openai.com/gptbot)" www.nixgraphix.co.za 10.54.160.14
45.12.221.42 - - [28/Aug/2026:08:43:40 -0500] "GET /2026/08/28/gaming-machines-paysafecard-guide-for-aussie-punters/ HTTP/2.0" 200 25510 "-" "Mozilla/5.0 (Windows NT 10.0; Win64; x64) AppleWebKit/537.36 (KHTML, like Gecko) Chrome/149.0.0.0 Safari/537.36" www.nixgraphix.co.za 10.54.160.14
74.7.241.55 - - [28/Aug/2026:08:43:41 -0500] "GET /pin/a522bb3069603 HTTP/2.0" 404 20434 "https://www.nixgraphix.co.za/sitemap.xml" "Mozilla/5.0 AppleWebKit/537.36 (KHTML, like Gecko; compatible; GPTBot/1.4; +https://openai.com/gptbot)" www.nixgraphix.co.za 10.54.160.14
45.12.221.42 - - [28/Aug/2026:08:43:41 -0500] "GET /wp-content/themes/hello-elementor/assets/css/reset.css?ver=3.5.1 HTTP/2.0" 200 2185 "https://www.nixgraphix.co.za/2026/08/28/gaming-machines-paysafecard-guide-for-aussie-punters/" "Mozilla/5.0 (Windows NT 10.0; Win64; x64) AppleWebKit/537.36 (KHTML, like Gecko) Chrome/149.0.0.0 Safari/537.36" www.nixgraphix.co.za 10.54.160.14
45.12.221.42 - - [28/Aug/2026:08:43:41 -0500] "GET /wp-content/themes/hello-elementor/assets/css/theme.css?ver=3.5.1 HTTP/2.0" 200 1637 "https://www.nixgraphix.co.za/2026/08/28/gaming-machines-paysafecard-guide-for-aussie-punters/" "Mozilla/5.0 (Windows NT 10.0; Win64; x64) AppleWebKit/537.36 (KHTML, like Gecko) Chrome/149.0.0.0 Safari/537.36" www.nixgraphix.co.za 10.54.160.14
45.12.221.42 - - [28/Aug/2026:08:43:41 -0500] "GET /wp-content/themes/hello-elementor/assets/css/header-footer.css?ver=3.5.1 HTTP/2.0" 200 1930 "https://www.nixgraphix.co.za/2026/08/28/gaming-machines-paysafecard-guide-for-aussie-punters/" "Mozilla/5.0 (Windows NT 10.0; Win64; x64) AppleWebKit/537.36 (KHTML, like Gecko) Chrome/149.0.0.0 Safari/537.36" www.nixgraphix.co.za 10.54.160.14
74.7.241.55 - - [28/Aug/2026:08:43:41 -0500] "GET /pin/9fb90a1711691 HTTP/2.0" 404 20434 "https://www.nixgraphix.co.za/sitemap.xml" "Mozilla/5.0 AppleWebKit/537.36 (KHTML, like Gecko; compatible; GPTBot/1.4; +https://openai.com/gptbot)" www.nixgraphix.co.za 10.54.160.14
74.7.241.55 - - [28/Aug/2026:08:43:42 -0500] "GET /pin/e6ed295239593 HTTP/2.0" 404 20434 "https://www.nixgraphix.co.za/sitemap.xml" "Mozilla/5.0 AppleWebKit/537.36 (KHTML, like Gecko; compatible; GPTBot/1.4; +https://openai.com/gptbot)" www.nixgraphix.co.za 10.54.160.14
45.12.221.42 - - [28/Aug/2026:08:43:42 -0500] "GET /favicon.ico HTTP/2.0" 302 - "https://www.nixgraphix.co.za/2026/08/28/gaming-machines-paysafecard-guide-for-aussie-punters/" "Mozilla/5.0 (Windows NT 10.0; Win64; x64) AppleWebKit/537.36 (KHTML, like Gecko) Chrome/149.0.0.0 Safari/537.36" www.nixgraphix.co.za 10.54.160.14
192.178.4.130 - - [28/Aug/2026:08:43:42 -0500] "GET /2026/08/10/enhance-your-casino-outlook-with-intelligent-gambling-strategies/ HTTP/1.1" 200 43821 "-" "Mozilla/5.0 (Linux; Android 6.0.1; Nexus 5X Build/MMB29P) AppleWebKit/537.36 (KHTML, like Gecko) Chrome/151.0.7922.173 Mobile Safari/537.36 (compatible; GoogleOther)" www.nixgraphix.co.za 10.54.160.14
45.12.221.42 - - [28/Aug/2026:08:43:43 -0500] "GET /wp-includes/images/w-logo-gray-white-bg.png HTTP/2.0" 200 3241 "https://www.nixgraphix.co.za/2026/08/28/gaming-machines-paysafecard-guide-for-aussie-punters/" "Mozilla/5.0 (Windows NT 10.0; Win64; x64) AppleWebKit/537.36 (KHTML, like Gecko) Chrome/149.0.0.0 Safari/537.36" www.nixgraphix.co.za 10.54.160.14
45.12.221.42 - - [28/Aug/2026:08:43:43 -0500] "GET /wp-includes/js/wp-emoji-release.min.js?ver=7.1 HTTP/2.0" 200 5658 "https://www.nixgraphix.co.za/2026/08/28/gaming-machines-paysafecard-guide-for-aussie-punters/" "Mozilla/5.0 (Windows NT 10.0; Win64; x64) AppleWebKit/537.36 (KHTML, like Gecko) Chrome/149.0.0.0 Safari/537.36" www.nixgraphix.co.za 10.54.160.14
74.7.241.55 - - [28/Aug/2026:08:43:43 -0500] "GET /pin/cc801b2887704 HTTP/2.0" 404 20434 "https://www.nixgraphix.co.za/sitemap.xml" "Mozilla/5.0 AppleWebKit/537.36 (KHTML, like Gecko; compatible; GPTBot/1.4; +https://openai.com/gptbot)" www.nixgraphix.co.za 10.54.160.14
74.7.241.55 - - [28/Aug/2026:08:43:43 -0500] "GET /pin/d5a2f41448816 HTTP/2.0" 404 20434 "https://www.nixgraphix.co.za/sitemap.xml" "Mozilla/5.0 AppleWebKit/537.36 (KHTML, like Gecko; compatible; GPTBot/1.4; +https://openai.com/gptbot)" www.nixgraphix.co.za 10.54.160.14
74.7.241.55 - - [28/Aug/2026:08:43:44 -0500] "GET /pin/b0e20a1281238 HTTP/2.0" 404 20434 "https://www.nixgraphix.co.za/sitemap.xml" "Mozilla/5.0 AppleWebKit/537.36 (KHTML, like Gecko; compatible; GPTBot/1.4; +https://openai.com/gptbot)" www.nixgraphix.co.za 10.54.160.14
74.7.241.55 - - [28/Aug/2026:08:43:44 -0500] "GET /pin/0c6dc03465016 HTTP/2.0" 404 20434 "https://www.nixgraphix.co.za/sitemap.xml" "Mozilla/5.0 AppleWebKit/537.36 (KHTML, like Gecko; compatible; GPTBot/1.4; +https://openai.com/gptbot)" www.nixgraphix.co.za 10.54.160.14
192.178.4.130 - - [28/Aug/2026:08:43:45 -0500] "GET /pin/7645d72483538 HTTP/1.1" 200 41276 "-" "Mozilla/5.0 (Linux; Android 6.0.1; Nexus 5X Build/MMB29P) AppleWebKit/537.36 (KHTML, like Gecko) Chrome/151.0.7922.173 Mobile Safari/537.36 (compatible; GoogleOther)" www.nixgraphix.co.za 10.54.160.14
74.7.241.55 - - [28/Aug/2026:08:43:45 -0500] "GET /pin/acc0613439932 HTTP/2.0" 404 20434 "https://www.nixgraphix.co.za/sitemap.xml" "Mozilla/5.0 AppleWebKit/537.36 (KHTML, like Gecko; compatible; GPTBot/1.4; +https://openai.com/gptbot)" www.nixgraphix.co.za 10.54.160.14
74.7.241.55 - - [28/Aug/2026:08:43:45 -0500] "GET /pin/a0a7d63426461 HTTP/2.0" 404 20434 "https://www.nixgraphix.co.za/sitemap.xml" "Mozilla/5.0 AppleWebKit/537.36 (KHTML, like Gecko; compatible; GPTBot/1.4; +https://openai.com/gptbot)" www.nixgraphix.co.za 10.54.160.14
45.12.221.42 - - [28/Aug/2026:08:43:45 -0500] "GET /2026/08/28/gaming-machines-paysafecard-guide-for-aussie-punters/null HTTP/2.0" 404 20434 "https://www.nixgraphix.co.za/2026/08/28/gaming-machines-paysafecard-guide-for-aussie-punters/" "Mozilla/5.0 (Windows NT 10.0; Win64; x64) AppleWebKit/537.36 (KHTML, like Gecko) Chrome/149.0.0.0 Safari/537.36" www.nixgraphix.co.za 10.54.160.14
74.7.241.55 - - [28/Aug/2026:08:43:46 -0500] "GET /pin/d54cd43139317 HTTP/2.0" 404 20434 "https://www.nixgraphix.co.za/sitemap.xml" "Mozilla/5.0 AppleWebKit/537.36 (KHTML, like Gecko; compatible; GPTBot/1.4; +https://openai.com/gptbot)" www.nixgraphix.co.za 10.54.160.14
74.7.241.55 - - [28/Aug/2026:08:43:46 -0500] "GET /pin/fa2b042024885 HTTP/2.0" 404 20434 "https://www.nixgraphix.co.za/sitemap.xml" "Mozilla/5.0 AppleWebKit/537.36 (KHTML, like Gecko; compatible; GPTBot/1.4; +https://openai.com/gptbot)" www.nixgraphix.co.za 10.54.160.14
74.7.241.55 - - [28/Aug/2026:08:43:47 -0500] "GET /pin/645bdb3675617 HTTP/2.0" 404 20434 "https://www.nixgraphix.co.za/sitemap.xml" "Mozilla/5.0 AppleWebKit/537.36 (KHTML, like Gecko; compatible; GPTBot/1.4; +https://openai.com/gptbot)" www.nixgraphix.co.za 10.54.160.14
192.178.4.131 - - [28/Aug/2026:08:43:48 -0500] "GET /pin/ecda7d5057831 HTTP/1.1" 200 42419 "-" "Mozilla/5.0 (Linux; Android 6.0.1; Nexus 5X Build/MMB29P) AppleWebKit/537.36 (KHTML, like Gecko) Chrome/151.0.7922.173 Mobile Safari/537.36 (compatible; GoogleOther)" www.nixgraphix.co.za 10.54.160.14
74.7.241.55 - - [28/Aug/2026:08:43:48 -0500] "GET /pin/d3d18b3765518 HTTP/2.0" 404 20434 "https://www.nixgraphix.co.za/sitemap.xml" "Mozilla/5.0 AppleWebKit/537.36 (KHTML, like Gecko; compatible; GPTBot/1.4; +https://openai.com/gptbot)" www.nixgraphix.co.za 10.54.160.14
74.7.241.55 - - [28/Aug/2026:08:43:48 -0500] "GET /pin/f280df4508705 HTTP/2.0" 404 20434 "https://www.nixgraphix.co.za/sitemap.xml" "Mozilla/5.0 AppleWebKit/537.36 (KHTML, like Gecko; compatible; GPTBot/1.4; +https://openai.com/gptbot)" www.nixgraphix.co.za 10.54.160.14
74.7.241.55 - - [28/Aug/2026:08:43:49 -0500] "GET /pin/b85c8c2697266 HTTP/2.0" 404 20434 "https://www.nixgraphix.co.za/sitemap.xml" "Mozilla/5.0 AppleWebKit/537.36 (KHTML, like Gecko; compatible; GPTBot/1.4; +https://openai.com/gptbot)" www.nixgraphix.co.za 10.54.160.14
74.7.241.55 - - [28/Aug/2026:08:43:49 -0500] "GET /pin/4b0f4f2537347 HTTP/2.0" 404 20434 "https://www.nixgraphix.co.za/sitemap.xml" "Mozilla/5.0 AppleWebKit/537.36 (KHTML, like Gecko; compatible; GPTBot/1.4; +https://openai.com/gptbot)" www.nixgraphix.co.za 10.54.160.14
74.7.241.55 - - [28/Aug/2026:08:43:50 -0500] "GET /pin/1fb7a84545531 HTTP/2.0" 404 20434 "https://www.nixgraphix.co.za/sitemap.xml" "Mozilla/5.0 AppleWebKit/537.36 (KHTML, like Gecko; compatible; GPTBot/1.4; +https://openai.com/gptbot)" www.nixgraphix.co.za 10.54.160.14
74.7.241.55 - - [28/Aug/2026:08:43:51 -0500] "GET /pin/ca5c501511484 HTTP/2.0" 404 20434 "https://www.nixgraphix.co.za/sitemap.xml" "Mozilla/5.0 AppleWebKit/537.36 (KHTML, like Gecko; compatible; GPTBot/1.4; +https://openai.com/gptbot)" www.nixgraphix.co.za 10.54.160.14
74.7.241.55 - - [28/Aug/2026:08:43:51 -0500] "GET /pin/3ede084464355 HTTP/2.0" 404 20434 "https://www.nixgraphix.co.za/sitemap.xml" "Mozilla/5.0 AppleWebKit/537.36 (KHTML, like Gecko; compatible; GPTBot/1.4; +https://openai.com/gptbot)" www.nixgraphix.co.za 10.54.160.14
74.7.241.55 - - [28/Aug/2026:08:43:52 -0500] "GET /pin/58be2b2584680 HTTP/2.0" 404 20434 "https://www.nixgraphix.co.za/sitemap.xml" "Mozilla/5.0 AppleWebKit/537.36 (KHTML, like Gecko; compatible; GPTBot/1.4; +https://openai.com/gptbot)" www.nixgraphix.co.za 10.54.160.14
192.178.4.130 - - [28/Aug/2026:08:43:53 -0500] "GET /pin/1281571575492 HTTP/1.1" 200 40778 "-" "Mozilla/5.0 (Linux; Android 6.0.1; Nexus 5X Build/MMB29P) AppleWebKit/537.36 (KHTML, like Gecko) Chrome/151.0.7922.173 Mobile Safari/537.36 (compatible; GoogleOther)" www.nixgraphix.co.za 10.54.160.14
74.7.241.55 - - [28/Aug/2026:08:43:52 -0500] "GET /pin/b14a9c1996150 HTTP/2.0" 404 20434 "https://www.nixgraphix.co.za/sitemap.xml" "Mozilla/5.0 AppleWebKit/537.36 (KHTML, like Gecko; compatible; GPTBot/1.4; +https://openai.com/gptbot)" www.nixgraphix.co.za 10.54.160.14
74.7.241.55 - - [28/Aug/2026:08:43:53 -0500] "GET /pin/32dec02800453 HTTP/2.0" 404 20434 "https://www.nixgraphix.co.za/sitemap.xml" "Mozilla/5.0 AppleWebKit/537.36 (KHTML, like Gecko; compatible; GPTBot/1.4; +https://openai.com/gptbot)" www.nixgraphix.co.za 10.54.160.14
74.7.241.55 - - [28/Aug/2026:08:43:54 -0500] "GET /pin/abd2882342318 HTTP/2.0" 404 20434 "https://www.nixgraphix.co.za/sitemap.xml" "Mozilla/5.0 AppleWebKit/537.36 (KHTML, like Gecko; compatible; GPTBot/1.4; +https://openai.com/gptbot)" www.nixgraphix.co.za 10.54.160.14
74.7.241.55 - - [28/Aug/2026:08:43:54 -0500] "GET /pin/e3e2a21695919 HTTP/2.0" 404 20434 "https://www.nixgraphix.co.za/sitemap.xml" "Mozilla/5.0 AppleWebKit/537.36 (KHTML, like Gecko; compatible; GPTBot/1.4; +https://openai.com/gptbot)" www.nixgraphix.co.za 10.54.160.14
74.7.241.55 - - [28/Aug/2026:08:43:55 -0500] "GET /pin/3aa7a63886401 HTTP/2.0" 404 20434 "https://www.nixgraphix.co.za/sitemap.xml" "Mozilla/5.0 AppleWebKit/537.36 (KHTML, like Gecko; compatible; GPTBot/1.4; +https://openai.com/gptbot)" www.nixgraphix.co.za 10.54.160.14
74.7.241.55 - - [28/Aug/2026:08:43:55 -0500] "GET /pin/e005de5120604 HTTP/2.0" 404 20434 "https://www.nixgraphix.co.za/sitemap.xml" "Mozilla/5.0 AppleWebKit/537.36 (KHTML, like Gecko; compatible; GPTBot/1.4; +https://openai.com/gptbot)" www.nixgraphix.co.za 10.54.160.14
74.7.241.55 - - [28/Aug/2026:08:43:56 -0500] "GET /pin/7b5bd62895887 HTTP/2.0" 404 20434 "https://www.nixgraphix.co.za/sitemap.xml" "Mozilla/5.0 AppleWebKit/537.36 (KHTML, like Gecko; compatible; GPTBot/1.4; +https://openai.com/gptbot)" www.nixgraphix.co.za 10.54.160.14
74.7.241.55 - - [28/Aug/2026:08:43:57 -0500] "GET /pin/12ffe62637846 HTTP/2.0" 404 20434 "https://www.nixgraphix.co.za/sitemap.xml" "Mozilla/5.0 AppleWebKit/537.36 (KHTML, like Gecko; compatible; GPTBot/1.4; +https://openai.com/gptbot)" www.nixgraphix.co.za 10.54.160.14
192.178.4.130 - - [28/Aug/2026:08:43:57 -0500] "GET /pin/fd659544798 HTTP/1.1" 200 45836 "-" "Mozilla/5.0 (Linux; Android 6.0.1; Nexus 5X Build/MMB29P) AppleWebKit/537.36 (KHTML, like Gecko) Chrome/151.0.7922.173 Mobile Safari/537.36 (compatible; GoogleOther)" www.nixgraphix.co.za 10.54.160.14
74.7.241.55 - - [28/Aug/2026:08:43:57 -0500] "GET /pin/a1de071571215 HTTP/2.0" 404 20434 "https://www.nixgraphix.co.za/sitemap.xml" "Mozilla/5.0 AppleWebKit/537.36 (KHTML, like Gecko; compatible; GPTBot/1.4; +https://openai.com/gptbot)" www.nixgraphix.co.za 10.54.160.14
74.7.241.55 - - [28/Aug/2026:08:43:58 -0500] "GET /pin/acfbea4548578 HTTP/2.0" 404 20434 "https://www.nixgraphix.co.za/sitemap.xml" "Mozilla/5.0 AppleWebKit/537.36 (KHTML, like Gecko; compatible; GPTBot/1.4; +https://openai.com/gptbot)" www.nixgraphix.co.za 10.54.160.14
74.7.241.55 - - [28/Aug/2026:08:43:59 -0500] "GET /pin/ef8ad74297775 HTTP/2.0" 404 20434 "https://www.nixgraphix.co.za/sitemap.xml" "Mozilla/5.0 AppleWebKit/537.36 (KHTML, like Gecko; compatible; GPTBot/1.4; +https://openai.com/gptbot)" www.nixgraphix.co.za 10.54.160.14
74.7.241.55 - - [28/Aug/2026:08:43:59 -0500] "GET /pin/640661486664 HTTP/2.0" 301 - "https://www.nixgraphix.co.za/sitemap.xml" "Mozilla/5.0 AppleWebKit/537.36 (KHTML, like Gecko; compatible; GPTBot/1.4; +https://openai.com/gptbot)" www.nixgraphix.co.za 10.54.160.14
74.7.241.55 - - [28/Aug/2026:08:43:59 -0500] "GET /2026/06/15/pinco-online-kazino-pinko-2026-t-hluk-sizlik-v-m-lumatlarin-muhafiz-si/640661486664/ HTTP/2.0" 301 - "https://www.nixgraphix.co.za/pin/640661486664" "Mozilla/5.0 AppleWebKit/537.36 (KHTML, like Gecko; compatible; GPTBot/1.4; +https://openai.com/gptbot)" www.nixgraphix.co.za 10.54.160.14
74.7.241.55 - - [28/Aug/2026:08:44:00 -0500] "GET /pin/4caeec2978245 HTTP/2.0" 404 20434 "https://www.nixgraphix.co.za/sitemap.xml" "Mozilla/5.0 AppleWebKit/537.36 (KHTML, like Gecko; compatible; GPTBot/1.4; +https://openai.com/gptbot)" www.nixgraphix.co.za 10.54.160.14
74.7.241.55 - - [28/Aug/2026:08:44:00 -0500] "GET /pin/1daeec3953544 HTTP/2.0" 404 20434 "https://www.nixgraphix.co.za/sitemap.xml" "Mozilla/5.0 AppleWebKit/537.36 (KHTML, like Gecko; compatible; GPTBot/1.4; +https://openai.com/gptbot)" www.nixgraphix.co.za 10.54.160.14
74.7.241.55 - - [28/Aug/2026:08:44:01 -0500] "GET /pin/c5d2f61616737 HTTP/2.0" 404 20434 "https://www.nixgraphix.co.za/sitemap.xml" "Mozilla/5.0 AppleWebKit/537.36 (KHTML, like Gecko; compatible; GPTBot/1.4; +https://openai.com/gptbot)" www.nixgraphix.co.za 10.54.160.14
74.7.241.55 - - [28/Aug/2026:08:44:01 -0500] "GET /pin/0bfc6f4981195 HTTP/2.0" 404 20434 "https://www.nixgraphix.co.za/sitemap.xml" "Mozilla/5.0 AppleWebKit/537.36 (KHTML, like Gecko; compatible; GPTBot/1.4; +https://openai.com/gptbot)" www.nixgraphix.co.za 10.54.160.14
192.178.4.131 - - [28/Aug/2026:08:44:02 -0500] "GET /pin/7b00975026995 HTTP/1.1" 200 42267 "-" "Mozilla/5.0 (Linux; Android 6.0.1; Nexus 5X Build/MMB29P) AppleWebKit/537.36 (KHTML, like Gecko) Chrome/151.0.7922.173 Mobile Safari/537.36 (compatible; GoogleOther)" www.nixgraphix.co.za 10.54.160.14
74.7.241.55 - - [28/Aug/2026:08:44:02 -0500] "GET /pin/bac5d32203146 HTTP/2.0" 404 20434 "https://www.nixgraphix.co.za/sitemap.xml" "Mozilla/5.0 AppleWebKit/537.36 (KHTML, like Gecko; compatible; GPTBot/1.4; +https://openai.com/gptbot)" www.nixgraphix.co.za 10.54.160.14
74.7.241.55 - - [28/Aug/2026:08:44:03 -0500] "GET /pin/ff96ac3521218 HTTP/2.0" 404 20434 "https://www.nixgraphix.co.za/sitemap.xml" "Mozilla/5.0 AppleWebKit/537.36 (KHTML, like Gecko; compatible; GPTBot/1.4; +https://openai.com/gptbot)" www.nixgraphix.co.za 10.54.160.14
50.87.144.109 - - [28/Aug/2026:08:44:04 -0500] "POST /wp-cron.php?doing_wp_cron=1787924644.1628301143646240234375 HTTP/1.1" 200 - "-" "WordPress/7.1; https://www.nixgraphix.co.za" www.nixgraphix.co.za 10.54.160.14
74.7.241.55 - - [28/Aug/2026:08:44:03 -0500] "GET /pin/a2ba4c1516806 HTTP/2.0" 404 20434 "https://www.nixgraphix.co.za/sitemap.xml" "Mozilla/5.0 AppleWebKit/537.36 (KHTML, like Gecko; compatible; GPTBot/1.4; +https://openai.com/gptbot)" www.nixgraphix.co.za 10.54.160.14
74.7.241.55 - - [28/Aug/2026:08:44:04 -0500] "GET /pin/e62dfb1069883 HTTP/2.0" 404 20434 "https://www.nixgraphix.co.za/sitemap.xml" "Mozilla/5.0 AppleWebKit/537.36 (KHTML, like Gecko; compatible; GPTBot/1.4; +https://openai.com/gptbot)" www.nixgraphix.co.za 10.54.160.14
74.7.241.55 - - [28/Aug/2026:08:44:04 -0500] "GET /pin/2ecd6e5345895 HTTP/2.0" 404 20434 "https://www.nixgraphix.co.za/sitemap.xml" "Mozilla/5.0 AppleWebKit/537.36 (KHTML, like Gecko; compatible; GPTBot/1.4; +https://openai.com/gptbot)" www.nixgraphix.co.za 10.54.160.14
74.7.241.55 - - [28/Aug/2026:08:44:05 -0500] "GET /pin/a8dbda2575365 HTTP/2.0" 404 20434 "https://www.nixgraphix.co.za/sitemap.xml" "Mozilla/5.0 AppleWebKit/537.36 (KHTML, like Gecko; compatible; GPTBot/1.4; +https://openai.com/gptbot)" www.nixgraphix.co.za 10.54.160.14
74.7.241.55 - - [28/Aug/2026:08:44:05 -0500] "GET /pin/534d3146789 HTTP/2.0" 404 20434 "https://www.nixgraphix.co.za/sitemap.xml" "Mozilla/5.0 AppleWebKit/537.36 (KHTML, like Gecko; compatible; GPTBot/1.4; +https://openai.com/gptbot)" www.nixgraphix.co.za 10.54.160.14
179.97.224.154 - - [28/Aug/2026:08:44:06 -0500] "GET /2026/08/20/kg-besitzt-denn-erstplatzierter-staatlicher-versorger-in-deutschland-die-erlaubnis-fur-virtuelles-automatenspiel-mit-echtgeldgewinnen/ HTTP/1.1" 200 25977 "-" "Mozilla/5.0 (Macintosh; Intel Mac OS X 14_6_0) AppleWebKit/537.36 (KHTML, like Gecko) Chrome/132.0.6834.160 Safari/537.36" www.nixgraphix.co.za 10.54.160.14
74.7.241.55 - - [28/Aug/2026:08:44:06 -0500] "GET /pin/27585d75022 HTTP/2.0" 404 20434 "https://www.nixgraphix.co.za/sitemap.xml" "Mozilla/5.0 AppleWebKit/537.36 (KHTML, like Gecko; compatible; GPTBot/1.4; +https://openai.com/gptbot)" www.nixgraphix.co.za 10.54.160.14
192.178.4.130 - - [28/Aug/2026:08:44:07 -0500] "GET /pin/8899715467442 HTTP/1.1" 200 40955 "-" "Mozilla/5.0 (Linux; Android 6.0.1; Nexus 5X Build/MMB29P) AppleWebKit/537.36 (KHTML, like Gecko) Chrome/151.0.7922.173 Mobile Safari/537.36 (compatible; GoogleOther)" www.nixgraphix.co.za 10.54.160.14
74.7.241.55 - - [28/Aug/2026:08:44:07 -0500] "GET /pin/1556e691357 HTTP/2.0" 404 20434 "https://www.nixgraphix.co.za/sitemap.xml" "Mozilla/5.0 AppleWebKit/537.36 (KHTML, like Gecko; compatible; GPTBot/1.4; +https://openai.com/gptbot)" www.nixgraphix.co.za 10.54.160.14
74.7.241.55 - - [28/Aug/2026:08:44:07 -0500] "GET /pin/d1237022563 HTTP/2.0" 404 20434 "https://www.nixgraphix.co.za/sitemap.xml" "Mozilla/5.0 AppleWebKit/537.36 (KHTML, like Gecko; compatible; GPTBot/1.4; +https://openai.com/gptbot)" www.nixgraphix.co.za 10.54.160.14
74.7.241.55 - - [28/Aug/2026:08:44:08 -0500] "GET /pin/9639a554062 HTTP/2.0" 404 20434 "https://www.nixgraphix.co.za/sitemap.xml" "Mozilla/5.0 AppleWebKit/537.36 (KHTML, like Gecko; compatible; GPTBot/1.4; +https://openai.com/gptbot)" www.nixgraphix.co.za 10.54.160.14
74.7.241.55 - - [28/Aug/2026:08:44:08 -0500] "GET /pin/4b339981634 HTTP/2.0" 404 20434 "https://www.nixgraphix.co.za/sitemap.xml" "Mozilla/5.0 AppleWebKit/537.36 (KHTML, like Gecko; compatible; GPTBot/1.4; +https://openai.com/gptbot)" www.nixgraphix.co.za 10.54.160.14
74.7.241.55 - - [28/Aug/2026:08:44:09 -0500] "GET /pin/0200a627212 HTTP/2.0" 404 20434 "https://www.nixgraphix.co.za/sitemap.xml" "Mozilla/5.0 AppleWebKit/537.36 (KHTML, like Gecko; compatible; GPTBot/1.4; +https://openai.com/gptbot)" www.nixgraphix.co.za 10.54.160.14
74.7.241.55 - - [28/Aug/2026:08:44:10 -0500] "GET /pin/bbb6fb2845662 HTTP/2.0" 404 20434 "https://www.nixgraphix.co.za/sitemap.xml" "Mozilla/5.0 AppleWebKit/537.36 (KHTML, like Gecko; compatible; GPTBot/1.4; +https://openai.com/gptbot)" www.nixgraphix.co.za 10.54.160.14
74.7.241.55 - - [28/Aug/2026:08:44:10 -0500] "GET /pin/eaa1af5178884 HTTP/2.0" 404 20434 "https://www.nixgraphix.co.za/sitemap.xml" "Mozilla/5.0 AppleWebKit/537.36 (KHTML, like Gecko; compatible; GPTBot/1.4; +https://openai.com/gptbot)" www.nixgraphix.co.za 10.54.160.14
74.7.241.55 - - [28/Aug/2026:08:44:11 -0500] "GET /pin/295cb65016777 HTTP/2.0" 404 20434 "https://www.nixgraphix.co.za/sitemap.xml" "Mozilla/5.0 AppleWebKit/537.36 (KHTML, like Gecko; compatible; GPTBot/1.4; +https://openai.com/gptbot)" www.nixgraphix.co.za 10.54.160.14
192.178.4.130 - - [28/Aug/2026:08:44:11 -0500] "GET /pin/4422453117565 HTTP/1.1" 200 44321 "-" "Mozilla/5.0 (Linux; Android 6.0.1; Nexus 5X Build/MMB29P) AppleWebKit/537.36 (KHTML, like Gecko) Chrome/151.0.7922.173 Mobile Safari/537.36 (compatible; GoogleOther)" www.nixgraphix.co.za 10.54.160.14
74.7.241.55 - - [28/Aug/2026:08:44:11 -0500] "GET /pin/9fc4611175936 HTTP/2.0" 404 20434 "https://www.nixgraphix.co.za/sitemap.xml" "Mozilla/5.0 AppleWebKit/537.36 (KHTML, like Gecko; compatible; GPTBot/1.4; +https://openai.com/gptbot)" www.nixgraphix.co.za 10.54.160.14
74.7.241.55 - - [28/Aug/2026:08:44:12 -0500] "GET /pin/dc43335460671 HTTP/2.0" 404 20434 "https://www.nixgraphix.co.za/sitemap.xml" "Mozilla/5.0 AppleWebKit/537.36 (KHTML, like Gecko; compatible; GPTBot/1.4; +https://openai.com/gptbot)" www.nixgraphix.co.za 10.54.160.14
74.7.241.55 - - [28/Aug/2026:08:44:12 -0500] "GET /pin/f277e53330692 HTTP/2.0" 404 20434 "https://www.nixgraphix.co.za/sitemap.xml" "Mozilla/5.0 AppleWebKit/537.36 (KHTML, like Gecko; compatible; GPTBot/1.4; +https://openai.com/gptbot)" www.nixgraphix.co.za 10.54.160.14
74.7.241.55 - - [28/Aug/2026:08:44:13 -0500] "GET /pin/5bd0562355546 HTTP/2.0" 404 20434 "https://www.nixgraphix.co.za/sitemap.xml" "Mozilla/5.0 AppleWebKit/537.36 (KHTML, like Gecko; compatible; GPTBot/1.4; +https://openai.com/gptbot)" www.nixgraphix.co.za 10.54.160.14
74.7.241.55 - - [28/Aug/2026:08:44:14 -0500] "GET /pin/412da04111228 HTTP/2.0" 404 20434 "https://www.nixgraphix.co.za/sitemap.xml" "Mozilla/5.0 AppleWebKit/537.36 (KHTML, like Gecko; compatible; GPTBot/1.4; +https://openai.com/gptbot)" www.nixgraphix.co.za 10.54.160.14
74.7.241.55 - - [28/Aug/2026:08:44:14 -0500] "GET /pin/461d9c3338390 HTTP/2.0" 404 20434 "https://www.nixgraphix.co.za/sitemap.xml" "Mozilla/5.0 AppleWebKit/537.36 (KHTML, like Gecko; compatible; GPTBot/1.4; +https://openai.com/gptbot)" www.nixgraphix.co.za 10.54.160.14
74.7.241.55 - - [28/Aug/2026:08:44:15 -0500] "GET /pin/f76f684970666 HTTP/2.0" 404 20434 "https://www.nixgraphix.co.za/sitemap.xml" "Mozilla/5.0 AppleWebKit/537.36 (KHTML, like Gecko; compatible; GPTBot/1.4; +https://openai.com/gptbot)" www.nixgraphix.co.za 10.54.160.14
74.7.241.55 - - [28/Aug/2026:08:44:15 -0500] "GET /pin/da76323844439 HTTP/2.0" 404 20434 "https://www.nixgraphix.co.za/sitemap.xml" "Mozilla/5.0 AppleWebKit/537.36 (KHTML, like Gecko; compatible; GPTBot/1.4; +https://openai.com/gptbot)" www.nixgraphix.co.za 10.54.160.14
192.178.4.130 - - [28/Aug/2026:08:44:16 -0500] "GET /pin/52cf9c1814756 HTTP/1.1" 200 43614 "-" "Mozilla/5.0 (Linux; Android 6.0.1; Nexus 5X Build/MMB29P) AppleWebKit/537.36 (KHTML, like Gecko) Chrome/151.0.7922.173 Mobile Safari/537.36 (compatible; GoogleOther)" www.nixgraphix.co.za 10.54.160.14
74.7.241.55 - - [28/Aug/2026:08:44:16 -0500] "GET /pin/fc50002217664 HTTP/2.0" 404 20434 "https://www.nixgraphix.co.za/sitemap.xml" "Mozilla/5.0 AppleWebKit/537.36 (KHTML, like Gecko; compatible; GPTBot/1.4; +https://openai.com/gptbot)" www.nixgraphix.co.za 10.54.160.14
74.7.241.55 - - [28/Aug/2026:08:44:17 -0500] "GET /pin/104ab92226484 HTTP/2.0" 404 20434 "https://www.nixgraphix.co.za/sitemap.xml" "Mozilla/5.0 AppleWebKit/537.36 (KHTML, like Gecko; compatible; GPTBot/1.4; +https://openai.com/gptbot)" www.nixgraphix.co.za 10.54.160.14
74.7.241.55 - - [28/Aug/2026:08:44:17 -0500] "GET /pin/8e0a202932777 HTTP/2.0" 404 20434 "https://www.nixgraphix.co.za/sitemap.xml" "Mozilla/5.0 AppleWebKit/537.36 (KHTML, like Gecko; compatible; GPTBot/1.4; +https://openai.com/gptbot)" www.nixgraphix.co.za 10.54.160.14
74.7.241.55 - - [28/Aug/2026:08:44:18 -0500] "GET /pin/cb61955518051 HTTP/2.0" 404 20434 "https://www.nixgraphix.co.za/sitemap.xml" "Mozilla/5.0 AppleWebKit/537.36 (KHTML, like Gecko; compatible; GPTBot/1.4; +https://openai.com/gptbot)" www.nixgraphix.co.za 10.54.160.14
74.7.241.55 - - [28/Aug/2026:08:44:18 -0500] "GET /pin/d9f7283336589 HTTP/2.0" 404 20434 "https://www.nixgraphix.co.za/sitemap.xml" "Mozilla/5.0 AppleWebKit/537.36 (KHTML, like Gecko; compatible; GPTBot/1.4; +https://openai.com/gptbot)" www.nixgraphix.co.za 10.54.160.14
74.7.241.55 - - [28/Aug/2026:08:44:19 -0500] "GET /pin/1aa6032444906 HTTP/2.0" 404 20434 "https://www.nixgraphix.co.za/sitemap.xml" "Mozilla/5.0 AppleWebKit/537.36 (KHTML, like Gecko; compatible; GPTBot/1.4; +https://openai.com/gptbot)" www.nixgraphix.co.za 10.54.160.14
74.7.241.55 - - [28/Aug/2026:08:44:19 -0500] "GET /pin/96f40f2228492 HTTP/2.0" 404 20434 "https://www.nixgraphix.co.za/sitemap.xml" "Mozilla/5.0 AppleWebKit/537.36 (KHTML, like Gecko; compatible; GPTBot/1.4; +https://openai.com/gptbot)" www.nixgraphix.co.za 10.54.160.14
74.7.241.55 - - [28/Aug/2026:08:44:20 -0500] "GET /pin/d760d83789333 HTTP/2.0" 404 20434 "https://www.nixgraphix.co.za/sitemap.xml" "Mozilla/5.0 AppleWebKit/537.36 (KHTML, like Gecko; compatible; GPTBot/1.4; +https://openai.com/gptbot)" www.nixgraphix.co.za 10.54.160.14
192.178.4.130 - - [28/Aug/2026:08:44:20 -0500] "GET /pin/5906b05620807 HTTP/1.1" 200 41927 "-" "Mozilla/5.0 (Linux; Android 6.0.1; Nexus 5X Build/MMB29P) AppleWebKit/537.36 (KHTML, like Gecko) Chrome/151.0.7922.173 Mobile Safari/537.36 (compatible; GoogleOther)" www.nixgraphix.co.za 10.54.160.14
74.7.241.55 - - [28/Aug/2026:08:44:21 -0500] "GET /pin/b9b1895111201 HTTP/2.0" 404 20434 "https://www.nixgraphix.co.za/sitemap.xml" "Mozilla/5.0 AppleWebKit/537.36 (KHTML, like Gecko; compatible; GPTBot/1.4; +https://openai.com/gptbot)" www.nixgraphix.co.za 10.54.160.14
74.7.241.55 - - [28/Aug/2026:08:44:21 -0500] "GET /pin/e201f75552253 HTTP/2.0" 404 20434 "https://www.nixgraphix.co.za/sitemap.xml" "Mozilla/5.0 AppleWebKit/537.36 (KHTML, like Gecko; compatible; GPTBot/1.4; +https://openai.com/gptbot)" www.nixgraphix.co.za 10.54.160.14
74.7.241.55 - - [28/Aug/2026:08:44:22 -0500] "GET /pin/f8916c3962229 HTTP/2.0" 404 20434 "https://www.nixgraphix.co.za/sitemap.xml" "Mozilla/5.0 AppleWebKit/537.36 (KHTML, like Gecko; compatible; GPTBot/1.4; +https://openai.com/gptbot)" www.nixgraphix.co.za 10.54.160.14
74.7.241.55 - - [28/Aug/2026:08:44:22 -0500] "GET /pin/da47344470197 HTTP/2.0" 404 20434 "https://www.nixgraphix.co.za/sitemap.xml" "Mozilla/5.0 AppleWebKit/537.36 (KHTML, like Gecko; compatible; GPTBot/1.4; +https://openai.com/gptbot)" www.nixgraphix.co.za 10.54.160.14
74.7.241.55 - - [28/Aug/2026:08:44:23 -0500] "GET /pin/85423756476 HTTP/2.0" 301 - "https://www.nixgraphix.co.za/sitemap.xml" "Mozilla/5.0 AppleWebKit/537.36 (KHTML, like Gecko; compatible; GPTBot/1.4; +https://openai.com/gptbot)" www.nixgraphix.co.za 10.54.160.14
74.7.241.55 - - [28/Aug/2026:08:44:23 -0500] "GET /2026/06/15/pinco-online-kazino-pinko-2026-t-hluk-sizlik-v-m-lumatlarin-muhafiz-si/85423756476/ HTTP/2.0" 301 - "https://www.nixgraphix.co.za/pin/85423756476" "Mozilla/5.0 AppleWebKit/537.36 (KHTML, like Gecko; compatible; GPTBot/1.4; +https://openai.com/gptbot)" www.nixgraphix.co.za 10.54.160.14
74.7.241.55 - - [28/Aug/2026:08:44:23 -0500] "GET /pin/30885217064 HTTP/2.0" 301 - "https://www.nixgraphix.co.za/sitemap.xml" "Mozilla/5.0 AppleWebKit/537.36 (KHTML, like Gecko; compatible; GPTBot/1.4; +https://openai.com/gptbot)" www.nixgraphix.co.za 10.54.160.14
74.7.241.55 - - [28/Aug/2026:08:44:24 -0500] "GET /2026/06/15/pinco-online-kazino-pinko-2026-t-hluk-sizlik-v-m-lumatlarin-muhafiz-si/30885217064/ HTTP/2.0" 301 - "https://www.nixgraphix.co.za/pin/30885217064" "Mozilla/5.0 AppleWebKit/537.36 (KHTML, like Gecko; compatible; GPTBot/1.4; +https://openai.com/gptbot)" www.nixgraphix.co.za 10.54.160.14
74.7.241.55 - - [28/Aug/2026:08:44:24 -0500] "GET /pin/c0b3965184549 HTTP/2.0" 404 20434 "https://www.nixgraphix.co.za/sitemap.xml" "Mozilla/5.0 AppleWebKit/537.36 (KHTML, like Gecko; compatible; GPTBot/1.4; +https://openai.com/gptbot)" www.nixgraphix.co.za 10.54.160.14
74.7.241.55 - - [28/Aug/2026:08:44:25 -0500] "GET /pin/c9a0e624155 HTTP/2.0" 404 20434 "https://www.nixgraphix.co.za/sitemap.xml" "Mozilla/5.0 AppleWebKit/537.36 (KHTML, like Gecko; compatible; GPTBot/1.4; +https://openai.com/gptbot)" www.nixgraphix.co.za 10.54.160.14
192.178.4.130 - - [28/Aug/2026:08:44:25 -0500] "GET /pin/49f8251301359 HTTP/1.1" 200 40601 "-" "Mozilla/5.0 (Linux; Android 6.0.1; Nexus 5X Build/MMB29P) AppleWebKit/537.36 (KHTML, like Gecko) Chrome/151.0.7922.173 Mobile Safari/537.36 (compatible; GoogleOther)" www.nixgraphix.co.za 10.54.160.14
74.7.241.55 - - [28/Aug/2026:08:44:25 -0500] "GET /pin/c004ca91573 HTTP/2.0" 404 20434 "https://www.nixgraphix.co.za/sitemap.xml" "Mozilla/5.0 AppleWebKit/537.36 (KHTML, like Gecko; compatible; GPTBot/1.4; +https://openai.com/gptbot)" www.nixgraphix.co.za 10.54.160.14
74.7.241.55 - - [28/Aug/2026:08:44:26 -0500] "GET /pin/9af5e896398 HTTP/2.0" 404 20434 "https://www.nixgraphix.co.za/sitemap.xml" "Mozilla/5.0 AppleWebKit/537.36 (KHTML, like Gecko; compatible; GPTBot/1.4; +https://openai.com/gptbot)" www.nixgraphix.co.za 10.54.160.14
74.7.241.55 - - [28/Aug/2026:08:44:26 -0500] "GET /pin/a8f36f65906 HTTP/2.0" 404 20434 "https://www.nixgraphix.co.za/sitemap.xml" "Mozilla/5.0 AppleWebKit/537.36 (KHTML, like Gecko; compatible; GPTBot/1.4; +https://openai.com/gptbot)" www.nixgraphix.co.za 10.54.160.14
74.7.241.55 - - [28/Aug/2026:08:44:27 -0500] "GET /pin/12cb7d32470 HTTP/2.0" 404 20434 "https://www.nixgraphix.co.za/sitemap.xml" "Mozilla/5.0 AppleWebKit/537.36 (KHTML, like Gecko; compatible; GPTBot/1.4; +https://openai.com/gptbot)" www.nixgraphix.co.za 10.54.160.14
74.7.241.55 - - [28/Aug/2026:08:44:27 -0500] "GET /pin/e42eb639852 HTTP/2.0" 404 20434 "https://www.nixgraphix.co.za/sitemap.xml" "Mozilla/5.0 AppleWebKit/537.36 (KHTML, like Gecko; compatible; GPTBot/1.4; +https://openai.com/gptbot)" www.nixgraphix.co.za 10.54.160.14
74.7.241.55 - - [28/Aug/2026:08:44:28 -0500] "GET /pin/a92019777698 HTTP/2.0" 404 20434 "https://www.nixgraphix.co.za/sitemap.xml" "Mozilla/5.0 AppleWebKit/537.36 (KHTML, like Gecko; compatible; GPTBot/1.4; +https://openai.com/gptbot)" www.nixgraphix.co.za 10.54.160.14
74.7.241.55 - - [28/Aug/2026:08:44:29 -0500] "GET /pin/10e364455546 HTTP/2.0" 404 20434 "https://www.nixgraphix.co.za/sitemap.xml" "Mozilla/5.0 AppleWebKit/537.36 (KHTML, like Gecko; compatible; GPTBot/1.4; +https://openai.com/gptbot)" www.nixgraphix.co.za 10.54.160.14
74.7.241.55 - - [28/Aug/2026:08:44:29 -0500] "GET /pin/bf14574338029 HTTP/2.0" 404 20434 "https://www.nixgraphix.co.za/sitemap.xml" "Mozilla/5.0 AppleWebKit/537.36 (KHTML, like Gecko; compatible; GPTBot/1.4; +https://openai.com/gptbot)" www.nixgraphix.co.za 10.54.160.14
192.178.4.130 - - [28/Aug/2026:08:44:30 -0500] "GET /pin/6332c25335915 HTTP/1.1" 200 41496 "-" "Mozilla/5.0 (Linux; Android 6.0.1; Nexus 5X Build/MMB29P) AppleWebKit/537.36 (KHTML, like Gecko) Chrome/151.0.7922.173 Mobile Safari/537.36 (compatible; GoogleOther)" www.nixgraphix.co.za 10.54.160.14
74.7.241.55 - - [28/Aug/2026:08:44:30 -0500] "GET /pin/d8681c4598120 HTTP/2.0" 404 20434 "https://www.nixgraphix.co.za/sitemap.xml" "Mozilla/5.0 AppleWebKit/537.36 (KHTML, like Gecko; compatible; GPTBot/1.4; +https://openai.com/gptbot)" www.nixgraphix.co.za 10.54.160.14
74.7.241.55 - - [28/Aug/2026:08:44:30 -0500] "GET /pin/c813c64768025 HTTP/2.0" 404 20434 "https://www.nixgraphix.co.za/sitemap.xml" "Mozilla/5.0 AppleWebKit/537.36 (KHTML, like Gecko; compatible; GPTBot/1.4; +https://openai.com/gptbot)" www.nixgraphix.co.za 10.54.160.14
74.7.241.55 - - [28/Aug/2026:08:44:31 -0500] "GET /pin/196d6b3250642 HTTP/2.0" 404 20434 "https://www.nixgraphix.co.za/sitemap.xml" "Mozilla/5.0 AppleWebKit/537.36 (KHTML, like Gecko; compatible; GPTBot/1.4; +https://openai.com/gptbot)" www.nixgraphix.co.za 10.54.160.14
74.7.241.55 - - [28/Aug/2026:08:44:31 -0500] "GET /pin/d0f7563936823 HTTP/2.0" 404 20434 "https://www.nixgraphix.co.za/sitemap.xml" "Mozilla/5.0 AppleWebKit/537.36 (KHTML, like Gecko; compatible; GPTBot/1.4; +https://openai.com/gptbot)" www.nixgraphix.co.za 10.54.160.14
74.7.241.55 - - [28/Aug/2026:08:44:32 -0500] "GET /pin/0b75e44286145 HTTP/2.0" 404 20434 "https://www.nixgraphix.co.za/sitemap.xml" "Mozilla/5.0 AppleWebKit/537.36 (KHTML, like Gecko; compatible; GPTBot/1.4; +https://openai.com/gptbot)" www.nixgraphix.co.za 10.54.160.14
74.7.241.55 - - [28/Aug/2026:08:44:33 -0500] "GET /pin/e3b5301923762 HTTP/2.0" 404 20434 "https://www.nixgraphix.co.za/sitemap.xml" "Mozilla/5.0 AppleWebKit/537.36 (KHTML, like Gecko; compatible; GPTBot/1.4; +https://openai.com/gptbot)" www.nixgraphix.co.za 10.54.160.14
74.7.241.55 - - [28/Aug/2026:08:44:33 -0500] "GET /pin/554ba82109983 HTTP/2.0" 404 20434 "https://www.nixgraphix.co.za/sitemap.xml" "Mozilla/5.0 AppleWebKit/537.36 (KHTML, like Gecko; compatible; GPTBot/1.4; +https://openai.com/gptbot)" www.nixgraphix.co.za 10.54.160.14
74.7.241.55 - - [28/Aug/2026:08:44:34 -0500] "GET /pin/4516ea1238753 HTTP/2.0" 404 20434 "https://www.nixgraphix.co.za/sitemap.xml" "Mozilla/5.0 AppleWebKit/537.36 (KHTML, like Gecko; compatible; GPTBot/1.4; +https://openai.com/gptbot)" www.nixgraphix.co.za 10.54.160.14
192.178.4.130 - - [28/Aug/2026:08:44:34 -0500] "GET /pin/15f232561944 HTTP/1.1" 200 42768 "-" "Mozilla/5.0 (Linux; Android 6.0.1; Nexus 5X Build/MMB29P) AppleWebKit/537.36 (KHTML, like Gecko) Chrome/151.0.7922.173 Mobile Safari/537.36 (compatible; GoogleOther)" www.nixgraphix.co.za 10.54.160.14
74.7.241.55 - - [28/Aug/2026:08:44:34 -0500] "GET /pin/07d5a32658961 HTTP/2.0" 404 20434 "https://www.nixgraphix.co.za/sitemap.xml" "Mozilla/5.0 AppleWebKit/537.36 (KHTML, like Gecko; compatible; GPTBot/1.4; +https://openai.com/gptbot)" www.nixgraphix.co.za 10.54.160.14
74.7.241.55 - - [28/Aug/2026:08:44:35 -0500] "GET /pin/b8399d4342670 HTTP/2.0" 404 20434 "https://www.nixgraphix.co.za/sitemap.xml" "Mozilla/5.0 AppleWebKit/537.36 (KHTML, like Gecko; compatible; GPTBot/1.4; +https://openai.com/gptbot)" www.nixgraphix.co.za 10.54.160.14
74.7.241.55 - - [28/Aug/2026:08:44:36 -0500] "GET /pin/31c16b2304578 HTTP/2.0" 404 20434 "https://www.nixgraphix.co.za/sitemap.xml" "Mozilla/5.0 AppleWebKit/537.36 (KHTML, like Gecko; compatible; GPTBot/1.4; +https://openai.com/gptbot)" www.nixgraphix.co.za 10.54.160.14
74.7.241.55 - - [28/Aug/2026:08:44:36 -0500] "GET /pin/31b80d4963855 HTTP/2.0" 404 20434 "https://www.nixgraphix.co.za/sitemap.xml" "Mozilla/5.0 AppleWebKit/537.36 (KHTML, like Gecko; compatible; GPTBot/1.4; +https://openai.com/gptbot)" www.nixgraphix.co.za 10.54.160.14
74.7.241.55 - - [28/Aug/2026:08:44:37 -0500] "GET /pin/8907ea2129235 HTTP/2.0" 404 20434 "https://www.nixgraphix.co.za/sitemap.xml" "Mozilla/5.0 AppleWebKit/537.36 (KHTML, like Gecko; compatible; GPTBot/1.4; +https://openai.com/gptbot)" www.nixgraphix.co.za 10.54.160.14
74.7.241.55 - - [28/Aug/2026:08:44:37 -0500] "GET /pin/f7516c5430318 HTTP/2.0" 404 20434 "https://www.nixgraphix.co.za/sitemap.xml" "Mozilla/5.0 AppleWebKit/537.36 (KHTML, like Gecko; compatible; GPTBot/1.4; +https://openai.com/gptbot)" www.nixgraphix.co.za 10.54.160.14
