74.7.241.55 - - [28/Aug/2026:08:44:38 -0500] "GET /pin/bc50193886967 HTTP/2.0" 404 20434 "https://www.nixgraphix.co.za/sitemap.xml" "Mozilla/5.0 AppleWebKit/537.36 (KHTML, like Gecko; compatible; GPTBot/1.4; +https://openai.com/gptbot)" www.nixgraphix.co.za 10.54.160.14
74.7.241.55 - - [28/Aug/2026:08:44:38 -0500] "GET /pin/66e71c3086254 HTTP/2.0" 404 20434 "https://www.nixgraphix.co.za/sitemap.xml" "Mozilla/5.0 AppleWebKit/537.36 (KHTML, like Gecko; compatible; GPTBot/1.4; +https://openai.com/gptbot)" www.nixgraphix.co.za 10.54.160.14
192.178.4.130 - - [28/Aug/2026:08:44:39 -0500] "GET /pin/5e27232655525 HTTP/1.1" 200 43882 "-" "Mozilla/5.0 (Linux; Android 6.0.1; Nexus 5X Build/MMB29P) AppleWebKit/537.36 (KHTML, like Gecko) Chrome/151.0.7922.173 Mobile Safari/537.36 (compatible; GoogleOther)" www.nixgraphix.co.za 10.54.160.14
74.7.241.55 - - [28/Aug/2026:08:44:39 -0500] "GET /pin/f3482d2109464 HTTP/2.0" 404 20434 "https://www.nixgraphix.co.za/sitemap.xml" "Mozilla/5.0 AppleWebKit/537.36 (KHTML, like Gecko; compatible; GPTBot/1.4; +https://openai.com/gptbot)" www.nixgraphix.co.za 10.54.160.14
74.7.241.55 - - [28/Aug/2026:08:44:40 -0500] "GET /pin/75de603213188 HTTP/2.0" 404 20434 "https://www.nixgraphix.co.za/sitemap.xml" "Mozilla/5.0 AppleWebKit/537.36 (KHTML, like Gecko; compatible; GPTBot/1.4; +https://openai.com/gptbot)" www.nixgraphix.co.za 10.54.160.14
74.7.241.55 - - [28/Aug/2026:08:44:40 -0500] "GET /pin/04da992797561 HTTP/2.0" 404 20434 "https://www.nixgraphix.co.za/sitemap.xml" "Mozilla/5.0 AppleWebKit/537.36 (KHTML, like Gecko; compatible; GPTBot/1.4; +https://openai.com/gptbot)" www.nixgraphix.co.za 10.54.160.14
74.7.241.55 - - [28/Aug/2026:08:44:41 -0500] "GET /pin/d86a883154692 HTTP/2.0" 404 20434 "https://www.nixgraphix.co.za/sitemap.xml" "Mozilla/5.0 AppleWebKit/537.36 (KHTML, like Gecko; compatible; GPTBot/1.4; +https://openai.com/gptbot)" www.nixgraphix.co.za 10.54.160.14
74.7.241.55 - - [28/Aug/2026:08:44:42 -0500] "GET /pin/1e10c14380562 HTTP/2.0" 404 20434 "https://www.nixgraphix.co.za/sitemap.xml" "Mozilla/5.0 AppleWebKit/537.36 (KHTML, like Gecko; compatible; GPTBot/1.4; +https://openai.com/gptbot)" www.nixgraphix.co.za 10.54.160.14
74.7.241.55 - - [28/Aug/2026:08:44:42 -0500] "GET /pin/397b8d1406135 HTTP/2.0" 404 20434 "https://www.nixgraphix.co.za/sitemap.xml" "Mozilla/5.0 AppleWebKit/537.36 (KHTML, like Gecko; compatible; GPTBot/1.4; +https://openai.com/gptbot)" www.nixgraphix.co.za 10.54.160.14
74.7.241.55 - - [28/Aug/2026:08:44:43 -0500] "GET /pin/6d60e14950487 HTTP/2.0" 404 20434 "https://www.nixgraphix.co.za/sitemap.xml" "Mozilla/5.0 AppleWebKit/537.36 (KHTML, like Gecko; compatible; GPTBot/1.4; +https://openai.com/gptbot)" www.nixgraphix.co.za 10.54.160.14
74.7.241.55 - - [28/Aug/2026:08:44:43 -0500] "GET /pin/066ef13218534 HTTP/2.0" 404 20434 "https://www.nixgraphix.co.za/sitemap.xml" "Mozilla/5.0 AppleWebKit/537.36 (KHTML, like Gecko; compatible; GPTBot/1.4; +https://openai.com/gptbot)" www.nixgraphix.co.za 10.54.160.14
192.178.4.130 - - [28/Aug/2026:08:44:44 -0500] "GET /pin/41a3705587082 HTTP/1.1" 200 42031 "-" "Mozilla/5.0 (Linux; Android 6.0.1; Nexus 5X Build/MMB29P) AppleWebKit/537.36 (KHTML, like Gecko) Chrome/151.0.7922.173 Mobile Safari/537.36 (compatible; GoogleOther)" www.nixgraphix.co.za 10.54.160.14
74.7.241.55 - - [28/Aug/2026:08:44:44 -0500] "GET /pin/5c207e2938745 HTTP/2.0" 404 20434 "https://www.nixgraphix.co.za/sitemap.xml" "Mozilla/5.0 AppleWebKit/537.36 (KHTML, like Gecko; compatible; GPTBot/1.4; +https://openai.com/gptbot)" www.nixgraphix.co.za 10.54.160.14
74.7.241.55 - - [28/Aug/2026:08:44:45 -0500] "GET /pin/b940a25338612 HTTP/2.0" 404 20434 "https://www.nixgraphix.co.za/sitemap.xml" "Mozilla/5.0 AppleWebKit/537.36 (KHTML, like Gecko; compatible; GPTBot/1.4; +https://openai.com/gptbot)" www.nixgraphix.co.za 10.54.160.14
74.7.241.55 - - [28/Aug/2026:08:44:45 -0500] "GET /pin/2a3c195190186 HTTP/2.0" 404 20434 "https://www.nixgraphix.co.za/sitemap.xml" "Mozilla/5.0 AppleWebKit/537.36 (KHTML, like Gecko; compatible; GPTBot/1.4; +https://openai.com/gptbot)" www.nixgraphix.co.za 10.54.160.14
74.7.241.55 - - [28/Aug/2026:08:44:46 -0500] "GET /pin/29d3e51762614 HTTP/2.0" 404 20434 "https://www.nixgraphix.co.za/sitemap.xml" "Mozilla/5.0 AppleWebKit/537.36 (KHTML, like Gecko; compatible; GPTBot/1.4; +https://openai.com/gptbot)" www.nixgraphix.co.za 10.54.160.14
74.7.241.55 - - [28/Aug/2026:08:44:46 -0500] "GET /pin/e975a21912840 HTTP/2.0" 404 20434 "https://www.nixgraphix.co.za/sitemap.xml" "Mozilla/5.0 AppleWebKit/537.36 (KHTML, like Gecko; compatible; GPTBot/1.4; +https://openai.com/gptbot)" www.nixgraphix.co.za 10.54.160.14
74.7.241.55 - - [28/Aug/2026:08:44:47 -0500] "GET /pin/c5475e4916508 HTTP/2.0" 404 20434 "https://www.nixgraphix.co.za/sitemap.xml" "Mozilla/5.0 AppleWebKit/537.36 (KHTML, like Gecko; compatible; GPTBot/1.4; +https://openai.com/gptbot)" www.nixgraphix.co.za 10.54.160.14
74.7.241.55 - - [28/Aug/2026:08:44:47 -0500] "GET /pin/c390a85703216 HTTP/2.0" 404 20434 "https://www.nixgraphix.co.za/sitemap.xml" "Mozilla/5.0 AppleWebKit/537.36 (KHTML, like Gecko; compatible; GPTBot/1.4; +https://openai.com/gptbot)" www.nixgraphix.co.za 10.54.160.14
74.7.241.55 - - [28/Aug/2026:08:44:48 -0500] "GET /pin/d2e5762319250 HTTP/2.0" 404 20434 "https://www.nixgraphix.co.za/sitemap.xml" "Mozilla/5.0 AppleWebKit/537.36 (KHTML, like Gecko; compatible; GPTBot/1.4; +https://openai.com/gptbot)" www.nixgraphix.co.za 10.54.160.14
74.7.241.55 - - [28/Aug/2026:08:44:48 -0500] "GET /pin/8d36b83407612 HTTP/2.0" 404 20434 "https://www.nixgraphix.co.za/sitemap.xml" "Mozilla/5.0 AppleWebKit/537.36 (KHTML, like Gecko; compatible; GPTBot/1.4; +https://openai.com/gptbot)" www.nixgraphix.co.za 10.54.160.14
192.178.4.131 - - [28/Aug/2026:08:44:49 -0500] "GET /pin/7fea091341021 HTTP/1.1" 200 41175 "-" "Mozilla/5.0 (Linux; Android 6.0.1; Nexus 5X Build/MMB29P) AppleWebKit/537.36 (KHTML, like Gecko) Chrome/151.0.7922.173 Mobile Safari/537.36 (compatible; GoogleOther)" www.nixgraphix.co.za 10.54.160.14
74.7.241.55 - - [28/Aug/2026:08:44:49 -0500] "GET /pin/39a41b3765022 HTTP/2.0" 404 20434 "https://www.nixgraphix.co.za/sitemap.xml" "Mozilla/5.0 AppleWebKit/537.36 (KHTML, like Gecko; compatible; GPTBot/1.4; +https://openai.com/gptbot)" www.nixgraphix.co.za 10.54.160.14
74.7.241.55 - - [28/Aug/2026:08:44:50 -0500] "GET /pin/043c9b2717238 HTTP/2.0" 404 20434 "https://www.nixgraphix.co.za/sitemap.xml" "Mozilla/5.0 AppleWebKit/537.36 (KHTML, like Gecko; compatible; GPTBot/1.4; +https://openai.com/gptbot)" www.nixgraphix.co.za 10.54.160.14
74.7.241.55 - - [28/Aug/2026:08:44:50 -0500] "GET /pin/08c25d1975400 HTTP/2.0" 404 20434 "https://www.nixgraphix.co.za/sitemap.xml" "Mozilla/5.0 AppleWebKit/537.36 (KHTML, like Gecko; compatible; GPTBot/1.4; +https://openai.com/gptbot)" www.nixgraphix.co.za 10.54.160.14
74.7.241.55 - - [28/Aug/2026:08:44:51 -0500] "GET /pin/f52a472319616 HTTP/2.0" 404 20434 "https://www.nixgraphix.co.za/sitemap.xml" "Mozilla/5.0 AppleWebKit/537.36 (KHTML, like Gecko; compatible; GPTBot/1.4; +https://openai.com/gptbot)" www.nixgraphix.co.za 10.54.160.14
74.7.241.55 - - [28/Aug/2026:08:44:51 -0500] "GET /pin/673a0e2304259 HTTP/2.0" 404 20434 "https://www.nixgraphix.co.za/sitemap.xml" "Mozilla/5.0 AppleWebKit/537.36 (KHTML, like Gecko; compatible; GPTBot/1.4; +https://openai.com/gptbot)" www.nixgraphix.co.za 10.54.160.14
74.7.241.55 - - [28/Aug/2026:08:44:52 -0500] "GET /pin/10d3a32805698 HTTP/2.0" 404 20434 "https://www.nixgraphix.co.za/sitemap.xml" "Mozilla/5.0 AppleWebKit/537.36 (KHTML, like Gecko; compatible; GPTBot/1.4; +https://openai.com/gptbot)" www.nixgraphix.co.za 10.54.160.14
192.178.4.131 - - [28/Aug/2026:08:44:53 -0500] "GET /pin/e269732048416 HTTP/1.1" 200 44994 "-" "Mozilla/5.0 (Linux; Android 6.0.1; Nexus 5X Build/MMB29P) AppleWebKit/537.36 (KHTML, like Gecko) Chrome/151.0.7922.173 Mobile Safari/537.36 (compatible; GoogleOther)" www.nixgraphix.co.za 10.54.160.14
74.7.241.55 - - [28/Aug/2026:08:44:52 -0500] "GET /pin/05fe871646375 HTTP/2.0" 404 20434 "https://www.nixgraphix.co.za/sitemap.xml" "Mozilla/5.0 AppleWebKit/537.36 (KHTML, like Gecko; compatible; GPTBot/1.4; +https://openai.com/gptbot)" www.nixgraphix.co.za 10.54.160.14
74.7.241.55 - - [28/Aug/2026:08:44:53 -0500] "GET /pin/e89a942117305 HTTP/2.0" 404 20434 "https://www.nixgraphix.co.za/sitemap.xml" "Mozilla/5.0 AppleWebKit/537.36 (KHTML, like Gecko; compatible; GPTBot/1.4; +https://openai.com/gptbot)" www.nixgraphix.co.za 10.54.160.14
74.7.241.55 - - [28/Aug/2026:08:44:54 -0500] "GET /pin/ad32015434367 HTTP/2.0" 404 20434 "https://www.nixgraphix.co.za/sitemap.xml" "Mozilla/5.0 AppleWebKit/537.36 (KHTML, like Gecko; compatible; GPTBot/1.4; +https://openai.com/gptbot)" www.nixgraphix.co.za 10.54.160.14
74.7.241.55 - - [28/Aug/2026:08:44:54 -0500] "GET /pin/ab09163681705 HTTP/2.0" 404 20434 "https://www.nixgraphix.co.za/sitemap.xml" "Mozilla/5.0 AppleWebKit/537.36 (KHTML, like Gecko; compatible; GPTBot/1.4; +https://openai.com/gptbot)" www.nixgraphix.co.za 10.54.160.14
74.7.241.55 - - [28/Aug/2026:08:44:55 -0500] "GET /pin/d6955b4287439 HTTP/2.0" 404 20434 "https://www.nixgraphix.co.za/sitemap.xml" "Mozilla/5.0 AppleWebKit/537.36 (KHTML, like Gecko; compatible; GPTBot/1.4; +https://openai.com/gptbot)" www.nixgraphix.co.za 10.54.160.14
74.7.241.55 - - [28/Aug/2026:08:44:55 -0500] "GET /pin/d9081e2475027 HTTP/2.0" 404 20434 "https://www.nixgraphix.co.za/sitemap.xml" "Mozilla/5.0 AppleWebKit/537.36 (KHTML, like Gecko; compatible; GPTBot/1.4; +https://openai.com/gptbot)" www.nixgraphix.co.za 10.54.160.14
74.7.241.55 - - [28/Aug/2026:08:44:56 -0500] "GET /pin/5c878a1326477 HTTP/2.0" 404 20434 "https://www.nixgraphix.co.za/sitemap.xml" "Mozilla/5.0 AppleWebKit/537.36 (KHTML, like Gecko; compatible; GPTBot/1.4; +https://openai.com/gptbot)" www.nixgraphix.co.za 10.54.160.14
74.7.241.55 - - [28/Aug/2026:08:44:57 -0500] "GET /pin/d8f3595471063 HTTP/2.0" 404 20434 "https://www.nixgraphix.co.za/sitemap.xml" "Mozilla/5.0 AppleWebKit/537.36 (KHTML, like Gecko; compatible; GPTBot/1.4; +https://openai.com/gptbot)" www.nixgraphix.co.za 10.54.160.14
74.7.241.55 - - [28/Aug/2026:08:44:57 -0500] "GET /pin/5ea9654173725 HTTP/2.0" 404 20434 "https://www.nixgraphix.co.za/sitemap.xml" "Mozilla/5.0 AppleWebKit/537.36 (KHTML, like Gecko; compatible; GPTBot/1.4; +https://openai.com/gptbot)" www.nixgraphix.co.za 10.54.160.14
192.178.4.131 - - [28/Aug/2026:08:44:58 -0500] "GET /pin/237f364515785 HTTP/1.1" 200 41229 "-" "Mozilla/5.0 (Linux; Android 6.0.1; Nexus 5X Build/MMB29P) AppleWebKit/537.36 (KHTML, like Gecko) Chrome/151.0.7922.173 Mobile Safari/537.36 (compatible; GoogleOther)" www.nixgraphix.co.za 10.54.160.14
74.7.241.55 - - [28/Aug/2026:08:44:58 -0500] "GET /pin/4639ce3252857 HTTP/2.0" 404 20434 "https://www.nixgraphix.co.za/sitemap.xml" "Mozilla/5.0 AppleWebKit/537.36 (KHTML, like Gecko; compatible; GPTBot/1.4; +https://openai.com/gptbot)" www.nixgraphix.co.za 10.54.160.14
74.7.241.55 - - [28/Aug/2026:08:44:58 -0500] "GET /pin/a4818f3279875 HTTP/2.0" 404 20434 "https://www.nixgraphix.co.za/sitemap.xml" "Mozilla/5.0 AppleWebKit/537.36 (KHTML, like Gecko; compatible; GPTBot/1.4; +https://openai.com/gptbot)" www.nixgraphix.co.za 10.54.160.14
74.7.241.55 - - [28/Aug/2026:08:44:59 -0500] "GET /pin/0c62d65592487 HTTP/2.0" 404 20434 "https://www.nixgraphix.co.za/sitemap.xml" "Mozilla/5.0 AppleWebKit/537.36 (KHTML, like Gecko; compatible; GPTBot/1.4; +https://openai.com/gptbot)" www.nixgraphix.co.za 10.54.160.14
74.7.241.55 - - [28/Aug/2026:08:44:59 -0500] "GET /pin/8bd9445176534 HTTP/2.0" 404 20434 "https://www.nixgraphix.co.za/sitemap.xml" "Mozilla/5.0 AppleWebKit/537.36 (KHTML, like Gecko; compatible; GPTBot/1.4; +https://openai.com/gptbot)" www.nixgraphix.co.za 10.54.160.14
74.7.241.55 - - [28/Aug/2026:08:45:00 -0500] "GET /pin/71d0c91896315 HTTP/2.0" 404 20434 "https://www.nixgraphix.co.za/sitemap.xml" "Mozilla/5.0 AppleWebKit/537.36 (KHTML, like Gecko; compatible; GPTBot/1.4; +https://openai.com/gptbot)" www.nixgraphix.co.za 10.54.160.14
74.7.241.55 - - [28/Aug/2026:08:45:01 -0500] "GET /pin/014cf63869233 HTTP/2.0" 404 20434 "https://www.nixgraphix.co.za/sitemap.xml" "Mozilla/5.0 AppleWebKit/537.36 (KHTML, like Gecko; compatible; GPTBot/1.4; +https://openai.com/gptbot)" www.nixgraphix.co.za 10.54.160.14
74.7.241.55 - - [28/Aug/2026:08:45:01 -0500] "GET /pin/2386ca4612479 HTTP/2.0" 404 20434 "https://www.nixgraphix.co.za/sitemap.xml" "Mozilla/5.0 AppleWebKit/537.36 (KHTML, like Gecko; compatible; GPTBot/1.4; +https://openai.com/gptbot)" www.nixgraphix.co.za 10.54.160.14
192.178.4.132 - - [28/Aug/2026:08:45:02 -0500] "GET /pin/05241088637 HTTP/1.1" 200 41775 "-" "Mozilla/5.0 (Linux; Android 6.0.1; Nexus 5X Build/MMB29P) AppleWebKit/537.36 (KHTML, like Gecko) Chrome/151.0.7922.173 Mobile Safari/537.36 (compatible; GoogleOther)" www.nixgraphix.co.za 10.54.160.14
74.7.241.55 - - [28/Aug/2026:08:45:02 -0500] "GET /pin/f9016a1450824 HTTP/2.0" 404 20434 "https://www.nixgraphix.co.za/sitemap.xml" "Mozilla/5.0 AppleWebKit/537.36 (KHTML, like Gecko; compatible; GPTBot/1.4; +https://openai.com/gptbot)" www.nixgraphix.co.za 10.54.160.14
74.7.241.55 - - [28/Aug/2026:08:45:03 -0500] "GET /pin/7f53c32461827 HTTP/2.0" 404 20434 "https://www.nixgraphix.co.za/sitemap.xml" "Mozilla/5.0 AppleWebKit/537.36 (KHTML, like Gecko; compatible; GPTBot/1.4; +https://openai.com/gptbot)" www.nixgraphix.co.za 10.54.160.14
74.7.241.55 - - [28/Aug/2026:08:45:03 -0500] "GET /pin/902095284440 HTTP/2.0" 301 - "https://www.nixgraphix.co.za/sitemap.xml" "Mozilla/5.0 AppleWebKit/537.36 (KHTML, like Gecko; compatible; GPTBot/1.4; +https://openai.com/gptbot)" www.nixgraphix.co.za 10.54.160.14
74.7.241.55 - - [28/Aug/2026:08:45:04 -0500] "GET /2026/06/15/pinco-online-kazino-pinko-2026-t-hluk-sizlik-v-m-lumatlarin-muhafiz-si/902095284440/ HTTP/2.0" 301 - "https://www.nixgraphix.co.za/pin/902095284440" "Mozilla/5.0 AppleWebKit/537.36 (KHTML, like Gecko; compatible; GPTBot/1.4; +https://openai.com/gptbot)" www.nixgraphix.co.za 10.54.160.14
74.7.241.55 - - [28/Aug/2026:08:45:04 -0500] "GET /pin/000205668944 HTTP/2.0" 301 - "https://www.nixgraphix.co.za/sitemap.xml" "Mozilla/5.0 AppleWebKit/537.36 (KHTML, like Gecko; compatible; GPTBot/1.4; +https://openai.com/gptbot)" www.nixgraphix.co.za 10.54.160.14
74.7.241.55 - - [28/Aug/2026:08:45:04 -0500] "GET /2026/06/15/pinco-online-kazino-pinko-2026-t-hluk-sizlik-v-m-lumatlarin-muhafiz-si/205668944/ HTTP/2.0" 301 - "https://www.nixgraphix.co.za/pin/000205668944" "Mozilla/5.0 AppleWebKit/537.36 (KHTML, like Gecko; compatible; GPTBot/1.4; +https://openai.com/gptbot)" www.nixgraphix.co.za 10.54.160.14
74.7.241.55 - - [28/Aug/2026:08:45:05 -0500] "GET /pin/370003533716 HTTP/2.0" 301 - "https://www.nixgraphix.co.za/sitemap.xml" "Mozilla/5.0 AppleWebKit/537.36 (KHTML, like Gecko; compatible; GPTBot/1.4; +https://openai.com/gptbot)" www.nixgraphix.co.za 10.54.160.14
74.7.241.55 - - [28/Aug/2026:08:45:05 -0500] "GET /2026/06/15/pinco-online-kazino-pinko-2026-t-hluk-sizlik-v-m-lumatlarin-muhafiz-si/370003533716/ HTTP/2.0" 301 - "https://www.nixgraphix.co.za/pin/370003533716" "Mozilla/5.0 AppleWebKit/537.36 (KHTML, like Gecko; compatible; GPTBot/1.4; +https://openai.com/gptbot)" www.nixgraphix.co.za 10.54.160.14
74.7.241.55 - - [28/Aug/2026:08:45:05 -0500] "GET /pin/092886661586 HTTP/2.0" 301 - "https://www.nixgraphix.co.za/sitemap.xml" "Mozilla/5.0 AppleWebKit/537.36 (KHTML, like Gecko; compatible; GPTBot/1.4; +https://openai.com/gptbot)" www.nixgraphix.co.za 10.54.160.14
74.7.241.55 - - [28/Aug/2026:08:45:05 -0500] "GET /2026/06/15/pinco-online-kazino-pinko-2026-t-hluk-sizlik-v-m-lumatlarin-muhafiz-si/92886661586/ HTTP/2.0" 301 - "https://www.nixgraphix.co.za/pin/092886661586" "Mozilla/5.0 AppleWebKit/537.36 (KHTML, like Gecko; compatible; GPTBot/1.4; +https://openai.com/gptbot)" www.nixgraphix.co.za 10.54.160.14
74.7.241.55 - - [28/Aug/2026:08:45:06 -0500] "GET /pin/539555965734 HTTP/2.0" 301 - "https://www.nixgraphix.co.za/sitemap.xml" "Mozilla/5.0 AppleWebKit/537.36 (KHTML, like Gecko; compatible; GPTBot/1.4; +https://openai.com/gptbot)" www.nixgraphix.co.za 10.54.160.14
74.7.241.55 - - [28/Aug/2026:08:45:06 -0500] "GET /2026/06/15/pinco-online-kazino-pinko-2026-t-hluk-sizlik-v-m-lumatlarin-muhafiz-si/539555965734/ HTTP/2.0" 301 - "https://www.nixgraphix.co.za/pin/539555965734" "Mozilla/5.0 AppleWebKit/537.36 (KHTML, like Gecko; compatible; GPTBot/1.4; +https://openai.com/gptbot)" www.nixgraphix.co.za 10.54.160.14
74.7.241.55 - - [28/Aug/2026:08:45:06 -0500] "GET /pin/a2222c3947553 HTTP/2.0" 404 20434 "https://www.nixgraphix.co.za/sitemap.xml" "Mozilla/5.0 AppleWebKit/537.36 (KHTML, like Gecko; compatible; GPTBot/1.4; +https://openai.com/gptbot)" www.nixgraphix.co.za 10.54.160.14
74.7.241.55 - - [28/Aug/2026:08:45:07 -0500] "GET /pin/d3b9703755552 HTTP/2.0" 404 20434 "https://www.nixgraphix.co.za/sitemap.xml" "Mozilla/5.0 AppleWebKit/537.36 (KHTML, like Gecko; compatible; GPTBot/1.4; +https://openai.com/gptbot)" www.nixgraphix.co.za 10.54.160.14
74.7.241.55 - - [28/Aug/2026:08:45:07 -0500] "GET /pin/adbb424962047 HTTP/2.0" 404 20434 "https://www.nixgraphix.co.za/sitemap.xml" "Mozilla/5.0 AppleWebKit/537.36 (KHTML, like Gecko; compatible; GPTBot/1.4; +https://openai.com/gptbot)" www.nixgraphix.co.za 10.54.160.14
192.178.4.130 - - [28/Aug/2026:08:45:08 -0500] "GET /pin/19c9301829694 HTTP/1.1" 200 42591 "-" "Mozilla/5.0 (Linux; Android 6.0.1; Nexus 5X Build/MMB29P) AppleWebKit/537.36 (KHTML, like Gecko) Chrome/151.0.7922.173 Mobile Safari/537.36 (compatible; GoogleOther)" www.nixgraphix.co.za 10.54.160.14
74.7.241.55 - - [28/Aug/2026:08:45:08 -0500] "GET /pin/cbb99d4804416 HTTP/2.0" 404 20434 "https://www.nixgraphix.co.za/sitemap.xml" "Mozilla/5.0 AppleWebKit/537.36 (KHTML, like Gecko; compatible; GPTBot/1.4; +https://openai.com/gptbot)" www.nixgraphix.co.za 10.54.160.14
74.7.241.55 - - [28/Aug/2026:08:45:09 -0500] "GET /pin/c2b2eb1109966 HTTP/2.0" 404 20434 "https://www.nixgraphix.co.za/sitemap.xml" "Mozilla/5.0 AppleWebKit/537.36 (KHTML, like Gecko; compatible; GPTBot/1.4; +https://openai.com/gptbot)" www.nixgraphix.co.za 10.54.160.14
74.7.241.55 - - [28/Aug/2026:08:45:09 -0500] "GET /pin/ada22f2185791 HTTP/2.0" 404 20434 "https://www.nixgraphix.co.za/sitemap.xml" "Mozilla/5.0 AppleWebKit/537.36 (KHTML, like Gecko; compatible; GPTBot/1.4; +https://openai.com/gptbot)" www.nixgraphix.co.za 10.54.160.14
121.139.173.249 - - [28/Aug/2026:08:45:09 -0500] "GET /2026/07/13/code-promo-cadeau-1xbet-2027-1xmove777-cadeau-de-bienvenue/ HTTP/1.1" 404 20434 "https://www.nixgraphix.co.za/" "Mozilla/5.0 (X11; Linux x86_64) AppleWebKit/537.36 (KHTML, like Gecko) Chrome/146.0.0.0 Safari/537.36" www.nixgraphix.co.za 10.54.160.14
74.7.241.55 - - [28/Aug/2026:08:45:10 -0500] "GET /pin/ad21be1722422 HTTP/2.0" 404 20434 "https://www.nixgraphix.co.za/sitemap.xml" "Mozilla/5.0 AppleWebKit/537.36 (KHTML, like Gecko; compatible; GPTBot/1.4; +https://openai.com/gptbot)" www.nixgraphix.co.za 10.54.160.14
74.7.241.55 - - [28/Aug/2026:08:45:10 -0500] "GET /pin/1aea8b1215945 HTTP/2.0" 404 20434 "https://www.nixgraphix.co.za/sitemap.xml" "Mozilla/5.0 AppleWebKit/537.36 (KHTML, like Gecko; compatible; GPTBot/1.4; +https://openai.com/gptbot)" www.nixgraphix.co.za 10.54.160.14
121.139.173.249 - - [28/Aug/2026:08:45:11 -0500] "GET / HTTP/1.1" 200 23541 "-" "Mozilla/5.0 (X11; Linux x86_64) AppleWebKit/537.36 (KHTML, like Gecko) Chrome/146.0.0.0 Safari/537.36" www.nixgraphix.co.za 10.54.160.14
74.7.241.55 - - [28/Aug/2026:08:45:11 -0500] "GET /pin/6aecb64564140 HTTP/2.0" 404 20434 "https://www.nixgraphix.co.za/sitemap.xml" "Mozilla/5.0 AppleWebKit/537.36 (KHTML, like Gecko; compatible; GPTBot/1.4; +https://openai.com/gptbot)" www.nixgraphix.co.za 10.54.160.14
192.178.4.130 - - [28/Aug/2026:08:45:12 -0500] "GET /pin/f38b401449912 HTTP/1.1" 200 45469 "-" "Mozilla/5.0 (Linux; Android 6.0.1; Nexus 5X Build/MMB29P) AppleWebKit/537.36 (KHTML, like Gecko) Chrome/151.0.7922.173 Mobile Safari/537.36 (compatible; GoogleOther)" www.nixgraphix.co.za 10.54.160.14
74.7.241.55 - - [28/Aug/2026:08:45:11 -0500] "GET /pin/a6ee4a1056276 HTTP/2.0" 404 20434 "https://www.nixgraphix.co.za/sitemap.xml" "Mozilla/5.0 AppleWebKit/537.36 (KHTML, like Gecko; compatible; GPTBot/1.4; +https://openai.com/gptbot)" www.nixgraphix.co.za 10.54.160.14
74.7.241.55 - - [28/Aug/2026:08:45:12 -0500] "GET /pin/8ecb1f4404242 HTTP/2.0" 404 20434 "https://www.nixgraphix.co.za/sitemap.xml" "Mozilla/5.0 AppleWebKit/537.36 (KHTML, like Gecko; compatible; GPTBot/1.4; +https://openai.com/gptbot)" www.nixgraphix.co.za 10.54.160.14
121.139.173.249 - - [28/Aug/2026:08:45:12 -0500] "GET /2026/08/28/15-top-internet-casino-online-game-organization-in-the-2026/ HTTP/1.1" 200 22539 "https://www.nixgraphix.co.za" "Mozilla/5.0 (X11; Linux x86_64) AppleWebKit/537.36 (KHTML, like Gecko) Chrome/146.0.0.0 Safari/537.36" www.nixgraphix.co.za 10.54.160.14
74.7.241.55 - - [28/Aug/2026:08:45:13 -0500] "GET /pin/0aa9fa2501735 HTTP/2.0" 404 20434 "https://www.nixgraphix.co.za/sitemap.xml" "Mozilla/5.0 AppleWebKit/537.36 (KHTML, like Gecko; compatible; GPTBot/1.4; +https://openai.com/gptbot)" www.nixgraphix.co.za 10.54.160.14
74.7.241.55 - - [28/Aug/2026:08:45:13 -0500] "GET /pin/bafd053625050 HTTP/2.0" 404 20434 "https://www.nixgraphix.co.za/sitemap.xml" "Mozilla/5.0 AppleWebKit/537.36 (KHTML, like Gecko; compatible; GPTBot/1.4; +https://openai.com/gptbot)" www.nixgraphix.co.za 10.54.160.14
74.7.241.55 - - [28/Aug/2026:08:45:14 -0500] "GET /pin/cdd90d5432292 HTTP/2.0" 404 20434 "https://www.nixgraphix.co.za/sitemap.xml" "Mozilla/5.0 AppleWebKit/537.36 (KHTML, like Gecko; compatible; GPTBot/1.4; +https://openai.com/gptbot)" www.nixgraphix.co.za 10.54.160.14
74.7.241.55 - - [28/Aug/2026:08:45:14 -0500] "GET /pin/be7ce33090101 HTTP/2.0" 404 20434 "https://www.nixgraphix.co.za/sitemap.xml" "Mozilla/5.0 AppleWebKit/537.36 (KHTML, like Gecko; compatible; GPTBot/1.4; +https://openai.com/gptbot)" www.nixgraphix.co.za 10.54.160.14
74.7.241.55 - - [28/Aug/2026:08:45:15 -0500] "GET /pin/3640b4919051 HTTP/2.0" 404 20434 "https://www.nixgraphix.co.za/sitemap.xml" "Mozilla/5.0 AppleWebKit/537.36 (KHTML, like Gecko; compatible; GPTBot/1.4; +https://openai.com/gptbot)" www.nixgraphix.co.za 10.54.160.14
74.7.241.55 - - [28/Aug/2026:08:45:15 -0500] "GET /pin/63c775963491 HTTP/2.0" 404 20434 "https://www.nixgraphix.co.za/sitemap.xml" "Mozilla/5.0 AppleWebKit/537.36 (KHTML, like Gecko; compatible; GPTBot/1.4; +https://openai.com/gptbot)" www.nixgraphix.co.za 10.54.160.14
192.178.4.130 - - [28/Aug/2026:08:45:16 -0500] "GET /pin/e2b1da1888722 HTTP/1.1" 200 42131 "-" "Mozilla/5.0 (Linux; Android 6.0.1; Nexus 5X Build/MMB29P) AppleWebKit/537.36 (KHTML, like Gecko) Chrome/151.0.7922.173 Mobile Safari/537.36 (compatible; GoogleOther)" www.nixgraphix.co.za 10.54.160.14
74.7.241.55 - - [28/Aug/2026:08:45:16 -0500] "GET /pin/75223c130967 HTTP/2.0" 404 20434 "https://www.nixgraphix.co.za/sitemap.xml" "Mozilla/5.0 AppleWebKit/537.36 (KHTML, like Gecko; compatible; GPTBot/1.4; +https://openai.com/gptbot)" www.nixgraphix.co.za 10.54.160.14
74.7.241.55 - - [28/Aug/2026:08:45:17 -0500] "GET /pin/d76720341837 HTTP/2.0" 404 20434 "https://www.nixgraphix.co.za/sitemap.xml" "Mozilla/5.0 AppleWebKit/537.36 (KHTML, like Gecko; compatible; GPTBot/1.4; +https://openai.com/gptbot)" www.nixgraphix.co.za 10.54.160.14
74.7.241.55 - - [28/Aug/2026:08:45:17 -0500] "GET /pin/488a13897763 HTTP/2.0" 404 20434 "https://www.nixgraphix.co.za/sitemap.xml" "Mozilla/5.0 AppleWebKit/537.36 (KHTML, like Gecko; compatible; GPTBot/1.4; +https://openai.com/gptbot)" www.nixgraphix.co.za 10.54.160.14
74.7.241.55 - - [28/Aug/2026:08:45:18 -0500] "GET /pin/110f22751787 HTTP/2.0" 404 20434 "https://www.nixgraphix.co.za/sitemap.xml" "Mozilla/5.0 AppleWebKit/537.36 (KHTML, like Gecko; compatible; GPTBot/1.4; +https://openai.com/gptbot)" www.nixgraphix.co.za 10.54.160.14
74.7.241.55 - - [28/Aug/2026:08:45:19 -0500] "GET /pin/5b4467175194 HTTP/2.0" 404 20434 "https://www.nixgraphix.co.za/sitemap.xml" "Mozilla/5.0 AppleWebKit/537.36 (KHTML, like Gecko; compatible; GPTBot/1.4; +https://openai.com/gptbot)" www.nixgraphix.co.za 10.54.160.14
74.7.241.55 - - [28/Aug/2026:08:45:19 -0500] "GET /pin/118e44791202 HTTP/2.0" 404 20434 "https://www.nixgraphix.co.za/sitemap.xml" "Mozilla/5.0 AppleWebKit/537.36 (KHTML, like Gecko; compatible; GPTBot/1.4; +https://openai.com/gptbot)" www.nixgraphix.co.za 10.54.160.14
74.7.241.55 - - [28/Aug/2026:08:45:20 -0500] "GET /pin/20421d433709 HTTP/2.0" 404 20434 "https://www.nixgraphix.co.za/sitemap.xml" "Mozilla/5.0 AppleWebKit/537.36 (KHTML, like Gecko; compatible; GPTBot/1.4; +https://openai.com/gptbot)" www.nixgraphix.co.za 10.54.160.14
74.7.241.55 - - [28/Aug/2026:08:45:20 -0500] "GET /pin/5645a1746001 HTTP/2.0" 404 20434 "https://www.nixgraphix.co.za/sitemap.xml" "Mozilla/5.0 AppleWebKit/537.36 (KHTML, like Gecko; compatible; GPTBot/1.4; +https://openai.com/gptbot)" www.nixgraphix.co.za 10.54.160.14
192.178.4.130 - - [28/Aug/2026:08:45:21 -0500] "GET /pin/f1b89972442 HTTP/1.1" 200 40621 "-" "Mozilla/5.0 (Linux; Android 6.0.1; Nexus 5X Build/MMB29P) AppleWebKit/537.36 (KHTML, like Gecko) Chrome/151.0.7922.173 Mobile Safari/537.36 (compatible; GoogleOther)" www.nixgraphix.co.za 10.54.160.14
74.7.241.55 - - [28/Aug/2026:08:45:21 -0500] "GET /pin/1b6225894145 HTTP/2.0" 404 20434 "https://www.nixgraphix.co.za/sitemap.xml" "Mozilla/5.0 AppleWebKit/537.36 (KHTML, like Gecko; compatible; GPTBot/1.4; +https://openai.com/gptbot)" www.nixgraphix.co.za 10.54.160.14
74.7.241.55 - - [28/Aug/2026:08:45:22 -0500] "GET /pin/684d34606892 HTTP/2.0" 404 20434 "https://www.nixgraphix.co.za/sitemap.xml" "Mozilla/5.0 AppleWebKit/537.36 (KHTML, like Gecko; compatible; GPTBot/1.4; +https://openai.com/gptbot)" www.nixgraphix.co.za 10.54.160.14
74.7.241.55 - - [28/Aug/2026:08:45:22 -0500] "GET /pin/45f642914656 HTTP/2.0" 404 20434 "https://www.nixgraphix.co.za/sitemap.xml" "Mozilla/5.0 AppleWebKit/537.36 (KHTML, like Gecko; compatible; GPTBot/1.4; +https://openai.com/gptbot)" www.nixgraphix.co.za 10.54.160.14
74.7.241.55 - - [28/Aug/2026:08:45:23 -0500] "GET /pin/91268a449254 HTTP/2.0" 404 20434 "https://www.nixgraphix.co.za/sitemap.xml" "Mozilla/5.0 AppleWebKit/537.36 (KHTML, like Gecko; compatible; GPTBot/1.4; +https://openai.com/gptbot)" www.nixgraphix.co.za 10.54.160.14
74.7.241.55 - - [28/Aug/2026:08:45:24 -0500] "GET /pin/5a6771849663 HTTP/2.0" 404 20434 "https://www.nixgraphix.co.za/sitemap.xml" "Mozilla/5.0 AppleWebKit/537.36 (KHTML, like Gecko; compatible; GPTBot/1.4; +https://openai.com/gptbot)" www.nixgraphix.co.za 10.54.160.14
74.7.241.55 - - [28/Aug/2026:08:45:24 -0500] "GET /pin/3567c9680807 HTTP/2.0" 404 20434 "https://www.nixgraphix.co.za/sitemap.xml" "Mozilla/5.0 AppleWebKit/537.36 (KHTML, like Gecko; compatible; GPTBot/1.4; +https://openai.com/gptbot)" www.nixgraphix.co.za 10.54.160.14
14.191.55.198 - - [28/Aug/2026:08:45:24 -0500] "GET /2026/08/20/navigating-the-simplicity-behind-online-pokies-nzs-most-inviting-screens/ HTTP/1.1" 200 23933 "-" "Mozilla/5.0 (Macintosh; Intel Mac OS X 10_15_7) AppleWebKit/537.36 (KHTML, like Gecko) Chrome/128.0.6613.36 Safari/537.36" www.nixgraphix.co.za 10.54.160.14
74.7.241.55 - - [28/Aug/2026:08:45:25 -0500] "GET /pin/004f39419493 HTTP/2.0" 404 20434 "https://www.nixgraphix.co.za/sitemap.xml" "Mozilla/5.0 AppleWebKit/537.36 (KHTML, like Gecko; compatible; GPTBot/1.4; +https://openai.com/gptbot)" www.nixgraphix.co.za 10.54.160.14
74.7.241.55 - - [28/Aug/2026:08:45:25 -0500] "GET /pin/9e5304689956 HTTP/2.0" 404 20434 "https://www.nixgraphix.co.za/sitemap.xml" "Mozilla/5.0 AppleWebKit/537.36 (KHTML, like Gecko; compatible; GPTBot/1.4; +https://openai.com/gptbot)" www.nixgraphix.co.za 10.54.160.14
192.178.4.130 - - [28/Aug/2026:08:45:26 -0500] "GET /pin/4e89863292927 HTTP/1.1" 200 43855 "-" "Mozilla/5.0 (Linux; Android 6.0.1; Nexus 5X Build/MMB29P) AppleWebKit/537.36 (KHTML, like Gecko) Chrome/151.0.7922.173 Mobile Safari/537.36 (compatible; GoogleOther)" www.nixgraphix.co.za 10.54.160.14
74.7.241.55 - - [28/Aug/2026:08:45:26 -0500] "GET /pin/086f27964237 HTTP/2.0" 404 20434 "https://www.nixgraphix.co.za/sitemap.xml" "Mozilla/5.0 AppleWebKit/537.36 (KHTML, like Gecko; compatible; GPTBot/1.4; +https://openai.com/gptbot)" www.nixgraphix.co.za 10.54.160.14
74.7.241.55 - - [28/Aug/2026:08:45:27 -0500] "GET /pin/f31316679275 HTTP/2.0" 404 20434 "https://www.nixgraphix.co.za/sitemap.xml" "Mozilla/5.0 AppleWebKit/537.36 (KHTML, like Gecko; compatible; GPTBot/1.4; +https://openai.com/gptbot)" www.nixgraphix.co.za 10.54.160.14
74.7.241.55 - - [28/Aug/2026:08:45:27 -0500] "GET /pin/03e468237560 HTTP/2.0" 404 20434 "https://www.nixgraphix.co.za/sitemap.xml" "Mozilla/5.0 AppleWebKit/537.36 (KHTML, like Gecko; compatible; GPTBot/1.4; +https://openai.com/gptbot)" www.nixgraphix.co.za 10.54.160.14
74.7.241.55 - - [28/Aug/2026:08:45:28 -0500] "GET /pin/58042f842701 HTTP/2.0" 404 20434 "https://www.nixgraphix.co.za/sitemap.xml" "Mozilla/5.0 AppleWebKit/537.36 (KHTML, like Gecko; compatible; GPTBot/1.4; +https://openai.com/gptbot)" www.nixgraphix.co.za 10.54.160.14
136.116.131.111 - - [28/Aug/2026:08:45:29 -0500] "GET /wp-config.php~ HTTP/1.1" 406 226 "-" "crusader-worker/1.0" nixgraphix.co.za 10.54.160.14
136.116.131.111 - - [28/Aug/2026:08:45:29 -0500] "GET /wp-config.php.bak HTTP/1.1" 406 226 "-" "crusader-worker/1.0" nixgraphix.co.za 10.54.160.14
136.116.131.111 - - [28/Aug/2026:08:45:29 -0500] "GET /.env.old HTTP/1.1" 406 226 "-" "crusader-worker/1.0" nixgraphix.co.za 10.54.160.14
136.116.131.111 - - [28/Aug/2026:08:45:29 -0500] "GET /.env.backup HTTP/1.1" 406 226 "-" "crusader-worker/1.0" nixgraphix.co.za 10.54.160.14
136.116.131.111 - - [28/Aug/2026:08:45:29 -0500] "GET /.env HTTP/1.1" 406 226 "-" "crusader-worker/1.0" nixgraphix.co.za 10.54.160.14
136.116.131.111 - - [28/Aug/2026:08:45:29 -0500] "GET /wp-config.php.swp HTTP/1.1" 406 226 "-" "crusader-worker/1.0" nixgraphix.co.za 10.54.160.14
136.116.131.111 - - [28/Aug/2026:08:45:29 -0500] "GET /.env.bak HTTP/1.1" 406 226 "-" "crusader-worker/1.0" nixgraphix.co.za 10.54.160.14
74.7.241.55 - - [28/Aug/2026:08:45:28 -0500] "GET /pin/10797e258154 HTTP/2.0" 404 20434 "https://www.nixgraphix.co.za/sitemap.xml" "Mozilla/5.0 AppleWebKit/537.36 (KHTML, like Gecko; compatible; GPTBot/1.4; +https://openai.com/gptbot)" www.nixgraphix.co.za 10.54.160.14
136.116.131.111 - - [28/Aug/2026:08:45:29 -0500] "GET /.env.prod HTTP/1.1" 301 - "-" "crusader-worker/1.0" nixgraphix.co.za 10.54.160.14
136.116.131.111 - - [28/Aug/2026:08:45:29 -0500] "GET /.env.dev HTTP/1.1" 301 - "-" "crusader-worker/1.0" nixgraphix.co.za 10.54.160.14
136.116.131.111 - - [28/Aug/2026:08:45:29 -0500] "GET /_ignition/health-check HTTP/1.1" 301 - "-" "crusader-worker/1.0" nixgraphix.co.za 10.54.160.14
136.116.131.111 - - [28/Aug/2026:08:45:29 -0500] "GET /.env.save HTTP/1.1" 301 - "-" "crusader-worker/1.0" nixgraphix.co.za 10.54.160.14
136.116.131.111 - - [28/Aug/2026:08:45:29 -0500] "GET /env HTTP/1.1" 301 - "-" "crusader-worker/1.0" nixgraphix.co.za 10.54.160.14
136.116.131.111 - - [28/Aug/2026:08:45:29 -0500] "GET /.env.example HTTP/1.1" 301 - "-" "crusader-worker/1.0" nixgraphix.co.za 10.54.160.14
136.116.131.111 - - [28/Aug/2026:08:45:29 -0500] "GET /actuator/env HTTP/1.1" 301 - "-" "crusader-worker/1.0" nixgraphix.co.za 10.54.160.14
136.116.131.111 - - [28/Aug/2026:08:45:29 -0500] "GET /crusader-404-probe HTTP/1.1" 301 - "-" "crusader-worker/1.0" nixgraphix.co.za 10.54.160.14
136.116.131.111 - - [28/Aug/2026:08:45:29 -0500] "GET /.env.production HTTP/1.1" 301 - "-" "crusader-worker/1.0" nixgraphix.co.za 10.54.160.14
136.116.131.111 - - [28/Aug/2026:08:45:29 -0500] "GET /actuator/configprops HTTP/1.1" 301 - "-" "crusader-worker/1.0" nixgraphix.co.za 10.54.160.14
136.116.131.111 - - [28/Aug/2026:08:45:29 -0500] "GET /.env.local HTTP/1.1" 301 - "-" "crusader-worker/1.0" nixgraphix.co.za 10.54.160.14
136.116.131.111 - - [28/Aug/2026:08:45:29 -0500] "GET /storage/logs/laravel.log HTTP/1.1" 301 - "-" "crusader-worker/1.0" nixgraphix.co.za 10.54.160.14
74.7.241.55 - - [28/Aug/2026:08:45:29 -0500] "GET /pin/8f6909612610 HTTP/2.0" 404 20434 "https://www.nixgraphix.co.za/sitemap.xml" "Mozilla/5.0 AppleWebKit/537.36 (KHTML, like Gecko; compatible; GPTBot/1.4; +https://openai.com/gptbot)" www.nixgraphix.co.za 10.54.160.14
74.7.241.55 - - [28/Aug/2026:08:45:29 -0500] "GET /pin/d59040840095 HTTP/2.0" 404 20434 "https://www.nixgraphix.co.za/sitemap.xml" "Mozilla/5.0 AppleWebKit/537.36 (KHTML, like Gecko; compatible; GPTBot/1.4; +https://openai.com/gptbot)" www.nixgraphix.co.za 10.54.160.14
192.178.4.130 - - [28/Aug/2026:08:45:30 -0500] "GET /pin/17c30a4674211 HTTP/1.1" 200 40772 "-" "Mozilla/5.0 (Linux; Android 6.0.1; Nexus 5X Build/MMB29P) AppleWebKit/537.36 (KHTML, like Gecko) Chrome/151.0.7922.173 Mobile Safari/537.36 (compatible; GoogleOther)" www.nixgraphix.co.za 10.54.160.14
74.7.241.55 - - [28/Aug/2026:08:45:30 -0500] "GET /pin/27012a289787 HTTP/2.0" 404 20434 "https://www.nixgraphix.co.za/sitemap.xml" "Mozilla/5.0 AppleWebKit/537.36 (KHTML, like Gecko; compatible; GPTBot/1.4; +https://openai.com/gptbot)" www.nixgraphix.co.za 10.54.160.14
74.7.241.55 - - [28/Aug/2026:08:45:31 -0500] "GET /pin/e72192456167 HTTP/2.0" 404 20434 "https://www.nixgraphix.co.za/sitemap.xml" "Mozilla/5.0 AppleWebKit/537.36 (KHTML, like Gecko; compatible; GPTBot/1.4; +https://openai.com/gptbot)" www.nixgraphix.co.za 10.54.160.14
74.7.241.55 - - [28/Aug/2026:08:45:31 -0500] "GET /pin/36e932614911 HTTP/2.0" 404 20434 "https://www.nixgraphix.co.za/sitemap.xml" "Mozilla/5.0 AppleWebKit/537.36 (KHTML, like Gecko; compatible; GPTBot/1.4; +https://openai.com/gptbot)" www.nixgraphix.co.za 10.54.160.14
74.7.241.55 - - [28/Aug/2026:08:45:32 -0500] "GET /pin/3714d8602050 HTTP/2.0" 404 20434 "https://www.nixgraphix.co.za/sitemap.xml" "Mozilla/5.0 AppleWebKit/537.36 (KHTML, like Gecko; compatible; GPTBot/1.4; +https://openai.com/gptbot)" www.nixgraphix.co.za 10.54.160.14
74.7.241.55 - - [28/Aug/2026:08:45:32 -0500] "GET /pin/73091d955343 HTTP/2.0" 404 20434 "https://www.nixgraphix.co.za/sitemap.xml" "Mozilla/5.0 AppleWebKit/537.36 (KHTML, like Gecko; compatible; GPTBot/1.4; +https://openai.com/gptbot)" www.nixgraphix.co.za 10.54.160.14
74.7.241.55 - - [28/Aug/2026:08:45:33 -0500] "GET /pin/00f254399510 HTTP/2.0" 404 20434 "https://www.nixgraphix.co.za/sitemap.xml" "Mozilla/5.0 AppleWebKit/537.36 (KHTML, like Gecko; compatible; GPTBot/1.4; +https://openai.com/gptbot)" www.nixgraphix.co.za 10.54.160.14
74.7.241.55 - - [28/Aug/2026:08:45:34 -0500] "GET /pin/62026f275374 HTTP/2.0" 404 20434 "https://www.nixgraphix.co.za/sitemap.xml" "Mozilla/5.0 AppleWebKit/537.36 (KHTML, like Gecko; compatible; GPTBot/1.4; +https://openai.com/gptbot)" www.nixgraphix.co.za 10.54.160.14
74.7.241.55 - - [28/Aug/2026:08:45:34 -0500] "GET /pin/c32037919558 HTTP/2.0" 404 20434 "https://www.nixgraphix.co.za/sitemap.xml" "Mozilla/5.0 AppleWebKit/537.36 (KHTML, like Gecko; compatible; GPTBot/1.4; +https://openai.com/gptbot)" www.nixgraphix.co.za 10.54.160.14
192.178.4.130 - - [28/Aug/2026:08:45:35 -0500] "GET /pin/0d33f23970175 HTTP/1.1" 200 42600 "-" "Mozilla/5.0 (Linux; Android 6.0.1; Nexus 5X Build/MMB29P) AppleWebKit/537.36 (KHTML, like Gecko) Chrome/151.0.7922.173 Mobile Safari/537.36 (compatible; GoogleOther)" www.nixgraphix.co.za 10.54.160.14
74.7.241.55 - - [28/Aug/2026:08:45:35 -0500] "GET /pin/4198e4325150 HTTP/2.0" 404 20434 "https://www.nixgraphix.co.za/sitemap.xml" "Mozilla/5.0 AppleWebKit/537.36 (KHTML, like Gecko; compatible; GPTBot/1.4; +https://openai.com/gptbot)" www.nixgraphix.co.za 10.54.160.14
74.7.241.55 - - [28/Aug/2026:08:45:35 -0500] "GET /pin/a69095533930 HTTP/2.0" 404 20434 "https://www.nixgraphix.co.za/sitemap.xml" "Mozilla/5.0 AppleWebKit/537.36 (KHTML, like Gecko; compatible; GPTBot/1.4; +https://openai.com/gptbot)" www.nixgraphix.co.za 10.54.160.14
74.7.241.55 - - [28/Aug/2026:08:45:36 -0500] "GET /pin/492a24848529 HTTP/2.0" 404 20434 "https://www.nixgraphix.co.za/sitemap.xml" "Mozilla/5.0 AppleWebKit/537.36 (KHTML, like Gecko; compatible; GPTBot/1.4; +https://openai.com/gptbot)" www.nixgraphix.co.za 10.54.160.14
74.7.241.55 - - [28/Aug/2026:08:45:37 -0500] "GET /pin/8d3010708672 HTTP/2.0" 404 20434 "https://www.nixgraphix.co.za/sitemap.xml" "Mozilla/5.0 AppleWebKit/537.36 (KHTML, like Gecko; compatible; GPTBot/1.4; +https://openai.com/gptbot)" www.nixgraphix.co.za 10.54.160.14
74.7.241.55 - - [28/Aug/2026:08:45:37 -0500] "GET /pin/99b337719194 HTTP/2.0" 404 20434 "https://www.nixgraphix.co.za/sitemap.xml" "Mozilla/5.0 AppleWebKit/537.36 (KHTML, like Gecko; compatible; GPTBot/1.4; +https://openai.com/gptbot)" www.nixgraphix.co.za 10.54.160.14
74.7.241.55 - - [28/Aug/2026:08:45:38 -0500] "GET /pin/80a840362262 HTTP/2.0" 404 20434 "https://www.nixgraphix.co.za/sitemap.xml" "Mozilla/5.0 AppleWebKit/537.36 (KHTML, like Gecko; compatible; GPTBot/1.4; +https://openai.com/gptbot)" www.nixgraphix.co.za 10.54.160.14
74.7.241.55 - - [28/Aug/2026:08:45:39 -0500] "GET /pin/9f3735673865 HTTP/2.0" 404 20434 "https://www.nixgraphix.co.za/sitemap.xml" "Mozilla/5.0 AppleWebKit/537.36 (KHTML, like Gecko; compatible; GPTBot/1.4; +https://openai.com/gptbot)" www.nixgraphix.co.za 10.54.160.14
74.7.241.55 - - [28/Aug/2026:08:45:39 -0500] "GET /pin/8221a7329514 HTTP/2.0" 404 20434 "https://www.nixgraphix.co.za/sitemap.xml" "Mozilla/5.0 AppleWebKit/537.36 (KHTML, like Gecko; compatible; GPTBot/1.4; +https://openai.com/gptbot)" www.nixgraphix.co.za 10.54.160.14
192.178.4.130 - - [28/Aug/2026:08:45:40 -0500] "GET /pin/06780b1464655 HTTP/1.1" 200 45345 "-" "Mozilla/5.0 (Linux; Android 6.0.1; Nexus 5X Build/MMB29P) AppleWebKit/537.36 (KHTML, like Gecko) Chrome/151.0.7922.173 Mobile Safari/537.36 (compatible; GoogleOther)" www.nixgraphix.co.za 10.54.160.14
74.7.241.55 - - [28/Aug/2026:08:45:40 -0500] "GET /pin/6718a9473501 HTTP/2.0" 404 20434 "https://www.nixgraphix.co.za/sitemap.xml" "Mozilla/5.0 AppleWebKit/537.36 (KHTML, like Gecko; compatible; GPTBot/1.4; +https://openai.com/gptbot)" www.nixgraphix.co.za 10.54.160.14
74.7.241.55 - - [28/Aug/2026:08:45:40 -0500] "GET /pin/25519c678084 HTTP/2.0" 404 20434 "https://www.nixgraphix.co.za/sitemap.xml" "Mozilla/5.0 AppleWebKit/537.36 (KHTML, like Gecko; compatible; GPTBot/1.4; +https://openai.com/gptbot)" www.nixgraphix.co.za 10.54.160.14
74.7.241.55 - - [28/Aug/2026:08:45:41 -0500] "GET /pin/2728f3175819 HTTP/2.0" 404 20434 "https://www.nixgraphix.co.za/sitemap.xml" "Mozilla/5.0 AppleWebKit/537.36 (KHTML, like Gecko; compatible; GPTBot/1.4; +https://openai.com/gptbot)" www.nixgraphix.co.za 10.54.160.14
74.7.241.55 - - [28/Aug/2026:08:45:42 -0500] "GET /pin/7f0534737354 HTTP/2.0" 404 20434 "https://www.nixgraphix.co.za/sitemap.xml" "Mozilla/5.0 AppleWebKit/537.36 (KHTML, like Gecko; compatible; GPTBot/1.4; +https://openai.com/gptbot)" www.nixgraphix.co.za 10.54.160.14
74.7.241.55 - - [28/Aug/2026:08:45:42 -0500] "GET /pin/96d035643700 HTTP/2.0" 404 20434 "https://www.nixgraphix.co.za/sitemap.xml" "Mozilla/5.0 AppleWebKit/537.36 (KHTML, like Gecko; compatible; GPTBot/1.4; +https://openai.com/gptbot)" www.nixgraphix.co.za 10.54.160.14
91.132.197.186 - - [28/Aug/2026:08:45:42 -0500] "GET /2026/08/28/idealne-mobilne-kasyna-twoj-ostateczny-przewodnik-do-grania-w-ruchu/ HTTP/2.0" 200 24293 "-" "Mozilla/5.0 (Windows NT 10.0; Win64; x64) AppleWebKit/537.36 (KHTML, like Gecko) Chrome/148.0.0.0 Safari/537.36" www.nixgraphix.co.za 10.54.160.14
91.132.197.186 - - [28/Aug/2026:08:45:43 -0500] "GET /wp-content/themes/hello-elementor/assets/css/reset.css?ver=3.5.1 HTTP/2.0" 200 2185 "https://www.nixgraphix.co.za/2026/08/28/idealne-mobilne-kasyna-twoj-ostateczny-przewodnik-do-grania-w-ruchu/" "Mozilla/5.0 (Windows NT 10.0; Win64; x64) AppleWebKit/537.36 (KHTML, like Gecko) Chrome/148.0.0.0 Safari/537.36" www.nixgraphix.co.za 10.54.160.14
91.132.197.186 - - [28/Aug/2026:08:45:43 -0500] "GET /wp-content/themes/hello-elementor/assets/css/theme.css?ver=3.5.1 HTTP/2.0" 200 1637 "https://www.nixgraphix.co.za/2026/08/28/idealne-mobilne-kasyna-twoj-ostateczny-przewodnik-do-grania-w-ruchu/" "Mozilla/5.0 (Windows NT 10.0; Win64; x64) AppleWebKit/537.36 (KHTML, like Gecko) Chrome/148.0.0.0 Safari/537.36" www.nixgraphix.co.za 10.54.160.14
91.132.197.186 - - [28/Aug/2026:08:45:43 -0500] "GET /wp-content/themes/hello-elementor/assets/css/header-footer.css?ver=3.5.1 HTTP/2.0" 200 1930 "https://www.nixgraphix.co.za/2026/08/28/idealne-mobilne-kasyna-twoj-ostateczny-przewodnik-do-grania-w-ruchu/" "Mozilla/5.0 (Windows NT 10.0; Win64; x64) AppleWebKit/537.36 (KHTML, like Gecko) Chrome/148.0.0.0 Safari/537.36" www.nixgraphix.co.za 10.54.160.14
74.7.241.55 - - [28/Aug/2026:08:45:43 -0500] "GET /pin/969f46837700 HTTP/2.0" 404 20434 "https://www.nixgraphix.co.za/sitemap.xml" "Mozilla/5.0 AppleWebKit/537.36 (KHTML, like Gecko; compatible; GPTBot/1.4; +https://openai.com/gptbot)" www.nixgraphix.co.za 10.54.160.14
74.7.241.55 - - [28/Aug/2026:08:45:43 -0500] "GET /pin/184b20692112 HTTP/2.0" 404 20434 "https://www.nixgraphix.co.za/sitemap.xml" "Mozilla/5.0 AppleWebKit/537.36 (KHTML, like Gecko; compatible; GPTBot/1.4; +https://openai.com/gptbot)" www.nixgraphix.co.za 10.54.160.14
91.132.197.186 - - [28/Aug/2026:08:45:44 -0500] "GET /wp-includes/js/wp-emoji-release.min.js?ver=7.1 HTTP/2.0" 200 5658 "https://www.nixgraphix.co.za/2026/08/28/idealne-mobilne-kasyna-twoj-ostateczny-przewodnik-do-grania-w-ruchu/" "Mozilla/5.0 (Windows NT 10.0; Win64; x64) AppleWebKit/537.36 (KHTML, like Gecko) Chrome/148.0.0.0 Safari/537.36" www.nixgraphix.co.za 10.54.160.14
91.132.197.186 - - [28/Aug/2026:08:45:44 -0500] "GET /favicon.ico HTTP/2.0" 302 - "https://www.nixgraphix.co.za/2026/08/28/idealne-mobilne-kasyna-twoj-ostateczny-przewodnik-do-grania-w-ruchu/" "Mozilla/5.0 (Windows NT 10.0; Win64; x64) AppleWebKit/537.36 (KHTML, like Gecko) Chrome/148.0.0.0 Safari/537.36" www.nixgraphix.co.za 10.54.160.14
91.132.197.186 - - [28/Aug/2026:08:45:44 -0500] "GET /wp-includes/images/w-logo-gray-white-bg.png HTTP/2.0" 200 3241 "https://www.nixgraphix.co.za/2026/08/28/idealne-mobilne-kasyna-twoj-ostateczny-przewodnik-do-grania-w-ruchu/" "Mozilla/5.0 (Windows NT 10.0; Win64; x64) AppleWebKit/537.36 (KHTML, like Gecko) Chrome/148.0.0.0 Safari/537.36" www.nixgraphix.co.za 10.54.160.14
74.7.241.55 - - [28/Aug/2026:08:45:44 -0500] "GET /pin/f25288133695 HTTP/2.0" 404 20434 "https://www.nixgraphix.co.za/sitemap.xml" "Mozilla/5.0 AppleWebKit/537.36 (KHTML, like Gecko; compatible; GPTBot/1.4; +https://openai.com/gptbot)" www.nixgraphix.co.za 10.54.160.14
192.178.4.130 - - [28/Aug/2026:08:45:44 -0500] "GET /pin/6813173069599 HTTP/1.1" 200 41152 "-" "Mozilla/5.0 (Linux; Android 6.0.1; Nexus 5X Build/MMB29P) AppleWebKit/537.36 (KHTML, like Gecko) Chrome/151.0.7922.173 Mobile Safari/537.36 (compatible; GoogleOther)" www.nixgraphix.co.za 10.54.160.14
74.7.241.55 - - [28/Aug/2026:08:45:44 -0500] "GET /pin/00f485127155 HTTP/2.0" 404 20434 "https://www.nixgraphix.co.za/sitemap.xml" "Mozilla/5.0 AppleWebKit/537.36 (KHTML, like Gecko; compatible; GPTBot/1.4; +https://openai.com/gptbot)" www.nixgraphix.co.za 10.54.160.14
74.7.241.55 - - [28/Aug/2026:08:45:45 -0500] "GET /pin/3b9316345123 HTTP/2.0" 404 20434 "https://www.nixgraphix.co.za/sitemap.xml" "Mozilla/5.0 AppleWebKit/537.36 (KHTML, like Gecko; compatible; GPTBot/1.4; +https://openai.com/gptbot)" www.nixgraphix.co.za 10.54.160.14
74.7.241.55 - - [28/Aug/2026:08:45:46 -0500] "GET /pin/f95005258890 HTTP/2.0" 404 20434 "https://www.nixgraphix.co.za/sitemap.xml" "Mozilla/5.0 AppleWebKit/537.36 (KHTML, like Gecko; compatible; GPTBot/1.4; +https://openai.com/gptbot)" www.nixgraphix.co.za 10.54.160.14
74.7.241.55 - - [28/Aug/2026:08:45:46 -0500] "GET /pin/c73410396016 HTTP/2.0" 404 20434 "https://www.nixgraphix.co.za/sitemap.xml" "Mozilla/5.0 AppleWebKit/537.36 (KHTML, like Gecko; compatible; GPTBot/1.4; +https://openai.com/gptbot)" www.nixgraphix.co.za 10.54.160.14
74.7.241.55 - - [28/Aug/2026:08:45:47 -0500] "GET /pin/41a864985948 HTTP/2.0" 404 20434 "https://www.nixgraphix.co.za/sitemap.xml" "Mozilla/5.0 AppleWebKit/537.36 (KHTML, like Gecko; compatible; GPTBot/1.4; +https://openai.com/gptbot)" www.nixgraphix.co.za 10.54.160.14
74.7.241.55 - - [28/Aug/2026:08:45:48 -0500] "GET /pin/7183e8557279 HTTP/2.0" 404 20434 "https://www.nixgraphix.co.za/sitemap.xml" "Mozilla/5.0 AppleWebKit/537.36 (KHTML, like Gecko; compatible; GPTBot/1.4; +https://openai.com/gptbot)" www.nixgraphix.co.za 10.54.160.14
74.7.241.55 - - [28/Aug/2026:08:45:48 -0500] "GET /pin/e90181122572 HTTP/2.0" 404 20434 "https://www.nixgraphix.co.za/sitemap.xml" "Mozilla/5.0 AppleWebKit/537.36 (KHTML, like Gecko; compatible; GPTBot/1.4; +https://openai.com/gptbot)" www.nixgraphix.co.za 10.54.160.14
192.178.4.130 - - [28/Aug/2026:08:45:49 -0500] "GET /pin/2c4a303765595 HTTP/1.1" 200 43391 "-" "Mozilla/5.0 (Linux; Android 6.0.1; Nexus 5X Build/MMB29P) AppleWebKit/537.36 (KHTML, like Gecko) Chrome/151.0.7922.173 Mobile Safari/537.36 (compatible; GoogleOther)" www.nixgraphix.co.za 10.54.160.14
74.7.241.55 - - [28/Aug/2026:08:45:49 -0500] "GET /pin/219d49359730 HTTP/2.0" 404 20434 "https://www.nixgraphix.co.za/sitemap.xml" "Mozilla/5.0 AppleWebKit/537.36 (KHTML, like Gecko; compatible; GPTBot/1.4; +https://openai.com/gptbot)" www.nixgraphix.co.za 10.54.160.14
74.7.241.55 - - [28/Aug/2026:08:45:49 -0500] "GET /pin/28332b471306 HTTP/2.0" 404 20434 "https://www.nixgraphix.co.za/sitemap.xml" "Mozilla/5.0 AppleWebKit/537.36 (KHTML, like Gecko; compatible; GPTBot/1.4; +https://openai.com/gptbot)" www.nixgraphix.co.za 10.54.160.14
74.7.241.55 - - [28/Aug/2026:08:45:50 -0500] "GET /pin/7992b3620262 HTTP/2.0" 404 20434 "https://www.nixgraphix.co.za/sitemap.xml" "Mozilla/5.0 AppleWebKit/537.36 (KHTML, like Gecko; compatible; GPTBot/1.4; +https://openai.com/gptbot)" www.nixgraphix.co.za 10.54.160.14
74.7.241.55 - - [28/Aug/2026:08:45:51 -0500] "GET /pin/7576a3363120 HTTP/2.0" 404 20434 "https://www.nixgraphix.co.za/sitemap.xml" "Mozilla/5.0 AppleWebKit/537.36 (KHTML, like Gecko; compatible; GPTBot/1.4; +https://openai.com/gptbot)" www.nixgraphix.co.za 10.54.160.14
74.7.241.55 - - [28/Aug/2026:08:45:51 -0500] "GET /pin/7b3380414640 HTTP/2.0" 404 20434 "https://www.nixgraphix.co.za/sitemap.xml" "Mozilla/5.0 AppleWebKit/537.36 (KHTML, like Gecko; compatible; GPTBot/1.4; +https://openai.com/gptbot)" www.nixgraphix.co.za 10.54.160.14
74.7.241.55 - - [28/Aug/2026:08:45:52 -0500] "GET /pin/301b54797321 HTTP/2.0" 404 20434 "https://www.nixgraphix.co.za/sitemap.xml" "Mozilla/5.0 AppleWebKit/537.36 (KHTML, like Gecko; compatible; GPTBot/1.4; +https://openai.com/gptbot)" www.nixgraphix.co.za 10.54.160.14
74.7.241.55 - - [28/Aug/2026:08:45:52 -0500] "GET /pin/29c87a3813 HTTP/2.0" 404 20434 "https://www.nixgraphix.co.za/sitemap.xml" "Mozilla/5.0 AppleWebKit/537.36 (KHTML, like Gecko; compatible; GPTBot/1.4; +https://openai.com/gptbot)" www.nixgraphix.co.za 10.54.160.14
74.7.241.55 - - [28/Aug/2026:08:45:53 -0500] "GET /pin/834988809175 HTTP/2.0" 301 - "https://www.nixgraphix.co.za/sitemap.xml" "Mozilla/5.0 AppleWebKit/537.36 (KHTML, like Gecko; compatible; GPTBot/1.4; +https://openai.com/gptbot)" www.nixgraphix.co.za 10.54.160.14
74.7.241.55 - - [28/Aug/2026:08:45:53 -0500] "GET /2026/06/15/pinco-online-kazino-pinko-2026-t-hluk-sizlik-v-m-lumatlarin-muhafiz-si/834988809175/ HTTP/2.0" 301 - "https://www.nixgraphix.co.za/pin/834988809175" "Mozilla/5.0 AppleWebKit/537.36 (KHTML, like Gecko; compatible; GPTBot/1.4; +https://openai.com/gptbot)" www.nixgraphix.co.za 10.54.160.14
74.7.241.55 - - [28/Aug/2026:08:45:53 -0500] "GET /pin/767379868477 HTTP/2.0" 301 - "https://www.nixgraphix.co.za/sitemap.xml" "Mozilla/5.0 AppleWebKit/537.36 (KHTML, like Gecko; compatible; GPTBot/1.4; +https://openai.com/gptbot)" www.nixgraphix.co.za 10.54.160.14
192.178.4.130 - - [28/Aug/2026:08:45:54 -0500] "GET /pin/59467e3705349 HTTP/1.1" 200 45486 "-" "Mozilla/5.0 (Linux; Android 6.0.1; Nexus 5X Build/MMB29P) AppleWebKit/537.36 (KHTML, like Gecko) Chrome/151.0.7922.173 Mobile Safari/537.36 (compatible; GoogleOther)" www.nixgraphix.co.za 10.54.160.14
74.7.241.55 - - [28/Aug/2026:08:45:54 -0500] "GET /2026/06/15/pinco-online-kazino-pinko-2026-t-hluk-sizlik-v-m-lumatlarin-muhafiz-si/767379868477/ HTTP/2.0" 301 - "https://www.nixgraphix.co.za/pin/767379868477" "Mozilla/5.0 AppleWebKit/537.36 (KHTML, like Gecko; compatible; GPTBot/1.4; +https://openai.com/gptbot)" www.nixgraphix.co.za 10.54.160.14
74.7.241.55 - - [28/Aug/2026:08:45:54 -0500] "GET /pin/256757906671 HTTP/2.0" 301 - "https://www.nixgraphix.co.za/sitemap.xml" "Mozilla/5.0 AppleWebKit/537.36 (KHTML, like Gecko; compatible; GPTBot/1.4; +https://openai.com/gptbot)" www.nixgraphix.co.za 10.54.160.14
74.7.241.55 - - [28/Aug/2026:08:45:54 -0500] "GET /2026/06/15/pinco-online-kazino-pinko-2026-t-hluk-sizlik-v-m-lumatlarin-muhafiz-si/256757906671/ HTTP/2.0" 301 - "https://www.nixgraphix.co.za/pin/256757906671" "Mozilla/5.0 AppleWebKit/537.36 (KHTML, like Gecko; compatible; GPTBot/1.4; +https://openai.com/gptbot)" www.nixgraphix.co.za 10.54.160.14
74.7.241.55 - - [28/Aug/2026:08:45:54 -0500] "GET /pin/428096505020 HTTP/2.0" 301 - "https://www.nixgraphix.co.za/sitemap.xml" "Mozilla/5.0 AppleWebKit/537.36 (KHTML, like Gecko; compatible; GPTBot/1.4; +https://openai.com/gptbot)" www.nixgraphix.co.za 10.54.160.14
74.7.241.55 - - [28/Aug/2026:08:45:55 -0500] "GET /2026/06/15/pinco-online-kazino-pinko-2026-t-hluk-sizlik-v-m-lumatlarin-muhafiz-si/428096505020/ HTTP/2.0" 301 - "https://www.nixgraphix.co.za/pin/428096505020" "Mozilla/5.0 AppleWebKit/537.36 (KHTML, like Gecko; compatible; GPTBot/1.4; +https://openai.com/gptbot)" www.nixgraphix.co.za 10.54.160.14
