74.7.241.55 - - [28/Aug/2026:08:43:07 -0500] "GET /2026/06/15/pinco-online-kazino-pinko-2026-t-hluk-sizlik-v-m-lumatlarin-muhafiz-si/5013633705859/ HTTP/2.0" 301 - "https://www.nixgraphix.co.za/pin/5013633705859" "Mozilla/5.0 AppleWebKit/537.36 (KHTML, like Gecko; compatible; GPTBot/1.4; +https://openai.com/gptbot)" www.nixgraphix.co.za 10.54.160.14
74.7.241.55 - - [28/Aug/2026:08:43:08 -0500] "GET /pin/4013162781857 HTTP/2.0" 301 - "https://www.nixgraphix.co.za/sitemap.xml" "Mozilla/5.0 AppleWebKit/537.36 (KHTML, like Gecko; compatible; GPTBot/1.4; +https://openai.com/gptbot)" www.nixgraphix.co.za 10.54.160.14
74.7.241.55 - - [28/Aug/2026:08:43:08 -0500] "GET /2026/06/15/pinco-online-kazino-pinko-2026-t-hluk-sizlik-v-m-lumatlarin-muhafiz-si/4013162781857/ HTTP/2.0" 301 - "https://www.nixgraphix.co.za/pin/4013162781857" "Mozilla/5.0 AppleWebKit/537.36 (KHTML, like Gecko; compatible; GPTBot/1.4; +https://openai.com/gptbot)" www.nixgraphix.co.za 10.54.160.14
74.7.241.55 - - [28/Aug/2026:08:43:08 -0500] "GET /pin/3289615433148 HTTP/2.0" 301 - "https://www.nixgraphix.co.za/sitemap.xml" "Mozilla/5.0 AppleWebKit/537.36 (KHTML, like Gecko; compatible; GPTBot/1.4; +https://openai.com/gptbot)" www.nixgraphix.co.za 10.54.160.14
74.7.241.55 - - [28/Aug/2026:08:43:08 -0500] "GET /2026/06/15/pinco-online-kazino-pinko-2026-t-hluk-sizlik-v-m-lumatlarin-muhafiz-si/3289615433148/ HTTP/2.0" 301 - "https://www.nixgraphix.co.za/pin/3289615433148" "Mozilla/5.0 AppleWebKit/537.36 (KHTML, like Gecko; compatible; GPTBot/1.4; +https://openai.com/gptbot)" www.nixgraphix.co.za 10.54.160.14
74.7.241.55 - - [28/Aug/2026:08:43:09 -0500] "GET /pin/6568272135011 HTTP/2.0" 301 - "https://www.nixgraphix.co.za/sitemap.xml" "Mozilla/5.0 AppleWebKit/537.36 (KHTML, like Gecko; compatible; GPTBot/1.4; +https://openai.com/gptbot)" www.nixgraphix.co.za 10.54.160.14
74.7.241.55 - - [28/Aug/2026:08:43:09 -0500] "GET /2026/06/15/pinco-online-kazino-pinko-2026-t-hluk-sizlik-v-m-lumatlarin-muhafiz-si/6568272135011/ HTTP/2.0" 301 - "https://www.nixgraphix.co.za/pin/6568272135011" "Mozilla/5.0 AppleWebKit/537.36 (KHTML, like Gecko; compatible; GPTBot/1.4; +https://openai.com/gptbot)" www.nixgraphix.co.za 10.54.160.14
74.7.241.55 - - [28/Aug/2026:08:43:09 -0500] "GET /pin/8725524778090 HTTP/2.0" 301 - "https://www.nixgraphix.co.za/sitemap.xml" "Mozilla/5.0 AppleWebKit/537.36 (KHTML, like Gecko; compatible; GPTBot/1.4; +https://openai.com/gptbot)" www.nixgraphix.co.za 10.54.160.14
74.7.241.55 - - [28/Aug/2026:08:43:09 -0500] "GET /2026/06/15/pinco-online-kazino-pinko-2026-t-hluk-sizlik-v-m-lumatlarin-muhafiz-si/8725524778090/ HTTP/2.0" 301 - "https://www.nixgraphix.co.za/pin/8725524778090" "Mozilla/5.0 AppleWebKit/537.36 (KHTML, like Gecko; compatible; GPTBot/1.4; +https://openai.com/gptbot)" www.nixgraphix.co.za 10.54.160.14
74.7.241.55 - - [28/Aug/2026:08:43:10 -0500] "GET /pin/3823613592600 HTTP/2.0" 301 - "https://www.nixgraphix.co.za/sitemap.xml" "Mozilla/5.0 AppleWebKit/537.36 (KHTML, like Gecko; compatible; GPTBot/1.4; +https://openai.com/gptbot)" www.nixgraphix.co.za 10.54.160.14
74.7.241.55 - - [28/Aug/2026:08:43:10 -0500] "GET /2026/06/15/pinco-online-kazino-pinko-2026-t-hluk-sizlik-v-m-lumatlarin-muhafiz-si/3823613592600/ HTTP/2.0" 301 - "https://www.nixgraphix.co.za/pin/3823613592600" "Mozilla/5.0 AppleWebKit/537.36 (KHTML, like Gecko; compatible; GPTBot/1.4; +https://openai.com/gptbot)" www.nixgraphix.co.za 10.54.160.14
74.7.241.55 - - [28/Aug/2026:08:43:10 -0500] "GET /pin/7215725543801 HTTP/2.0" 301 - "https://www.nixgraphix.co.za/sitemap.xml" "Mozilla/5.0 AppleWebKit/537.36 (KHTML, like Gecko; compatible; GPTBot/1.4; +https://openai.com/gptbot)" www.nixgraphix.co.za 10.54.160.14
74.7.241.55 - - [28/Aug/2026:08:43:10 -0500] "GET /2026/06/15/pinco-online-kazino-pinko-2026-t-hluk-sizlik-v-m-lumatlarin-muhafiz-si/7215725543801/ HTTP/2.0" 301 - "https://www.nixgraphix.co.za/pin/7215725543801" "Mozilla/5.0 AppleWebKit/537.36 (KHTML, like Gecko; compatible; GPTBot/1.4; +https://openai.com/gptbot)" www.nixgraphix.co.za 10.54.160.14
74.7.241.55 - - [28/Aug/2026:08:43:11 -0500] "GET /pin/0355481420260 HTTP/2.0" 301 - "https://www.nixgraphix.co.za/sitemap.xml" "Mozilla/5.0 AppleWebKit/537.36 (KHTML, like Gecko; compatible; GPTBot/1.4; +https://openai.com/gptbot)" www.nixgraphix.co.za 10.54.160.14
192.178.4.130 - - [28/Aug/2026:08:43:11 -0500] "GET /pin/5a3c712023195 HTTP/1.1" 200 44278 "-" "Mozilla/5.0 (Linux; Android 6.0.1; Nexus 5X Build/MMB29P) AppleWebKit/537.36 (KHTML, like Gecko) Chrome/151.0.7922.173 Mobile Safari/537.36 (compatible; GoogleOther)" www.nixgraphix.co.za 10.54.160.14
74.7.241.55 - - [28/Aug/2026:08:43:11 -0500] "GET /2026/06/15/pinco-online-kazino-pinko-2026-t-hluk-sizlik-v-m-lumatlarin-muhafiz-si/355481420260/ HTTP/2.0" 301 - "https://www.nixgraphix.co.za/pin/0355481420260" "Mozilla/5.0 AppleWebKit/537.36 (KHTML, like Gecko; compatible; GPTBot/1.4; +https://openai.com/gptbot)" www.nixgraphix.co.za 10.54.160.14
45.12.221.42 - - [28/Aug/2026:08:43:11 -0500] "GET /wp-login.php HTTP/2.0" 409 83 "https://nixgraphix.co.za/" "Mozilla/5.0 (Windows NT 10.0; Win64; x64) AppleWebKit/537.36 (KHTML, like Gecko) Chrome/149.0.0.0 Safari/537.36" nixgraphix.co.za 10.54.160.14
74.7.241.55 - - [28/Aug/2026:08:43:11 -0500] "GET /pin/3842431701736 HTTP/2.0" 301 - "https://www.nixgraphix.co.za/sitemap.xml" "Mozilla/5.0 AppleWebKit/537.36 (KHTML, like Gecko; compatible; GPTBot/1.4; +https://openai.com/gptbot)" www.nixgraphix.co.za 10.54.160.14
45.12.221.42 - - [28/Aug/2026:08:43:11 -0500] "GET /wp-login.php HTTP/2.0" 200 2995 "https://nixgraphix.co.za/wp-login.php" "Mozilla/5.0 (Windows NT 10.0; Win64; x64) AppleWebKit/537.36 (KHTML, like Gecko) Chrome/149.0.0.0 Safari/537.36" nixgraphix.co.za 10.54.160.14
74.7.241.55 - - [28/Aug/2026:08:43:11 -0500] "GET /2026/06/15/pinco-online-kazino-pinko-2026-t-hluk-sizlik-v-m-lumatlarin-muhafiz-si/3842431701736/ HTTP/2.0" 301 - "https://www.nixgraphix.co.za/pin/3842431701736" "Mozilla/5.0 AppleWebKit/537.36 (KHTML, like Gecko; compatible; GPTBot/1.4; +https://openai.com/gptbot)" www.nixgraphix.co.za 10.54.160.14
45.12.221.42 - - [28/Aug/2026:08:43:12 -0500] "GET /wp-includes/js/wp-util.min.js?ver=7.1 HTTP/2.0" 200 758 "https://nixgraphix.co.za/" "Mozilla/5.0 (Windows NT 10.0; Win64; x64) AppleWebKit/537.36 (KHTML, like Gecko) Chrome/149.0.0.0 Safari/537.36" www.nixgraphix.co.za 10.54.160.14
45.12.221.42 - - [28/Aug/2026:08:43:12 -0500] "GET /wp-includes/js/wp-tooltip.js?ver=7.1 HTTP/2.0" 200 694 "https://nixgraphix.co.za/" "Mozilla/5.0 (Windows NT 10.0; Win64; x64) AppleWebKit/537.36 (KHTML, like Gecko) Chrome/149.0.0.0 Safari/537.36" www.nixgraphix.co.za 10.54.160.14
45.12.221.42 - - [28/Aug/2026:08:43:12 -0500] "GET /wp-includes/js/dist/a11y.min.js?ver=31c6cec5a4ff7aff483d HTTP/2.0" 200 1103 "https://nixgraphix.co.za/" "Mozilla/5.0 (Windows NT 10.0; Win64; x64) AppleWebKit/537.36 (KHTML, like Gecko) Chrome/149.0.0.0 Safari/537.36" www.nixgraphix.co.za 10.54.160.14
45.12.221.42 - - [28/Aug/2026:08:43:12 -0500] "GET /wp-includes/js/dist/dom-ready.min.js?ver=3fe927cab37bf38d6a23 HTTP/2.0" 200 497 "https://nixgraphix.co.za/" "Mozilla/5.0 (Windows NT 10.0; Win64; x64) AppleWebKit/537.36 (KHTML, like Gecko) Chrome/149.0.0.0 Safari/537.36" www.nixgraphix.co.za 10.54.160.14
45.12.221.42 - - [28/Aug/2026:08:43:12 -0500] "GET /wp-includes/js/underscore.min.js?ver=1.13.8 HTTP/2.0" 200 8350 "https://nixgraphix.co.za/" "Mozilla/5.0 (Windows NT 10.0; Win64; x64) AppleWebKit/537.36 (KHTML, like Gecko) Chrome/149.0.0.0 Safari/537.36" www.nixgraphix.co.za 10.54.160.14
45.12.221.42 - - [28/Aug/2026:08:43:12 -0500] "GET /wp-includes/js/dist/i18n.min.js?ver=1dfe7db3940c23ea9216 HTTP/2.0" 200 2604 "https://nixgraphix.co.za/" "Mozilla/5.0 (Windows NT 10.0; Win64; x64) AppleWebKit/537.36 (KHTML, like Gecko) Chrome/149.0.0.0 Safari/537.36" www.nixgraphix.co.za 10.54.160.14
45.12.221.42 - - [28/Aug/2026:08:43:12 -0500] "GET /wp-admin/js/password-strength-meter.min.js?ver=7.1 HTTP/2.0" 200 626 "https://nixgraphix.co.za/" "Mozilla/5.0 (Windows NT 10.0; Win64; x64) AppleWebKit/537.36 (KHTML, like Gecko) Chrome/149.0.0.0 Safari/537.36" www.nixgraphix.co.za 10.54.160.14
45.12.221.42 - - [28/Aug/2026:08:43:12 -0500] "GET /wp-admin/js/user-profile.min.js?ver=7.1 HTTP/2.0" 200 3471 "https://nixgraphix.co.za/" "Mozilla/5.0 (Windows NT 10.0; Win64; x64) AppleWebKit/537.36 (KHTML, like Gecko) Chrome/149.0.0.0 Safari/537.36" www.nixgraphix.co.za 10.54.160.14
45.12.221.42 - - [28/Aug/2026:08:43:12 -0500] "GET /wp-admin/load-styles.php?c=0&dir=ltr&load%5Bchunk_0%5D=dashicons,buttons,forms,l10n,wp-base-styles,wp-tooltip,login&ver=7.1 HTTP/2.0" 409 83 "https://nixgraphix.co.za/" "Mozilla/5.0 (Windows NT 10.0; Win64; x64) AppleWebKit/537.36 (KHTML, like Gecko) Chrome/149.0.0.0 Safari/537.36" www.nixgraphix.co.za 10.54.160.14
45.12.221.42 - - [28/Aug/2026:08:43:12 -0500] "GET /wp-admin/load-scripts.php?c=0&load%5Bchunk_0%5D=clipboard,jquery-core,jquery-migrate,zxcvbn-async,wp-hooks&ver=7.1 HTTP/2.0" 409 83 "https://nixgraphix.co.za/" "Mozilla/5.0 (Windows NT 10.0; Win64; x64) AppleWebKit/537.36 (KHTML, like Gecko) Chrome/149.0.0.0 Safari/537.36" www.nixgraphix.co.za 10.54.160.14
74.7.241.55 - - [28/Aug/2026:08:43:12 -0500] "GET /pin/2610574537448 HTTP/2.0" 301 - "https://www.nixgraphix.co.za/sitemap.xml" "Mozilla/5.0 AppleWebKit/537.36 (KHTML, like Gecko; compatible; GPTBot/1.4; +https://openai.com/gptbot)" www.nixgraphix.co.za 10.54.160.14
74.7.241.55 - - [28/Aug/2026:08:43:12 -0500] "GET /2026/06/15/pinco-online-kazino-pinko-2026-t-hluk-sizlik-v-m-lumatlarin-muhafiz-si/2610574537448/ HTTP/2.0" 301 - "https://www.nixgraphix.co.za/pin/2610574537448" "Mozilla/5.0 AppleWebKit/537.36 (KHTML, like Gecko; compatible; GPTBot/1.4; +https://openai.com/gptbot)" www.nixgraphix.co.za 10.54.160.14
45.12.221.42 - - [28/Aug/2026:08:43:12 -0500] "GET /wp-admin/load-scripts.php?c=0&load%5Bchunk_0%5D=clipboard,jquery-core,jquery-migrate,zxcvbn-async,wp-hooks&ver=7.1 HTTP/2.0" 409 83 "https://nixgraphix.co.za/" "Mozilla/5.0 (Windows NT 10.0; Win64; x64) AppleWebKit/537.36 (KHTML, like Gecko) Chrome/149.0.0.0 Safari/537.36" www.nixgraphix.co.za 10.54.160.14
74.7.241.55 - - [28/Aug/2026:08:43:12 -0500] "GET /pin/2979184316474 HTTP/2.0" 301 - "https://www.nixgraphix.co.za/sitemap.xml" "Mozilla/5.0 AppleWebKit/537.36 (KHTML, like Gecko; compatible; GPTBot/1.4; +https://openai.com/gptbot)" www.nixgraphix.co.za 10.54.160.14
45.12.221.42 - - [28/Aug/2026:08:43:12 -0500] "GET /favicon.ico HTTP/2.0" 302 - "https://nixgraphix.co.za/wp-login.php" "Mozilla/5.0 (Windows NT 10.0; Win64; x64) AppleWebKit/537.36 (KHTML, like Gecko) Chrome/149.0.0.0 Safari/537.36" nixgraphix.co.za 10.54.160.14
45.12.221.42 - - [28/Aug/2026:08:43:13 -0500] "GET /wp-includes/images/w-logo-gray-white-bg.png HTTP/2.0" 200 3241 "https://nixgraphix.co.za/" "Mozilla/5.0 (Windows NT 10.0; Win64; x64) AppleWebKit/537.36 (KHTML, like Gecko) Chrome/149.0.0.0 Safari/537.36" www.nixgraphix.co.za 10.54.160.14
74.7.241.55 - - [28/Aug/2026:08:43:12 -0500] "GET /2026/06/15/pinco-online-kazino-pinko-2026-t-hluk-sizlik-v-m-lumatlarin-muhafiz-si/2979184316474/ HTTP/2.0" 301 - "https://www.nixgraphix.co.za/pin/2979184316474" "Mozilla/5.0 AppleWebKit/537.36 (KHTML, like Gecko; compatible; GPTBot/1.4; +https://openai.com/gptbot)" www.nixgraphix.co.za 10.54.160.14
74.7.241.55 - - [28/Aug/2026:08:43:13 -0500] "GET /pin/3829331815629 HTTP/2.0" 301 - "https://www.nixgraphix.co.za/sitemap.xml" "Mozilla/5.0 AppleWebKit/537.36 (KHTML, like Gecko; compatible; GPTBot/1.4; +https://openai.com/gptbot)" www.nixgraphix.co.za 10.54.160.14
74.7.241.55 - - [28/Aug/2026:08:43:13 -0500] "GET /2026/06/15/pinco-online-kazino-pinko-2026-t-hluk-sizlik-v-m-lumatlarin-muhafiz-si/3829331815629/ HTTP/2.0" 301 - "https://www.nixgraphix.co.za/pin/3829331815629" "Mozilla/5.0 AppleWebKit/537.36 (KHTML, like Gecko; compatible; GPTBot/1.4; +https://openai.com/gptbot)" www.nixgraphix.co.za 10.54.160.14
74.7.241.55 - - [28/Aug/2026:08:43:13 -0500] "GET /pin/6048022177523 HTTP/2.0" 301 - "https://www.nixgraphix.co.za/sitemap.xml" "Mozilla/5.0 AppleWebKit/537.36 (KHTML, like Gecko; compatible; GPTBot/1.4; +https://openai.com/gptbot)" www.nixgraphix.co.za 10.54.160.14
74.7.241.55 - - [28/Aug/2026:08:43:13 -0500] "GET /2026/06/15/pinco-online-kazino-pinko-2026-t-hluk-sizlik-v-m-lumatlarin-muhafiz-si/6048022177523/ HTTP/2.0" 301 - "https://www.nixgraphix.co.za/pin/6048022177523" "Mozilla/5.0 AppleWebKit/537.36 (KHTML, like Gecko; compatible; GPTBot/1.4; +https://openai.com/gptbot)" www.nixgraphix.co.za 10.54.160.14
74.7.241.55 - - [28/Aug/2026:08:43:14 -0500] "GET /pin/1439d01085858 HTTP/2.0" 404 20434 "https://www.nixgraphix.co.za/sitemap.xml" "Mozilla/5.0 AppleWebKit/537.36 (KHTML, like Gecko; compatible; GPTBot/1.4; +https://openai.com/gptbot)" www.nixgraphix.co.za 10.54.160.14
74.7.241.55 - - [28/Aug/2026:08:43:14 -0500] "GET /pin/67f2854394854 HTTP/2.0" 404 20434 "https://www.nixgraphix.co.za/sitemap.xml" "Mozilla/5.0 AppleWebKit/537.36 (KHTML, like Gecko; compatible; GPTBot/1.4; +https://openai.com/gptbot)" www.nixgraphix.co.za 10.54.160.14
192.178.4.130 - - [28/Aug/2026:08:43:15 -0500] "GET /pin/8538f44355994 HTTP/1.1" 200 41277 "-" "Mozilla/5.0 (Linux; Android 6.0.1; Nexus 5X Build/MMB29P) AppleWebKit/537.36 (KHTML, like Gecko) Chrome/151.0.7922.173 Mobile Safari/537.36 (compatible; GoogleOther)" www.nixgraphix.co.za 10.54.160.14
74.7.241.55 - - [28/Aug/2026:08:43:15 -0500] "GET /pin/3e89054435054 HTTP/2.0" 404 20434 "https://www.nixgraphix.co.za/sitemap.xml" "Mozilla/5.0 AppleWebKit/537.36 (KHTML, like Gecko; compatible; GPTBot/1.4; +https://openai.com/gptbot)" www.nixgraphix.co.za 10.54.160.14
74.7.241.55 - - [28/Aug/2026:08:43:16 -0500] "GET /pin/40383f4603818 HTTP/2.0" 404 20434 "https://www.nixgraphix.co.za/sitemap.xml" "Mozilla/5.0 AppleWebKit/537.36 (KHTML, like Gecko; compatible; GPTBot/1.4; +https://openai.com/gptbot)" www.nixgraphix.co.za 10.54.160.14
45.12.221.42 - - [28/Aug/2026:08:43:17 -0500] "POST /wp-login.php HTTP/2.0" 409 83 "https://nixgraphix.co.za/" "Mozilla/5.0 (Windows NT 10.0; Win64; x64) AppleWebKit/537.36 (KHTML, like Gecko) Chrome/149.0.0.0 Safari/537.36" www.nixgraphix.co.za 10.54.160.14
74.7.241.55 - - [28/Aug/2026:08:43:16 -0500] "GET /pin/47511e4847578 HTTP/2.0" 404 20434 "https://www.nixgraphix.co.za/sitemap.xml" "Mozilla/5.0 AppleWebKit/537.36 (KHTML, like Gecko; compatible; GPTBot/1.4; +https://openai.com/gptbot)" www.nixgraphix.co.za 10.54.160.14
74.7.241.55 - - [28/Aug/2026:08:43:17 -0500] "GET /pin/168f924484487 HTTP/2.0" 404 20434 "https://www.nixgraphix.co.za/sitemap.xml" "Mozilla/5.0 AppleWebKit/537.36 (KHTML, like Gecko; compatible; GPTBot/1.4; +https://openai.com/gptbot)" www.nixgraphix.co.za 10.54.160.14
45.12.221.42 - - [28/Aug/2026:08:43:17 -0500] "POST /wp-login.php HTTP/2.0" 200 3159 "https://www.nixgraphix.co.za/wp-login.php" "Mozilla/5.0 (Windows NT 10.0; Win64; x64) AppleWebKit/537.36 (KHTML, like Gecko) Chrome/149.0.0.0 Safari/537.36" www.nixgraphix.co.za 10.54.160.14
45.12.221.42 - - [28/Aug/2026:08:43:18 -0500] "GET /wp-includes/js/dist/dom-ready.min.js?ver=3fe927cab37bf38d6a23 HTTP/2.0" 200 497 "https://www.nixgraphix.co.za/wp-login.php" "Mozilla/5.0 (Windows NT 10.0; Win64; x64) AppleWebKit/537.36 (KHTML, like Gecko) Chrome/149.0.0.0 Safari/537.36" www.nixgraphix.co.za 10.54.160.14
45.12.221.42 - - [28/Aug/2026:08:43:18 -0500] "GET /wp-includes/js/dist/i18n.min.js?ver=1dfe7db3940c23ea9216 HTTP/2.0" 200 2604 "https://www.nixgraphix.co.za/wp-login.php" "Mozilla/5.0 (Windows NT 10.0; Win64; x64) AppleWebKit/537.36 (KHTML, like Gecko) Chrome/149.0.0.0 Safari/537.36" www.nixgraphix.co.za 10.54.160.14
45.12.221.42 - - [28/Aug/2026:08:43:18 -0500] "GET /wp-includes/js/wp-tooltip.js?ver=7.1 HTTP/2.0" 200 694 "https://www.nixgraphix.co.za/wp-login.php" "Mozilla/5.0 (Windows NT 10.0; Win64; x64) AppleWebKit/537.36 (KHTML, like Gecko) Chrome/149.0.0.0 Safari/537.36" www.nixgraphix.co.za 10.54.160.14
45.12.221.42 - - [28/Aug/2026:08:43:18 -0500] "GET /wp-includes/js/dist/a11y.min.js?ver=31c6cec5a4ff7aff483d HTTP/2.0" 200 1103 "https://www.nixgraphix.co.za/wp-login.php" "Mozilla/5.0 (Windows NT 10.0; Win64; x64) AppleWebKit/537.36 (KHTML, like Gecko) Chrome/149.0.0.0 Safari/537.36" www.nixgraphix.co.za 10.54.160.14
45.12.221.42 - - [28/Aug/2026:08:43:18 -0500] "GET /wp-admin/js/password-strength-meter.min.js?ver=7.1 HTTP/2.0" 200 626 "https://www.nixgraphix.co.za/wp-login.php" "Mozilla/5.0 (Windows NT 10.0; Win64; x64) AppleWebKit/537.36 (KHTML, like Gecko) Chrome/149.0.0.0 Safari/537.36" www.nixgraphix.co.za 10.54.160.14
45.12.221.42 - - [28/Aug/2026:08:43:18 -0500] "GET /wp-includes/js/wp-util.min.js?ver=7.1 HTTP/2.0" 200 758 "https://www.nixgraphix.co.za/wp-login.php" "Mozilla/5.0 (Windows NT 10.0; Win64; x64) AppleWebKit/537.36 (KHTML, like Gecko) Chrome/149.0.0.0 Safari/537.36" www.nixgraphix.co.za 10.54.160.14
45.12.221.42 - - [28/Aug/2026:08:43:18 -0500] "GET /wp-admin/js/user-profile.min.js?ver=7.1 HTTP/2.0" 200 3471 "https://www.nixgraphix.co.za/wp-login.php" "Mozilla/5.0 (Windows NT 10.0; Win64; x64) AppleWebKit/537.36 (KHTML, like Gecko) Chrome/149.0.0.0 Safari/537.36" www.nixgraphix.co.za 10.54.160.14
45.12.221.42 - - [28/Aug/2026:08:43:18 -0500] "GET /wp-includes/js/underscore.min.js?ver=1.13.8 HTTP/2.0" 200 8350 "https://www.nixgraphix.co.za/wp-login.php" "Mozilla/5.0 (Windows NT 10.0; Win64; x64) AppleWebKit/537.36 (KHTML, like Gecko) Chrome/149.0.0.0 Safari/537.36" www.nixgraphix.co.za 10.54.160.14
45.12.221.42 - - [28/Aug/2026:08:43:18 -0500] "GET /wp-admin/load-styles.php?c=0&dir=ltr&load%5Bchunk_0%5D=dashicons,buttons,forms,l10n,wp-base-styles,wp-tooltip,login&ver=7.1 HTTP/2.0" 200 52949 "https://www.nixgraphix.co.za/wp-login.php" "Mozilla/5.0 (Windows NT 10.0; Win64; x64) AppleWebKit/537.36 (KHTML, like Gecko) Chrome/149.0.0.0 Safari/537.36" www.nixgraphix.co.za 10.54.160.14
45.12.221.42 - - [28/Aug/2026:08:43:18 -0500] "GET /wp-admin/load-scripts.php?c=0&load%5Bchunk_0%5D=clipboard,jquery-core,jquery-migrate,zxcvbn-async,wp-hooks&ver=7.1 HTTP/2.0" 200 49205 "https://www.nixgraphix.co.za/wp-login.php" "Mozilla/5.0 (Windows NT 10.0; Win64; x64) AppleWebKit/537.36 (KHTML, like Gecko) Chrome/149.0.0.0 Safari/537.36" www.nixgraphix.co.za 10.54.160.14
74.7.241.55 - - [28/Aug/2026:08:43:18 -0500] "GET /pin/792e942994253 HTTP/2.0" 404 20434 "https://www.nixgraphix.co.za/sitemap.xml" "Mozilla/5.0 AppleWebKit/537.36 (KHTML, like Gecko; compatible; GPTBot/1.4; +https://openai.com/gptbot)" www.nixgraphix.co.za 10.54.160.14
74.7.241.55 - - [28/Aug/2026:08:43:18 -0500] "GET /pin/b603403466716 HTTP/2.0" 404 20434 "https://www.nixgraphix.co.za/sitemap.xml" "Mozilla/5.0 AppleWebKit/537.36 (KHTML, like Gecko; compatible; GPTBot/1.4; +https://openai.com/gptbot)" www.nixgraphix.co.za 10.54.160.14
45.12.221.42 - - [28/Aug/2026:08:43:19 -0500] "GET /wp-admin/images/wordpress-logo-gray.svg?ver=20260303 HTTP/2.0" 200 1521 "https://www.nixgraphix.co.za/wp-admin/load-styles.php?c=0&dir=ltr&load%5Bchunk_0%5D=dashicons,buttons,forms,l10n,wp-base-styles,wp-tooltip,login&ver=7.1" "Mozilla/5.0 (Windows NT 10.0; Win64; x64) AppleWebKit/537.36 (KHTML, like Gecko) Chrome/149.0.0.0 Safari/537.36" www.nixgraphix.co.za 10.54.160.14
45.12.221.42 - - [28/Aug/2026:08:43:19 -0500] "GET /favicon.ico HTTP/2.0" 302 - "https://www.nixgraphix.co.za/wp-login.php" "Mozilla/5.0 (Windows NT 10.0; Win64; x64) AppleWebKit/537.36 (KHTML, like Gecko) Chrome/149.0.0.0 Safari/537.36" www.nixgraphix.co.za 10.54.160.14
45.12.221.42 - - [28/Aug/2026:08:43:19 -0500] "GET /?sc_3bbc34=1 HTTP/2.0" 200 50512 "https://www.nixgraphix.co.za/wp-login.php" "Mozilla/5.0 (Windows NT 10.0; Win64; x64) AppleWebKit/537.36 (KHTML, like Gecko) Chrome/93.0.4577.82 Safari/537.36" www.nixgraphix.co.za 10.54.160.14
45.12.221.42 - - [28/Aug/2026:08:43:19 -0500] "GET /wp-includes/js/zxcvbn.min.js HTTP/2.0" 200 437142 "https://www.nixgraphix.co.za/wp-login.php" "Mozilla/5.0 (Windows NT 10.0; Win64; x64) AppleWebKit/537.36 (KHTML, like Gecko) Chrome/149.0.0.0 Safari/537.36" www.nixgraphix.co.za 10.54.160.14
74.7.241.55 - - [28/Aug/2026:08:43:19 -0500] "GET /pin/3932d63968393 HTTP/2.0" 404 20434 "https://www.nixgraphix.co.za/sitemap.xml" "Mozilla/5.0 AppleWebKit/537.36 (KHTML, like Gecko; compatible; GPTBot/1.4; +https://openai.com/gptbot)" www.nixgraphix.co.za 10.54.160.14
74.7.241.55 - - [28/Aug/2026:08:43:19 -0500] "GET /pin/98161d2739393 HTTP/2.0" 404 20434 "https://www.nixgraphix.co.za/sitemap.xml" "Mozilla/5.0 AppleWebKit/537.36 (KHTML, like Gecko; compatible; GPTBot/1.4; +https://openai.com/gptbot)" www.nixgraphix.co.za 10.54.160.14
45.12.221.42 - - [28/Aug/2026:08:43:20 -0500] "GET /wp-includes/images/w-logo-gray-white-bg.png HTTP/2.0" 200 3241 "https://www.nixgraphix.co.za/wp-login.php" "Mozilla/5.0 (Windows NT 10.0; Win64; x64) AppleWebKit/537.36 (KHTML, like Gecko) Chrome/149.0.0.0 Safari/537.36" www.nixgraphix.co.za 10.54.160.14
74.7.241.55 - - [28/Aug/2026:08:43:20 -0500] "GET /pin/8688c25323232 HTTP/2.0" 404 20434 "https://www.nixgraphix.co.za/sitemap.xml" "Mozilla/5.0 AppleWebKit/537.36 (KHTML, like Gecko; compatible; GPTBot/1.4; +https://openai.com/gptbot)" www.nixgraphix.co.za 10.54.160.14
74.7.241.55 - - [28/Aug/2026:08:43:21 -0500] "GET /pin/86e6035503559 HTTP/2.0" 404 20434 "https://www.nixgraphix.co.za/sitemap.xml" "Mozilla/5.0 AppleWebKit/537.36 (KHTML, like Gecko; compatible; GPTBot/1.4; +https://openai.com/gptbot)" www.nixgraphix.co.za 10.54.160.14
74.7.241.55 - - [28/Aug/2026:08:43:21 -0500] "GET /pin/1134083408867 HTTP/2.0" 301 - "https://www.nixgraphix.co.za/sitemap.xml" "Mozilla/5.0 AppleWebKit/537.36 (KHTML, like Gecko; compatible; GPTBot/1.4; +https://openai.com/gptbot)" www.nixgraphix.co.za 10.54.160.14
74.7.241.55 - - [28/Aug/2026:08:43:21 -0500] "GET /2026/06/15/pinco-online-kazino-pinko-2026-t-hluk-sizlik-v-m-lumatlarin-muhafiz-si/1134083408867/ HTTP/2.0" 301 - "https://www.nixgraphix.co.za/pin/1134083408867" "Mozilla/5.0 AppleWebKit/537.36 (KHTML, like Gecko; compatible; GPTBot/1.4; +https://openai.com/gptbot)" www.nixgraphix.co.za 10.54.160.14
192.178.4.130 - - [28/Aug/2026:08:43:21 -0500] "GET /pin/3a122c353511 HTTP/1.1" 200 40807 "-" "Mozilla/5.0 (Linux; Android 6.0.1; Nexus 5X Build/MMB29P) AppleWebKit/537.36 (KHTML, like Gecko) Chrome/151.0.7922.173 Mobile Safari/537.36 (compatible; GoogleOther)" www.nixgraphix.co.za 10.54.160.14
74.7.241.55 - - [28/Aug/2026:08:43:22 -0500] "GET /pin/9313131786450 HTTP/2.0" 301 - "https://www.nixgraphix.co.za/sitemap.xml" "Mozilla/5.0 AppleWebKit/537.36 (KHTML, like Gecko; compatible; GPTBot/1.4; +https://openai.com/gptbot)" www.nixgraphix.co.za 10.54.160.14
74.7.241.55 - - [28/Aug/2026:08:43:22 -0500] "GET /2026/06/15/pinco-online-kazino-pinko-2026-t-hluk-sizlik-v-m-lumatlarin-muhafiz-si/9313131786450/ HTTP/2.0" 301 - "https://www.nixgraphix.co.za/pin/9313131786450" "Mozilla/5.0 AppleWebKit/537.36 (KHTML, like Gecko; compatible; GPTBot/1.4; +https://openai.com/gptbot)" www.nixgraphix.co.za 10.54.160.14
74.7.241.55 - - [28/Aug/2026:08:43:22 -0500] "GET /pin/afedde4210789 HTTP/2.0" 404 20434 "https://www.nixgraphix.co.za/sitemap.xml" "Mozilla/5.0 AppleWebKit/537.36 (KHTML, like Gecko; compatible; GPTBot/1.4; +https://openai.com/gptbot)" www.nixgraphix.co.za 10.54.160.14
74.7.241.55 - - [28/Aug/2026:08:43:23 -0500] "GET /pin/7046244704949 HTTP/2.0" 301 - "https://www.nixgraphix.co.za/sitemap.xml" "Mozilla/5.0 AppleWebKit/537.36 (KHTML, like Gecko; compatible; GPTBot/1.4; +https://openai.com/gptbot)" www.nixgraphix.co.za 10.54.160.14
74.7.241.55 - - [28/Aug/2026:08:43:23 -0500] "GET /2026/06/15/pinco-online-kazino-pinko-2026-t-hluk-sizlik-v-m-lumatlarin-muhafiz-si/7046244704949/ HTTP/2.0" 301 - "https://www.nixgraphix.co.za/pin/7046244704949" "Mozilla/5.0 AppleWebKit/537.36 (KHTML, like Gecko; compatible; GPTBot/1.4; +https://openai.com/gptbot)" www.nixgraphix.co.za 10.54.160.14
74.7.241.55 - - [28/Aug/2026:08:43:23 -0500] "GET /pin/d65c3e2502604 HTTP/2.0" 404 20434 "https://www.nixgraphix.co.za/sitemap.xml" "Mozilla/5.0 AppleWebKit/537.36 (KHTML, like Gecko; compatible; GPTBot/1.4; +https://openai.com/gptbot)" www.nixgraphix.co.za 10.54.160.14
74.7.241.55 - - [28/Aug/2026:08:43:24 -0500] "GET /pin/66f3ce3900948 HTTP/2.0" 404 20434 "https://www.nixgraphix.co.za/sitemap.xml" "Mozilla/5.0 AppleWebKit/537.36 (KHTML, like Gecko; compatible; GPTBot/1.4; +https://openai.com/gptbot)" www.nixgraphix.co.za 10.54.160.14
45.12.221.42 - - [28/Aug/2026:08:43:24 -0500] "POST /wp-login.php HTTP/2.0" 302 - "https://www.nixgraphix.co.za/wp-login.php" "Mozilla/5.0 (Windows NT 10.0; Win64; x64) AppleWebKit/537.36 (KHTML, like Gecko) Chrome/93.0.4577.82 Safari/537.36" www.nixgraphix.co.za 10.54.160.14
192.178.4.130 - - [28/Aug/2026:08:43:25 -0500] "GET /pin/b35d413797668 HTTP/1.1" 200 45854 "-" "Mozilla/5.0 (Linux; Android 6.0.1; Nexus 5X Build/MMB29P) AppleWebKit/537.36 (KHTML, like Gecko) Chrome/151.0.7922.173 Mobile Safari/537.36 (compatible; GoogleOther)" www.nixgraphix.co.za 10.54.160.14
45.12.221.42 - - [28/Aug/2026:08:43:25 -0500] "GET /wp-admin/ HTTP/2.0" 200 24458 "https://www.nixgraphix.co.za/wp-login.php" "Mozilla/5.0 (Windows NT 10.0; Win64; x64) AppleWebKit/537.36 (KHTML, like Gecko) Chrome/93.0.4577.82 Safari/537.36" www.nixgraphix.co.za 10.54.160.14
74.7.241.55 - - [28/Aug/2026:08:43:25 -0500] "GET /pin/3bb19d2395420 HTTP/2.0" 404 20434 "https://www.nixgraphix.co.za/sitemap.xml" "Mozilla/5.0 AppleWebKit/537.36 (KHTML, like Gecko; compatible; GPTBot/1.4; +https://openai.com/gptbot)" www.nixgraphix.co.za 10.54.160.14
74.7.241.55 - - [28/Aug/2026:08:43:25 -0500] "GET /pin/6fd9f15174472 HTTP/2.0" 404 20434 "https://www.nixgraphix.co.za/sitemap.xml" "Mozilla/5.0 AppleWebKit/537.36 (KHTML, like Gecko; compatible; GPTBot/1.4; +https://openai.com/gptbot)" www.nixgraphix.co.za 10.54.160.14
74.7.241.55 - - [28/Aug/2026:08:43:26 -0500] "GET /pin/bf67b32789569 HTTP/2.0" 404 20434 "https://www.nixgraphix.co.za/sitemap.xml" "Mozilla/5.0 AppleWebKit/537.36 (KHTML, like Gecko; compatible; GPTBot/1.4; +https://openai.com/gptbot)" www.nixgraphix.co.za 10.54.160.14
45.12.221.42 - - [28/Aug/2026:08:43:27 -0500] "POST /wp-content/cache/83d8af5d.php HTTP/2.0" 403 450 "https://www.nixgraphix.co.za/?sc_3bbc34=1" "Mozilla/5.0 (Windows NT 10.0; Win64; x64) AppleWebKit/537.36 (KHTML, like Gecko) Chrome/93.0.4577.82 Safari/537.36" www.nixgraphix.co.za 10.54.160.14
45.12.221.42 - - [28/Aug/2026:08:43:27 -0500] "GET /wp-includes/js/thickbox/thickbox.css?ver=7.1 HTTP/2.0" 200 1046 "https://www.nixgraphix.co.za/wp-admin/" "Mozilla/5.0 (Windows NT 10.0; Win64; x64) AppleWebKit/537.36 (KHTML, like Gecko) Chrome/149.0.0.0 Safari/537.36" www.nixgraphix.co.za 10.54.160.14
45.12.221.42 - - [28/Aug/2026:08:43:27 -0500] "GET /wp-content/plugins/wp-file-manager/css/fm_common.css?ver=7.1 HTTP/2.0" 200 183 "https://www.nixgraphix.co.za/wp-admin/" "Mozilla/5.0 (Windows NT 10.0; Win64; x64) AppleWebKit/537.36 (KHTML, like Gecko) Chrome/149.0.0.0 Safari/537.36" www.nixgraphix.co.za 10.54.160.14
45.12.221.42 - - [28/Aug/2026:08:43:27 -0500] "GET /wp-admin/css/colors/modern/colors.min.css?ver=7.1 HTTP/2.0" 200 4344 "https://www.nixgraphix.co.za/wp-admin/" "Mozilla/5.0 (Windows NT 10.0; Win64; x64) AppleWebKit/537.36 (KHTML, like Gecko) Chrome/149.0.0.0 Safari/537.36" www.nixgraphix.co.za 10.54.160.14
45.12.221.42 - - [28/Aug/2026:08:43:27 -0500] "GET /wp-admin/load-scripts.php?c=0&load%5Bchunk_0%5D=jquery-core,jquery-migrate,utils&ver=7.1 HTTP/2.0" 200 44427 "https://www.nixgraphix.co.za/wp-admin/" "Mozilla/5.0 (Windows NT 10.0; Win64; x64) AppleWebKit/537.36 (KHTML, like Gecko) Chrome/149.0.0.0 Safari/537.36" www.nixgraphix.co.za 10.54.160.14
45.12.221.42 - - [28/Aug/2026:08:43:27 -0500] "GET /wp-admin/load-styles.php?c=0&dir=ltr&load%5Bchunk_0%5D=dashicons,admin-bar,site-health,common,forms,admin-menu,dashboard,list-tables,edit,revisions,media,themes,about,nav-menus,wp-poi&load%5Bchunk_1%5D=nter,widgets,site-icon,l10n,wp-base-styles,wp-tooltip,buttons,wp-auth-check,wp-theme,wp-components,wp-commands&ver=7.1 HTTP/2.0" 200 179697 "https://www.nixgraphix.co.za/wp-admin/" "Mozilla/5.0 (Windows NT 10.0; Win64; x64) AppleWebKit/537.36 (KHTML, like Gecko) Chrome/149.0.0.0 Safari/537.36" www.nixgraphix.co.za 10.54.160.14
74.7.241.55 - - [28/Aug/2026:08:43:26 -0500] "GET /pin/63c0bb5620743 HTTP/2.0" 404 20434 "https://www.nixgraphix.co.za/sitemap.xml" "Mozilla/5.0 AppleWebKit/537.36 (KHTML, like Gecko; compatible; GPTBot/1.4; +https://openai.com/gptbot)" www.nixgraphix.co.za 10.54.160.14
74.7.241.55 - - [28/Aug/2026:08:43:27 -0500] "GET /pin/b5d73b2371405 HTTP/2.0" 404 20434 "https://www.nixgraphix.co.za/sitemap.xml" "Mozilla/5.0 AppleWebKit/537.36 (KHTML, like Gecko; compatible; GPTBot/1.4; +https://openai.com/gptbot)" www.nixgraphix.co.za 10.54.160.14
45.12.221.42 - - [28/Aug/2026:08:43:27 -0500] "GET /wp-admin/load-scripts.php?c=0&load%5Bchunk_0%5D=hoverIntent,wp-dom-ready,wp-hooks&ver=7.1 HTTP/2.0" 200 2973 "https://www.nixgraphix.co.za/wp-admin/" "Mozilla/5.0 (Windows NT 10.0; Win64; x64) AppleWebKit/537.36 (KHTML, like Gecko) Chrome/149.0.0.0 Safari/537.36" www.nixgraphix.co.za 10.54.160.14
45.12.221.42 - - [28/Aug/2026:08:43:28 -0500] "POST /xmlrpc.php HTTP/1.1" 200 268 "https://nixgraphix.co.za/" "Mozilla/5.0 (Windows NT 10.0; Win64; x64) AppleWebKit/537.36 (KHTML, like Gecko) Chrome/122.0.0.0 Safari/537.36" nixgraphix.co.za 10.54.160.14
74.7.241.55 - - [28/Aug/2026:08:43:27 -0500] "GET /pin/9cb04d3234012 HTTP/2.0" 404 20434 "https://www.nixgraphix.co.za/sitemap.xml" "Mozilla/5.0 AppleWebKit/537.36 (KHTML, like Gecko; compatible; GPTBot/1.4; +https://openai.com/gptbot)" www.nixgraphix.co.za 10.54.160.14
45.12.221.42 - - [28/Aug/2026:08:43:28 -0500] "GET /wp-includes/js/dist/a11y.min.js?ver=31c6cec5a4ff7aff483d HTTP/2.0" 200 1103 "https://www.nixgraphix.co.za/wp-admin/" "Mozilla/5.0 (Windows NT 10.0; Win64; x64) AppleWebKit/537.36 (KHTML, like Gecko) Chrome/149.0.0.0 Safari/537.36" www.nixgraphix.co.za 10.54.160.14
45.12.221.42 - - [28/Aug/2026:08:43:28 -0500] "GET /wp-includes/js/wp-util.min.js?ver=7.1 HTTP/2.0" 200 758 "https://www.nixgraphix.co.za/wp-admin/" "Mozilla/5.0 (Windows NT 10.0; Win64; x64) AppleWebKit/537.36 (KHTML, like Gecko) Chrome/149.0.0.0 Safari/537.36" www.nixgraphix.co.za 10.54.160.14
45.12.221.42 - - [28/Aug/2026:08:43:28 -0500] "GET /wp-includes/js/dist/i18n.min.js?ver=1dfe7db3940c23ea9216 HTTP/2.0" 200 2604 "https://www.nixgraphix.co.za/wp-admin/" "Mozilla/5.0 (Windows NT 10.0; Win64; x64) AppleWebKit/537.36 (KHTML, like Gecko) Chrome/149.0.0.0 Safari/537.36" www.nixgraphix.co.za 10.54.160.14
45.12.221.42 - - [28/Aug/2026:08:43:28 -0500] "GET /wp-includes/js/underscore.min.js?ver=1.13.8 HTTP/2.0" 200 8350 "https://www.nixgraphix.co.za/wp-admin/" "Mozilla/5.0 (Windows NT 10.0; Win64; x64) AppleWebKit/537.36 (KHTML, like Gecko) Chrome/149.0.0.0 Safari/537.36" www.nixgraphix.co.za 10.54.160.14
45.12.221.42 - - [28/Aug/2026:08:43:28 -0500] "GET /wp-includes/js/admin-bar.min.js?ver=7.1 HTTP/2.0" 200 1407 "https://www.nixgraphix.co.za/wp-admin/" "Mozilla/5.0 (Windows NT 10.0; Win64; x64) AppleWebKit/537.36 (KHTML, like Gecko) Chrome/149.0.0.0 Safari/537.36" www.nixgraphix.co.za 10.54.160.14
45.12.221.42 - - [28/Aug/2026:08:43:28 -0500] "GET /wp-admin/js/common.min.js?ver=7.1 HTTP/2.0" 200 10208 "https://www.nixgraphix.co.za/wp-admin/" "Mozilla/5.0 (Windows NT 10.0; Win64; x64) AppleWebKit/537.36 (KHTML, like Gecko) Chrome/149.0.0.0 Safari/537.36" www.nixgraphix.co.za 10.54.160.14
200.4.96.98 - - [28/Aug/2026:08:43:27 -0500] "GET /2026/08/20/here-old-college-concept-recommendations-in-addition-to-local-casino-try-ing-bedroom-to-match/ HTTP/1.1" 200 24119 "-" "Mozilla/5.0 (Macintosh; Intel Mac OS X 13_5_0) AppleWebKit/537.36 (KHTML, like Gecko) Chrome/133.0.6943.53 Safari/537.36" www.nixgraphix.co.za 10.54.160.14
45.12.221.42 - - [28/Aug/2026:08:43:29 -0500] "GET /wp-includes/js/clipboard.min.js?ver=2.0.11 HTTP/2.0" 200 3611 "https://www.nixgraphix.co.za/wp-admin/" "Mozilla/5.0 (Windows NT 10.0; Win64; x64) AppleWebKit/537.36 (KHTML, like Gecko) Chrome/149.0.0.0 Safari/537.36" www.nixgraphix.co.za 10.54.160.14
45.12.221.42 - - [28/Aug/2026:08:43:29 -0500] "GET /wp-includes/js/wp-lists.min.js?ver=7.1 HTTP/2.0" 200 3183 "https://www.nixgraphix.co.za/wp-admin/" "Mozilla/5.0 (Windows NT 10.0; Win64; x64) AppleWebKit/537.36 (KHTML, like Gecko) Chrome/149.0.0.0 Safari/537.36" www.nixgraphix.co.za 10.54.160.14
45.12.221.42 - - [28/Aug/2026:08:43:29 -0500] "GET /wp-includes/js/api-request.min.js?ver=7.1 HTTP/2.0" 200 597 "https://www.nixgraphix.co.za/wp-admin/" "Mozilla/5.0 (Windows NT 10.0; Win64; x64) AppleWebKit/537.36 (KHTML, like Gecko) Chrome/149.0.0.0 Safari/537.36" www.nixgraphix.co.za 10.54.160.14
45.12.221.42 - - [28/Aug/2026:08:43:29 -0500] "GET /wp-includes/js/jquery/jquery.color.min.js?ver=3.0.0 HTTP/2.0" 200 2833 "https://www.nixgraphix.co.za/wp-admin/" "Mozilla/5.0 (Windows NT 10.0; Win64; x64) AppleWebKit/537.36 (KHTML, like Gecko) Chrome/149.0.0.0 Safari/537.36" www.nixgraphix.co.za 10.54.160.14
45.12.221.42 - - [28/Aug/2026:08:43:29 -0500] "GET /wp-includes/js/dist/url.min.js?ver=7b0de086d4ae11d55704 HTTP/2.0" 200 4113 "https://www.nixgraphix.co.za/wp-admin/" "Mozilla/5.0 (Windows NT 10.0; Win64; x64) AppleWebKit/537.36 (KHTML, like Gecko) Chrome/149.0.0.0 Safari/537.36" www.nixgraphix.co.za 10.54.160.14
45.12.221.42 - - [28/Aug/2026:08:43:29 -0500] "GET /wp-admin/js/site-health.min.js?ver=7.1 HTTP/2.0" 200 2523 "https://www.nixgraphix.co.za/wp-admin/" "Mozilla/5.0 (Windows NT 10.0; Win64; x64) AppleWebKit/537.36 (KHTML, like Gecko) Chrome/149.0.0.0 Safari/537.36" www.nixgraphix.co.za 10.54.160.14
74.7.241.55 - - [28/Aug/2026:08:43:28 -0500] "GET /pin/3c69cd5430988 HTTP/2.0" 404 20434 "https://www.nixgraphix.co.za/sitemap.xml" "Mozilla/5.0 AppleWebKit/537.36 (KHTML, like Gecko; compatible; GPTBot/1.4; +https://openai.com/gptbot)" www.nixgraphix.co.za 10.54.160.14
45.12.221.42 - - [28/Aug/2026:08:43:29 -0500] "GET /wp-includes/js/wp-auth-check.min.js?ver=7.1 HTTP/2.0" 200 807 "https://www.nixgraphix.co.za/wp-admin/" "Mozilla/5.0 (Windows NT 10.0; Win64; x64) AppleWebKit/537.36 (KHTML, like Gecko) Chrome/149.0.0.0 Safari/537.36" www.nixgraphix.co.za 10.54.160.14
45.12.221.42 - - [28/Aug/2026:08:43:29 -0500] "GET /wp-includes/js/hoverintent-js.min.js?ver=2.2.1 HTTP/2.0" 200 718 "https://www.nixgraphix.co.za/wp-admin/" "Mozilla/5.0 (Windows NT 10.0; Win64; x64) AppleWebKit/537.36 (KHTML, like Gecko) Chrome/149.0.0.0 Safari/537.36" www.nixgraphix.co.za 10.54.160.14
45.12.221.42 - - [28/Aug/2026:08:43:29 -0500] "GET /wp-includes/js/heartbeat.min.js?ver=7.1 HTTP/2.0" 200 2253 "https://www.nixgraphix.co.za/wp-admin/" "Mozilla/5.0 (Windows NT 10.0; Win64; x64) AppleWebKit/537.36 (KHTML, like Gecko) Chrome/149.0.0.0 Safari/537.36" www.nixgraphix.co.za 10.54.160.14
45.12.221.42 - - [28/Aug/2026:08:43:29 -0500] "GET /wp-admin/js/media-upload.min.js?ver=7.1 HTTP/2.0" 200 613 "https://www.nixgraphix.co.za/wp-admin/" "Mozilla/5.0 (Windows NT 10.0; Win64; x64) AppleWebKit/537.36 (KHTML, like Gecko) Chrome/149.0.0.0 Safari/537.36" www.nixgraphix.co.za 10.54.160.14
45.12.221.42 - - [28/Aug/2026:08:43:29 -0500] "GET /wp-admin/js/svg-painter.js?ver=7.1 HTTP/2.0" 200 1288 "https://www.nixgraphix.co.za/wp-admin/" "Mozilla/5.0 (Windows NT 10.0; Win64; x64) AppleWebKit/537.36 (KHTML, like Gecko) Chrome/149.0.0.0 Safari/537.36" www.nixgraphix.co.za 10.54.160.14
45.12.221.42 - - [28/Aug/2026:08:43:29 -0500] "GET /wp-admin/js/edit-comments.min.js?ver=7.1 HTTP/2.0" 200 6410 "https://www.nixgraphix.co.za/wp-admin/" "Mozilla/5.0 (Windows NT 10.0; Win64; x64) AppleWebKit/537.36 (KHTML, like Gecko) Chrome/149.0.0.0 Safari/537.36" www.nixgraphix.co.za 10.54.160.14
74.7.241.55 - - [28/Aug/2026:08:43:29 -0500] "GET /pin/f634fd5112684 HTTP/2.0" 404 20434 "https://www.nixgraphix.co.za/sitemap.xml" "Mozilla/5.0 AppleWebKit/537.36 (KHTML, like Gecko; compatible; GPTBot/1.4; +https://openai.com/gptbot)" www.nixgraphix.co.za 10.54.160.14
45.12.221.42 - - [28/Aug/2026:08:43:29 -0500] "GET /wp-includes/js/dist/vendor/react.min.js?ver=18.3.1.1 HTTP/2.0" 200 4635 "https://www.nixgraphix.co.za/wp-admin/" "Mozilla/5.0 (Windows NT 10.0; Win64; x64) AppleWebKit/537.36 (KHTML, like Gecko) Chrome/149.0.0.0 Safari/537.36" www.nixgraphix.co.za 10.54.160.14
45.12.221.42 - - [28/Aug/2026:08:43:29 -0500] "GET /wp-includes/js/dist/escape-html.min.js?ver=87ebe53e97bba59805a5 HTTP/2.0" 200 616 "https://www.nixgraphix.co.za/wp-admin/" "Mozilla/5.0 (Windows NT 10.0; Win64; x64) AppleWebKit/537.36 (KHTML, like Gecko) Chrome/149.0.0.0 Safari/537.36" www.nixgraphix.co.za 10.54.160.14
45.12.221.42 - - [28/Aug/2026:08:43:29 -0500] "GET /wp-includes/js/shortcode.min.js?ver=7.1 HTTP/2.0" 200 1177 "https://www.nixgraphix.co.za/wp-admin/" "Mozilla/5.0 (Windows NT 10.0; Win64; x64) AppleWebKit/537.36 (KHTML, like Gecko) Chrome/149.0.0.0 Safari/537.36" www.nixgraphix.co.za 10.54.160.14
45.12.221.42 - - [28/Aug/2026:08:43:29 -0500] "GET /wp-includes/js/dist/element.min.js?ver=4a4370b2b349066fd440 HTTP/2.0" 200 5619 "https://www.nixgraphix.co.za/wp-admin/" "Mozilla/5.0 (Windows NT 10.0; Win64; x64) AppleWebKit/537.36 (KHTML, like Gecko) Chrome/149.0.0.0 Safari/537.36" www.nixgraphix.co.za 10.54.160.14
45.12.221.42 - - [28/Aug/2026:08:43:29 -0500] "GET /wp-admin/js/updates.min.js?ver=7.1 HTTP/2.0" 200 16878 "https://www.nixgraphix.co.za/wp-admin/" "Mozilla/5.0 (Windows NT 10.0; Win64; x64) AppleWebKit/537.36 (KHTML, like Gecko) Chrome/149.0.0.0 Safari/537.36" www.nixgraphix.co.za 10.54.160.14
45.12.221.42 - - [28/Aug/2026:08:43:29 -0500] "GET /wp-includes/js/dist/vendor/react-dom.min.js?ver=18.3.1.1 HTTP/2.0" 200 54045 "https://www.nixgraphix.co.za/wp-admin/" "Mozilla/5.0 (Windows NT 10.0; Win64; x64) AppleWebKit/537.36 (KHTML, like Gecko) Chrome/149.0.0.0 Safari/537.36" www.nixgraphix.co.za 10.54.160.14
45.12.221.42 - - [28/Aug/2026:08:43:29 -0500] "GET /wp-includes/js/wp-ajax-response.min.js?ver=7.1 HTTP/2.0" 200 1156 "https://www.nixgraphix.co.za/wp-admin/" "Mozilla/5.0 (Windows NT 10.0; Win64; x64) AppleWebKit/537.36 (KHTML, like Gecko) Chrome/149.0.0.0 Safari/537.36" www.nixgraphix.co.za 10.54.160.14
74.7.241.55 - - [28/Aug/2026:08:43:29 -0500] "GET /pin/99253954258 HTTP/2.0" 301 - "https://www.nixgraphix.co.za/sitemap.xml" "Mozilla/5.0 AppleWebKit/537.36 (KHTML, like Gecko; compatible; GPTBot/1.4; +https://openai.com/gptbot)" www.nixgraphix.co.za 10.54.160.14
45.12.221.42 - - [28/Aug/2026:08:43:29 -0500] "GET /wp-includes/js/dist/is-shallow-equal.min.js?ver=7ad271045c1fe60f5496 HTTP/2.0" 200 596 "https://www.nixgraphix.co.za/wp-admin/" "Mozilla/5.0 (Windows NT 10.0; Win64; x64) AppleWebKit/537.36 (KHTML, like Gecko) Chrome/149.0.0.0 Safari/537.36" www.nixgraphix.co.za 10.54.160.14
45.12.221.42 - - [28/Aug/2026:08:43:29 -0500] "GET /wp-includes/js/dist/priority-queue.min.js?ver=6c0aa59b65d55dfd509b HTTP/2.0" 200 1718 "https://www.nixgraphix.co.za/wp-admin/" "Mozilla/5.0 (Windows NT 10.0; Win64; x64) AppleWebKit/537.36 (KHTML, like Gecko) Chrome/149.0.0.0 Safari/537.36" www.nixgraphix.co.za 10.54.160.14
45.12.221.42 - - [28/Aug/2026:08:43:29 -0500] "GET /wp-includes/js/dist/dom.min.js?ver=c95f94cbbc1ac3fde84f HTTP/2.0" 200 5903 "https://www.nixgraphix.co.za/wp-admin/" "Mozilla/5.0 (Windows NT 10.0; Win64; x64) AppleWebKit/537.36 (KHTML, like Gecko) Chrome/149.0.0.0 Safari/537.36" www.nixgraphix.co.za 10.54.160.14
45.12.221.42 - - [28/Aug/2026:08:43:29 -0500] "GET /wp-includes/js/dist/private-apis.min.js?ver=eb85f28c4c729bb4f002 HTTP/2.0" 200 1188 "https://www.nixgraphix.co.za/wp-admin/" "Mozilla/5.0 (Windows NT 10.0; Win64; x64) AppleWebKit/537.36 (KHTML, like Gecko) Chrome/149.0.0.0 Safari/537.36" www.nixgraphix.co.za 10.54.160.14
74.7.241.55 - - [28/Aug/2026:08:43:29 -0500] "GET /2026/06/15/pinco-online-kazino-pinko-2026-t-hluk-sizlik-v-m-lumatlarin-muhafiz-si/99253954258/ HTTP/2.0" 301 - "https://www.nixgraphix.co.za/pin/99253954258" "Mozilla/5.0 AppleWebKit/537.36 (KHTML, like Gecko; compatible; GPTBot/1.4; +https://openai.com/gptbot)" www.nixgraphix.co.za 10.54.160.14
45.12.221.42 - - [28/Aug/2026:08:43:30 -0500] "GET /wp-includes/js/dist/undo-manager.min.js?ver=4554fce6276d8910a4ae HTTP/2.0" 200 950 "https://www.nixgraphix.co.za/wp-admin/" "Mozilla/5.0 (Windows NT 10.0; Win64; x64) AppleWebKit/537.36 (KHTML, like Gecko) Chrome/149.0.0.0 Safari/537.36" www.nixgraphix.co.za 10.54.160.14
45.12.221.42 - - [28/Aug/2026:08:43:30 -0500] "GET /wp-includes/js/dist/compose.min.js?ver=0e8bde2a499ea6073b42 HTTP/2.0" 200 13362 "https://www.nixgraphix.co.za/wp-admin/" "Mozilla/5.0 (Windows NT 10.0; Win64; x64) AppleWebKit/537.36 (KHTML, like Gecko) Chrome/149.0.0.0 Safari/537.36" www.nixgraphix.co.za 10.54.160.14
45.12.221.42 - - [28/Aug/2026:08:43:30 -0500] "GET /wp-includes/js/dist/html-entities.min.js?ver=a976ff3a0f00bc2999a3 HTTP/2.0" 200 524 "https://www.nixgraphix.co.za/wp-admin/" "Mozilla/5.0 (Windows NT 10.0; Win64; x64) AppleWebKit/537.36 (KHTML, like Gecko) Chrome/149.0.0.0 Safari/537.36" www.nixgraphix.co.za 10.54.160.14
45.12.221.42 - - [28/Aug/2026:08:43:30 -0500] "GET /wp-includes/js/dist/redux-routine.min.js?ver=acca2b4857d83ad1790e HTTP/2.0" 200 3975 "https://www.nixgraphix.co.za/wp-admin/" "Mozilla/5.0 (Windows NT 10.0; Win64; x64) AppleWebKit/537.36 (KHTML, like Gecko) Chrome/149.0.0.0 Safari/537.36" www.nixgraphix.co.za 10.54.160.14
45.12.221.42 - - [28/Aug/2026:08:43:30 -0500] "GET /wp-includes/js/wp-sanitize.min.js?ver=7.1 HTTP/2.0" 200 271 "https://www.nixgraphix.co.za/wp-admin/" "Mozilla/5.0 (Windows NT 10.0; Win64; x64) AppleWebKit/537.36 (KHTML, like Gecko) Chrome/149.0.0.0 Safari/537.36" www.nixgraphix.co.za 10.54.160.14
45.12.221.42 - - [28/Aug/2026:08:43:30 -0500] "GET /wp-includes/js/quicktags.min.js?ver=7.1 HTTP/2.0" 200 3994 "https://www.nixgraphix.co.za/wp-admin/" "Mozilla/5.0 (Windows NT 10.0; Win64; x64) AppleWebKit/537.36 (KHTML, like Gecko) Chrome/149.0.0.0 Safari/537.36" www.nixgraphix.co.za 10.54.160.14
45.12.221.42 - - [28/Aug/2026:08:43:30 -0500] "GET /wp-includes/js/dist/keyboard-shortcuts.min.js?ver=37da95806f2339bc80d0 HTTP/2.0" 200 1699 "https://www.nixgraphix.co.za/wp-admin/" "Mozilla/5.0 (Windows NT 10.0; Win64; x64) AppleWebKit/537.36 (KHTML, like Gecko) Chrome/149.0.0.0 Safari/537.36" www.nixgraphix.co.za 10.54.160.14
45.12.221.42 - - [28/Aug/2026:08:43:30 -0500] "GET /wp-admin/js/plugin-install.min.js?ver=7.1 HTTP/2.0" 200 1053 "https://www.nixgraphix.co.za/wp-admin/" "Mozilla/5.0 (Windows NT 10.0; Win64; x64) AppleWebKit/537.36 (KHTML, like Gecko) Chrome/149.0.0.0 Safari/537.36" www.nixgraphix.co.za 10.54.160.14
45.12.221.42 - - [28/Aug/2026:08:43:30 -0500] "GET /wp-includes/js/dist/primitives.min.js?ver=44cc5a35c7b9fe07a838 HTTP/2.0" 200 1051 "https://www.nixgraphix.co.za/wp-admin/" "Mozilla/5.0 (Windows NT 10.0; Win64; x64) AppleWebKit/537.36 (KHTML, like Gecko) Chrome/149.0.0.0 Safari/537.36" www.nixgraphix.co.za 10.54.160.14
45.12.221.42 - - [28/Aug/2026:08:43:30 -0500] "GET /wp-includes/js/dist/api-fetch.min.js?ver=6f2a4faeee3c722b1e57 HTTP/2.0" 200 3672 "https://www.nixgraphix.co.za/wp-admin/" "Mozilla/5.0 (Windows NT 10.0; Win64; x64) AppleWebKit/537.36 (KHTML, like Gecko) Chrome/149.0.0.0 Safari/537.36" www.nixgraphix.co.za 10.54.160.14
45.12.221.42 - - [28/Aug/2026:08:43:30 -0500] "GET /wp-includes/js/jquery/ui/sortable.min.js?ver=1.14.2 HTTP/2.0" 200 8430 "https://www.nixgraphix.co.za/wp-admin/" "Mozilla/5.0 (Windows NT 10.0; Win64; x64) AppleWebKit/537.36 (KHTML, like Gecko) Chrome/149.0.0.0 Safari/537.36" www.nixgraphix.co.za 10.54.160.14
45.12.221.42 - - [28/Aug/2026:08:43:30 -0500] "GET /wp-includes/js/dist/commands.min.js?ver=1a4910212c7ed2355300 HTTP/2.0" 200 23869 "https://www.nixgraphix.co.za/wp-admin/" "Mozilla/5.0 (Windows NT 10.0; Win64; x64) AppleWebKit/537.36 (KHTML, like Gecko) Chrome/149.0.0.0 Safari/537.36" www.nixgraphix.co.za 10.54.160.14
45.12.221.42 - - [28/Aug/2026:08:43:30 -0500] "GET /wp-includes/js/jquery/jquery.query.js?ver=2.2.3 HTTP/2.0" 200 1721 "https://www.nixgraphix.co.za/wp-admin/" "Mozilla/5.0 (Windows NT 10.0; Win64; x64) AppleWebKit/537.36 (KHTML, like Gecko) Chrome/149.0.0.0 Safari/537.36" www.nixgraphix.co.za 10.54.160.14
74.7.241.55 - - [28/Aug/2026:08:43:30 -0500] "GET /pin/51841075914 HTTP/2.0" 301 - "https://www.nixgraphix.co.za/sitemap.xml" "Mozilla/5.0 AppleWebKit/537.36 (KHTML, like Gecko; compatible; GPTBot/1.4; +https://openai.com/gptbot)" www.nixgraphix.co.za 10.54.160.14
45.12.221.42 - - [28/Aug/2026:08:43:30 -0500] "GET /wp-includes/js/dist/blob.min.js?ver=c7582a735ddd2edc9731 HTTP/2.0" 200 654 "https://www.nixgraphix.co.za/wp-admin/" "Mozilla/5.0 (Windows NT 10.0; Win64; x64) AppleWebKit/537.36 (KHTML, like Gecko) Chrome/149.0.0.0 Safari/537.36" www.nixgraphix.co.za 10.54.160.14
45.12.221.42 - - [28/Aug/2026:08:43:30 -0500] "GET /wp-includes/js/dist/block-serialization-default-parser.min.js?ver=4c6f3dd40077f7c17604 HTTP/2.0" 200 1238 "https://www.nixgraphix.co.za/wp-admin/" "Mozilla/5.0 (Windows NT 10.0; Win64; x64) AppleWebKit/537.36 (KHTML, like Gecko) Chrome/149.0.0.0 Safari/537.36" www.nixgraphix.co.za 10.54.160.14
45.12.221.42 - - [28/Aug/2026:08:43:30 -0500] "GET /wp-includes/js/dist/preferences-persistence.min.js?ver=a34abbdacd8f50f9acb1 HTTP/2.0" 200 2343 "https://www.nixgraphix.co.za/wp-admin/" "Mozilla/5.0 (Windows NT 10.0; Win64; x64) AppleWebKit/537.36 (KHTML, like Gecko) Chrome/149.0.0.0 Safari/537.36" www.nixgraphix.co.za 10.54.160.14
45.12.221.42 - - [28/Aug/2026:08:43:30 -0500] "GET /wp-includes/js/dist/notices.min.js?ver=c09a068fdab0eb465e14 HTTP/2.0" 200 1781 "https://www.nixgraphix.co.za/wp-admin/" "Mozilla/5.0 (Windows NT 10.0; Win64; x64) AppleWebKit/537.36 (KHTML, like Gecko) Chrome/149.0.0.0 Safari/537.36" www.nixgraphix.co.za 10.54.160.14
45.12.221.42 - - [28/Aug/2026:08:43:30 -0500] "GET /wp-includes/js/dist/style-engine.min.js?ver=914befb08774033e6265 HTTP/2.0" 200 2643 "https://www.nixgraphix.co.za/wp-admin/" "Mozilla/5.0 (Windows NT 10.0; Win64; x64) AppleWebKit/537.36 (KHTML, like Gecko) Chrome/149.0.0.0 Safari/537.36" www.nixgraphix.co.za 10.54.160.14
45.12.221.42 - - [28/Aug/2026:08:43:30 -0500] "GET /wp-includes/js/dist/blocks.min.js?ver=c0e57a630a0b6f6c3bb5 HTTP/2.0" 200 54656 "https://www.nixgraphix.co.za/wp-admin/" "Mozilla/5.0 (Windows NT 10.0; Win64; x64) AppleWebKit/537.36 (KHTML, like Gecko) Chrome/149.0.0.0 Safari/537.36" www.nixgraphix.co.za 10.54.160.14
45.12.221.42 - - [28/Aug/2026:08:43:30 -0500] "GET /wp-includes/js/jquery/ui/core.min.js?ver=1.14.2 HTTP/2.0" 200 7615 "https://www.nixgraphix.co.za/wp-admin/" "Mozilla/5.0 (Windows NT 10.0; Win64; x64) AppleWebKit/537.36 (KHTML, like Gecko) Chrome/149.0.0.0 Safari/537.36" www.nixgraphix.co.za 10.54.160.14
74.7.241.55 - - [28/Aug/2026:08:43:30 -0500] "GET /2026/06/15/pinco-online-kazino-pinko-2026-t-hluk-sizlik-v-m-lumatlarin-muhafiz-si/51841075914/ HTTP/2.0" 301 - "https://www.nixgraphix.co.za/pin/51841075914" "Mozilla/5.0 AppleWebKit/537.36 (KHTML, like Gecko; compatible; GPTBot/1.4; +https://openai.com/gptbot)" www.nixgraphix.co.za 10.54.160.14
45.12.221.42 - - [28/Aug/2026:08:43:30 -0500] "GET /wp-includes/js/dist/token-list.min.js?ver=e86ab419d8302d57822c HTTP/2.0" 200 773 "https://www.nixgraphix.co.za/wp-admin/" "Mozilla/5.0 (Windows NT 10.0; Win64; x64) AppleWebKit/537.36 (KHTML, like Gecko) Chrome/149.0.0.0 Safari/537.36" www.nixgraphix.co.za 10.54.160.14
45.12.221.42 - - [28/Aug/2026:08:43:30 -0500] "GET /wp-includes/js/dist/keycodes.min.js?ver=d0b4204e4bbeb412df6e HTTP/2.0" 200 1618 "https://www.nixgraphix.co.za/wp-admin/" "Mozilla/5.0 (Windows NT 10.0; Win64; x64) AppleWebKit/537.36 (KHTML, like Gecko) Chrome/149.0.0.0 Safari/537.36" www.nixgraphix.co.za 10.54.160.14
45.12.221.42 - - [28/Aug/2026:08:43:30 -0500] "GET /wp-includes/js/dist/router.min.js?ver=dda75cd9ff9d7e0eb19f HTTP/2.0" 200 6688 "https://www.nixgraphix.co.za/wp-admin/" "Mozilla/5.0 (Windows NT 10.0; Win64; x64) AppleWebKit/537.36 (KHTML, like Gecko) Chrome/149.0.0.0 Safari/537.36" www.nixgraphix.co.za 10.54.160.14
45.12.221.42 - - [28/Aug/2026:08:43:30 -0500] "GET /wp-includes/js/dist/upload-media.min.js?ver=f7174b0617bcd68e57c3 HTTP/2.0" 200 20470 "https://www.nixgraphix.co.za/wp-admin/" "Mozilla/5.0 (Windows NT 10.0; Win64; x64) AppleWebKit/537.36 (KHTML, like Gecko) Chrome/149.0.0.0 Safari/537.36" www.nixgraphix.co.za 10.54.160.14
45.12.221.42 - - [28/Aug/2026:08:43:30 -0500] "GET /wp-includes/js/dist/core-data.min.js?ver=573f98dbff9f49ffeb0b HTTP/2.0" 200 93417 "https://www.nixgraphix.co.za/wp-admin/" "Mozilla/5.0 (Windows NT 10.0; Win64; x64) AppleWebKit/537.36 (KHTML, like Gecko) Chrome/149.0.0.0 Safari/537.36" www.nixgraphix.co.za 10.54.160.14
45.12.221.42 - - [28/Aug/2026:08:43:30 -0500] "GET /wp-content/themes/hello-elementor/assets/js/hello-conversion-banner.js?ver=e00c80cc5d203dfca5c0 HTTP/2.0" 200 57471 "https://www.nixgraphix.co.za/wp-admin/" "Mozilla/5.0 (Windows NT 10.0; Win64; x64) AppleWebKit/537.36 (KHTML, like Gecko) Chrome/149.0.0.0 Safari/537.36" www.nixgraphix.co.za 10.54.160.14
192.178.4.130 - - [28/Aug/2026:08:43:30 -0500] "GET /pin/f4187372297 HTTP/1.1" 200 40512 "-" "Mozilla/5.0 (Linux; Android 6.0.1; Nexus 5X Build/MMB29P) AppleWebKit/537.36 (KHTML, like Gecko) Chrome/151.0.7922.173 Mobile Safari/537.36 (compatible; GoogleOther)" www.nixgraphix.co.za 10.54.160.14
45.12.221.42 - - [28/Aug/2026:08:43:30 -0500] "GET /wp-includes/js/dist/warning.min.js?ver=a0978839debc564a6608 HTTP/2.0" 200 474 "https://www.nixgraphix.co.za/wp-admin/" "Mozilla/5.0 (Windows NT 10.0; Win64; x64) AppleWebKit/537.36 (KHTML, like Gecko) Chrome/149.0.0.0 Safari/537.36" www.nixgraphix.co.za 10.54.160.14
